{"id":81,"date":"2021-06-01T15:44:52","date_gmt":"2021-06-01T13:44:52","guid":{"rendered":"https:\/\/www.chu-tours.fr\/vieillissement\/?page_id=81"},"modified":"2025-12-08T09:24:19","modified_gmt":"2025-12-08T08:24:19","slug":"pole-vieillissement-medecine-aigue-geriatrique","status":"publish","type":"page","link":"https:\/\/www.chu-tours.fr\/vieillissement\/pole-vieillissement-medecine-aigue-geriatrique\/","title":{"rendered":"P\u00f4le Vieillissement &#8211; M\u00e9decine Aigu\u00eb G\u00e9riatrique (MAG)"},"content":{"rendered":"\t\t<div data-elementor-type=\"wp-page\" data-elementor-id=\"81\" class=\"elementor elementor-81\" data-elementor-post-type=\"page\">\n\t\t\t\t\t\t<section class=\"elementor-section elementor-top-section elementor-element elementor-element-ae04cea elementor-section-boxed elementor-section-height-default elementor-section-height-default\" data-id=\"ae04cea\" data-element_type=\"section\">\n\t\t\t\t\t\t<div class=\"elementor-container elementor-column-gap-default\">\n\t\t\t\t\t<div class=\"elementor-column elementor-col-100 elementor-top-column elementor-element elementor-element-7bc2da3\" data-id=\"7bc2da3\" data-element_type=\"column\">\n\t\t\t<div class=\"elementor-widget-wrap elementor-element-populated\">\n\t\t\t\t\t\t<div class=\"elementor-element elementor-element-028ddda elementor-widget elementor-widget-image\" data-id=\"028ddda\" data-element_type=\"widget\" data-widget_type=\"image.default\">\n\t\t\t\t<div class=\"elementor-widget-container\">\n\t\t\t\t\t\t\t\t\t\t\t\t\t<img decoding=\"async\" width=\"300\" height=\"132\" src=\"https:\/\/www.chu-tours.fr\/vieillissement\/wp-content\/uploads\/sites\/11\/2021\/08\/logo_mag-300x132.png\" class=\"attachment-medium size-medium wp-image-637\" alt=\"M\u00e9decine Aigu\u00eb G\u00e9riatrique (MAG)\" srcset=\"https:\/\/www.chu-tours.fr\/vieillissement\/wp-content\/uploads\/sites\/11\/2021\/08\/logo_mag-300x132.png 300w, https:\/\/www.chu-tours.fr\/vieillissement\/wp-content\/uploads\/sites\/11\/2021\/08\/logo_mag-768x339.png 768w, https:\/\/www.chu-tours.fr\/vieillissement\/wp-content\/uploads\/sites\/11\/2021\/08\/logo_mag.png 930w\" sizes=\"(max-width: 300px) 100vw, 300px\" \/>\t\t\t\t\t\t\t\t\t\t\t\t\t<\/div>\n\t\t\t\t<\/div>\n\t\t\t\t\t<\/div>\n\t\t<\/div>\n\t\t\t\t\t<\/div>\n\t\t<\/section>\n\t\t\t\t<section class=\"elementor-section elementor-top-section elementor-element elementor-element-ccb435f elementor-section-boxed elementor-section-height-default elementor-section-height-default\" data-id=\"ccb435f\" data-element_type=\"section\">\n\t\t\t\t\t\t<div class=\"elementor-container elementor-column-gap-default\">\n\t\t\t\t\t<div class=\"elementor-column elementor-col-100 elementor-top-column elementor-element elementor-element-2085889\" data-id=\"2085889\" data-element_type=\"column\">\n\t\t\t<div class=\"elementor-widget-wrap elementor-element-populated\">\n\t\t\t\t\t\t<div class=\"elementor-element elementor-element-96b2486 elementor-widget elementor-widget-text-editor\" data-id=\"96b2486\" data-element_type=\"widget\" data-widget_type=\"text-editor.default\">\n\t\t\t\t<div class=\"elementor-widget-container\">\n\t\t\t\t\t\t\t<blockquote><p>La vocation du service de M\u00e9decine Aigu\u00eb G\u00e9riatrique est d\u2019offrir\u00a0 aux patients \u00e2g\u00e9s de 75 ans au moins, qui n\u00e9cessitent une hospitalisation de courte dur\u00e9e<strong>, une \u00e9valuation\u00a0 des\u00a0 dimensions m\u00e9dicales, psychologiques, sociales et environnementales<\/strong> de mani\u00e8re \u00e0 assurer une prise en charge globale optimale, sans se limiter au \u00a0traitement de la seule \u00a0pathologie aigu\u00eb.<\/p><\/blockquote>\t\t\t\t\t\t<\/div>\n\t\t\t\t<\/div>\n\t\t\t\t<div class=\"elementor-element elementor-element-348febb elementor-widget elementor-widget-text-editor\" data-id=\"348febb\" data-element_type=\"widget\" data-widget_type=\"text-editor.default\">\n\t\t\t\t<div class=\"elementor-widget-container\">\n\t\t\t\t\t\t\t<p>Le fonctionnement repose sur une \u00e9quipe pluridisciplinaire sp\u00e9cialis\u00e9e dans la prise en charge de la personne \u00e2g\u00e9e.<\/p><p>L\u2019unit\u00e9 d\u2019hospitalisation comprend <strong>42 lits<\/strong> en chambre individuelle dont deux pourront \u00eatre converties en chambre double.<\/p>\t\t\t\t\t\t<\/div>\n\t\t\t\t<\/div>\n\t\t\t\t<div class=\"elementor-element elementor-element-cc2469f elementor-widget elementor-widget-heading\" data-id=\"cc2469f\" data-element_type=\"widget\" data-widget_type=\"heading.default\">\n\t\t\t\t<div class=\"elementor-widget-container\">\n\t\t\t<h3 class=\"elementor-heading-title elementor-size-default\">Le projet de chambre adapt\u00e9e au vieillissement est un projet men\u00e9 entre les \u00e9tablissements grand ouest du r\u00e9seau HUGO.<\/h3>\t\t<\/div>\n\t\t\t\t<\/div>\n\t\t\t\t<div class=\"elementor-element elementor-element-dcf0680 elementor-widget elementor-widget-video\" data-id=\"dcf0680\" data-element_type=\"widget\" data-settings=\"{&quot;youtube_url&quot;:&quot;https:\\\/\\\/www.youtube.com\\\/watch?v=TnLVoohofII&quot;,&quot;video_type&quot;:&quot;youtube&quot;,&quot;controls&quot;:&quot;yes&quot;}\" data-widget_type=\"video.default\">\n\t\t\t\t<div class=\"elementor-widget-container\">\n\t\t\t\t\t<div class=\"elementor-wrapper elementor-open-inline\">\n\t\t\t<div class=\"elementor-video\"><\/div>\t\t<\/div>\n\t\t\t\t<\/div>\n\t\t\t\t<\/div>\n\t\t\t\t<div class=\"elementor-element elementor-element-cf35abf elementor-widget elementor-widget-text-editor\" data-id=\"cf35abf\" data-element_type=\"widget\" data-widget_type=\"text-editor.default\">\n\t\t\t\t<div class=\"elementor-widget-container\">\n\t\t\t\t\t\t\t<h5><strong><u>Les missions d\u2019un service de court s\u00e9jour g\u00e9riatrique sont les suivantes<\/u> :<\/strong><\/h5><ul><li>R\u00e9pondre aux besoins de soins aigus pour les patients \u00e2g\u00e9s fragiles en situation pr\u00e9caire tout en favorisant les entr\u00e9es directes<\/li><li>Proc\u00e9der \u00e0 une \u00e9valuation g\u00e9riatrique globale et individualis\u00e9e, \u00e0 la fois m\u00e9dicale, psychologique et sociale<\/li><li>\u00c9tablir les diagnostics non r\u00e9alisables en ambulatoire<\/li><li>Favoriser la conciliation m\u00e9dicamenteuse (iatrog\u00e9nie) et initier les traitements \u00e0 poursuivre dans les autres structures (bin\u00f4me m\u00e9decin \u2013pharmacien)<\/li><li>Envisager avec le patient, sa famille et le m\u00e9decin traitant les conditions de vie ult\u00e9rieures et contribuer \u00e0 leur organisation gr\u00e2ce \u00e0 une prise en charge pluridisciplinaire<\/li><li>Assurer les soins de fin de vie en g\u00e9riatrie notamment\u00a0dans le cadre des deux lits d\u00e9di\u00e9s en soins palliatifs dont dispose le service.<\/li><li>Travailler en partenariat avec les autres dispositifs de la fili\u00e8re g\u00e9riatrique du CHRU et du d\u00e9partement dans le cadre du GHT.<\/li><li>Participer \u00e0 la diffusion des bonnes pratiques g\u00e9riatriques notamment par l\u2019interm\u00e9diaire des Equipes Mobiles G\u00e9riatriques Intra et Extra hospitali\u00e8res<\/li><li>Favoriser le d\u00e9ploiement de la T\u00e9l\u00e9m\u00e9decine<\/li><li>Former les internes \u00e0 la sp\u00e9cialit\u00e9 de g\u00e9riatrie (DES de g\u00e9riatrie cr\u00e9\u00e9 depuis novembre 2017) mais aussi des internes issus\u00a0 d\u2019autres sp\u00e9cialit\u00e9s en rapport avec les besoins de la maquette de leur discipline d\u2019origine (m\u00e9decine d\u2019urgence, m\u00e9decine\u00a0 interne, m\u00e9decine g\u00e9n\u00e9rale\u2026)<\/li><\/ul><h5><strong><u>Profil de patients accueillis<\/u> : <\/strong><\/h5><p>Selon les recommandations de la circulaire DHOS\/02 n\u00b02007-117 du 28 mars 2007, relative \u00e0 la fili\u00e8re de soins g\u00e9riatrique :<\/p><p>\u00ab <em><span style=\"font-size: 12pt;\">L\u2019unit\u00e9 de court s\u00e9jour g\u00e9riatrique prend en charge en hospitalisation compl\u00e8te des patients g\u00e9riatriques, g\u00e9n\u00e9ralement \u00e2g\u00e9s de soixante-quinze ans et plus, se caract\u00e9risant par la coexistence de plusieurs pathologies chroniques invalidantes \u00e0 l\u2019origine d\u2019une d\u00e9pendance physique et\/ou psychique ou d\u2019un risque de d\u00e9pendance majeure, et par l\u2019intrication fr\u00e9quente des pathologies neurod\u00e9g\u00e9n\u00e9ratives et somatiques et de probl\u00e8mes sociaux surajout\u00e9s<\/span> \u00bb. <\/em><\/p><p>Des crit\u00e8res d\u2019admission en court s\u00e9jour g\u00e9riatrique pour les patients ont \u00e9t\u00e9 d\u00e9finis (Livre Blanc de la g\u00e9riatrie Fran\u00e7aise 2011) :<\/p><ul><li>Patients \u00e2g\u00e9s de 75 ans et plus.<\/li><li>Pr\u00e9sentant une ou plusieurs maladies chroniques, des troubles cognitifs et\/ou ou une polym\u00e9dication.<\/li><li>Pr\u00e9sentant une fragilit\u00e9 d\u00e9finie par une perte de poids, un ralentissement de la marche, une diminution de la<\/li><li>force musculaire, une fatigue et une diminution de l\u2019activit\u00e9 physique.<\/li><li>Pr\u00e9sentant une pathologie aigu\u00eb n\u00e9cessitant une hospitalisation.<\/li><\/ul><h5><strong><u>Modes d\u2019admission<\/u> : <\/strong><\/h5><p>L\u2019acc\u00e8s direct au service de g\u00e9riatrie est \u00e0 privil\u00e9gier afin d\u2019\u00e9viter les passages non justifi\u00e9s par le service des urgences, source d\u2019inconfort et fr\u00e9quemment de majoration des troubles neurocognitifs.<\/p><p>La demande d\u2019hospitalisation se fera aupr\u00e8s du r\u00e9f\u00e9rent g\u00e9riatre pour validation (<span style=\"color: #ed1164;\"><strong>02 47 47 87 87<\/strong><\/span>),\u00a0 puis l\u2019hospitalisation sera programm\u00e9e en collaboration avec la cellule de gestion des lits.<\/p>\t\t\t\t\t\t<\/div>\n\t\t\t\t<\/div>\n\t\t\t\t\t<\/div>\n\t\t<\/div>\n\t\t\t\t\t<\/div>\n\t\t<\/section>\n\t\t\t\t<section class=\"elementor-section elementor-top-section elementor-element elementor-element-813f637 elementor-section-boxed elementor-section-height-default elementor-section-height-default\" data-id=\"813f637\" data-element_type=\"section\">\n\t\t\t\t\t\t<div class=\"elementor-container elementor-column-gap-default\">\n\t\t\t\t\t<div class=\"elementor-column elementor-col-100 elementor-top-column elementor-element elementor-element-7904aa3\" data-id=\"7904aa3\" data-element_type=\"column\">\n\t\t\t<div class=\"elementor-widget-wrap elementor-element-populated\">\n\t\t\t\t\t\t<section class=\"elementor-section elementor-inner-section elementor-element elementor-element-3f26b3a elementor-section-boxed elementor-section-height-default elementor-section-height-default\" data-id=\"3f26b3a\" data-element_type=\"section\">\n\t\t\t\t\t\t<div class=\"elementor-container elementor-column-gap-default\">\n\t\t\t\t\t<div class=\"elementor-column elementor-col-50 elementor-inner-column elementor-element elementor-element-2cf3345\" data-id=\"2cf3345\" data-element_type=\"column\">\n\t\t\t<div class=\"elementor-widget-wrap elementor-element-populated\">\n\t\t\t\t\t\t<div class=\"elementor-element elementor-element-b73d599 elementor-widget elementor-widget-text-editor\" data-id=\"b73d599\" data-element_type=\"widget\" data-widget_type=\"text-editor.default\">\n\t\t\t\t<div class=\"elementor-widget-container\">\n\t\t\t\t\t\t\t<p>La provenance des patients admis en court s\u00e9jour g\u00e9riatrique est prioris\u00e9e comme suit :<\/p><ul><li>Domicile<\/li><li>EHPAD (conventions d\u00e9j\u00e0 \u00e9tablies avec plusieurs \u00e9tablissements)<\/li><li>Service des urgences<\/li><li>M\u00e9decine Interne Post Urgences (MIPU)<\/li><li>Autres services (de pr\u00e9f\u00e9rence apr\u00e8s \u00e9valuation par l\u2019EMG)<\/li><\/ul>\t\t\t\t\t\t<\/div>\n\t\t\t\t<\/div>\n\t\t\t\t\t<\/div>\n\t\t<\/div>\n\t\t\t\t<div class=\"elementor-column elementor-col-50 elementor-inner-column elementor-element elementor-element-c0f57b1\" data-id=\"c0f57b1\" data-element_type=\"column\">\n\t\t\t<div class=\"elementor-widget-wrap elementor-element-populated\">\n\t\t\t\t\t\t<div class=\"elementor-element elementor-element-a49f446 elementor-widget elementor-widget-text-editor\" data-id=\"a49f446\" data-element_type=\"widget\" data-widget_type=\"text-editor.default\">\n\t\t\t\t<div class=\"elementor-widget-container\">\n\t\t\t\t\t\t\t<p>Le <strong>service de M\u00e9decine Aigu\u00eb G\u00e9riatrique<\/strong> \u00e9largi envisage de structurer la prise en charge des patients ayant des pathologies g\u00e9rontopsychiatriques, dans le cadre des maladies neurod\u00e9g\u00e9n\u00e9ratives \u00e0 expression cognitive. Des chambres adapt\u00e9es seront cr\u00e9\u00e9es au sein du service de m\u00e9decine aigue g\u00e9riatrique, pour optimiser cette prise en charge.<\/p>\t\t\t\t\t\t<\/div>\n\t\t\t\t<\/div>\n\t\t\t\t\t<\/div>\n\t\t<\/div>\n\t\t\t\t\t<\/div>\n\t\t<\/section>\n\t\t\t\t\t<\/div>\n\t\t<\/div>\n\t\t\t\t\t<\/div>\n\t\t<\/section>\n\t\t\t\t<section class=\"elementor-section elementor-top-section elementor-element elementor-element-724de8e elementor-section-boxed elementor-section-height-default elementor-section-height-default\" data-id=\"724de8e\" data-element_type=\"section\">\n\t\t\t\t\t\t<div class=\"elementor-container elementor-column-gap-default\">\n\t\t\t\t\t<div class=\"elementor-column elementor-col-100 elementor-top-column elementor-element elementor-element-72656d3\" data-id=\"72656d3\" data-element_type=\"column\">\n\t\t\t<div class=\"elementor-widget-wrap elementor-element-populated\">\n\t\t\t\t\t\t<div class=\"elementor-element elementor-element-73f18ac elementor-widget elementor-widget-text-editor\" data-id=\"73f18ac\" data-element_type=\"widget\" data-widget_type=\"text-editor.default\">\n\t\t\t\t<div class=\"elementor-widget-container\">\n\t\t\t\t\t\t\t<p><strong><u>Chef de service<\/u>\u00a0: <\/strong><\/p><ul><li>Dr Marc MENNECART<\/li><\/ul><p><strong><u>Cadres de sant\u00e9<\/u>\u00a0:<\/strong><\/p><ul><li>Mme Pascale BOIS-MAS<\/li><li>Mme Magali RICLET<\/li><\/ul><p><strong><u>\u00c9quipe M\u00e9dicale<\/u>\u00a0:<\/strong><\/p>\t\t\t\t\t\t<\/div>\n\t\t\t\t<\/div>\n\t\t\t\t<section class=\"elementor-section elementor-inner-section elementor-element elementor-element-710d389 elementor-section-boxed elementor-section-height-default elementor-section-height-default\" data-id=\"710d389\" data-element_type=\"section\">\n\t\t\t\t\t\t<div class=\"elementor-container elementor-column-gap-default\">\n\t\t\t\t\t<div class=\"elementor-column elementor-col-50 elementor-inner-column elementor-element elementor-element-f96671d\" data-id=\"f96671d\" data-element_type=\"column\">\n\t\t\t<div class=\"elementor-widget-wrap elementor-element-populated\">\n\t\t\t\t\t\t<div class=\"elementor-element elementor-element-93b8a0e elementor-widget elementor-widget-text-editor\" data-id=\"93b8a0e\" data-element_type=\"widget\" data-widget_type=\"text-editor.default\">\n\t\t\t\t<div class=\"elementor-widget-container\">\n\t\t\t\t\t\t\t<ul><li>Dr L\u00e9a LEMOINE<\/li><li>Dr Wassim GANA<\/li><\/ul>\t\t\t\t\t\t<\/div>\n\t\t\t\t<\/div>\n\t\t\t\t\t<\/div>\n\t\t<\/div>\n\t\t\t\t<div class=\"elementor-column elementor-col-50 elementor-inner-column elementor-element elementor-element-4c2eb0e\" data-id=\"4c2eb0e\" data-element_type=\"column\">\n\t\t\t<div class=\"elementor-widget-wrap elementor-element-populated\">\n\t\t\t\t\t\t<div class=\"elementor-element elementor-element-c57fce4 elementor-widget elementor-widget-text-editor\" data-id=\"c57fce4\" data-element_type=\"widget\" data-widget_type=\"text-editor.default\">\n\t\t\t\t<div class=\"elementor-widget-container\">\n\t\t\t\t\t\t\t<ul><li>Dr S\u00e9bastien COUSIN<\/li><li>Dr Jacques-Alexis NKODO (G\u00e9rontopsychiatre)<\/li><\/ul>\t\t\t\t\t\t<\/div>\n\t\t\t\t<\/div>\n\t\t\t\t\t<\/div>\n\t\t<\/div>\n\t\t\t\t\t<\/div>\n\t\t<\/section>\n\t\t\t\t<section class=\"elementor-section elementor-inner-section elementor-element elementor-element-d6fdb6d elementor-section-boxed elementor-section-height-default elementor-section-height-default\" data-id=\"d6fdb6d\" data-element_type=\"section\">\n\t\t\t\t\t\t<div class=\"elementor-container elementor-column-gap-default\">\n\t\t\t\t\t<div class=\"elementor-column elementor-col-50 elementor-inner-column elementor-element elementor-element-ccc146c\" data-id=\"ccc146c\" data-element_type=\"column\">\n\t\t\t<div class=\"elementor-widget-wrap elementor-element-populated\">\n\t\t\t\t\t\t<div class=\"elementor-element elementor-element-68d925f elementor-widget elementor-widget-text-editor\" data-id=\"68d925f\" data-element_type=\"widget\" data-widget_type=\"text-editor.default\">\n\t\t\t\t<div class=\"elementor-widget-container\">\n\t\t\t\t\t\t\t<ul><li>Dr Claire CORBILLE<\/li><li>Dr Fanny POITAU<\/li><\/ul>\t\t\t\t\t\t<\/div>\n\t\t\t\t<\/div>\n\t\t\t\t\t<\/div>\n\t\t<\/div>\n\t\t\t\t<div class=\"elementor-column elementor-col-50 elementor-inner-column elementor-element elementor-element-393a1e2\" data-id=\"393a1e2\" data-element_type=\"column\">\n\t\t\t<div class=\"elementor-widget-wrap elementor-element-populated\">\n\t\t\t\t\t\t<div class=\"elementor-element elementor-element-ca178aa elementor-widget elementor-widget-text-editor\" data-id=\"ca178aa\" data-element_type=\"widget\" data-widget_type=\"text-editor.default\">\n\t\t\t\t<div class=\"elementor-widget-container\">\n\t\t\t\t\t\t\t<ul><li>Dr Victoire LEROY<\/li><li>Dr Cl\u00e9ment BERTOSSI<\/li><\/ul>\t\t\t\t\t\t<\/div>\n\t\t\t\t<\/div>\n\t\t\t\t\t<\/div>\n\t\t<\/div>\n\t\t\t\t\t<\/div>\n\t\t<\/section>\n\t\t\t\t\t<\/div>\n\t\t<\/div>\n\t\t\t\t\t<\/div>\n\t\t<\/section>\n\t\t\t\t<section class=\"elementor-section elementor-top-section elementor-element elementor-element-5708035 elementor-section-boxed elementor-section-height-default elementor-section-height-default\" data-id=\"5708035\" data-element_type=\"section\">\n\t\t\t\t\t\t<div class=\"elementor-container elementor-column-gap-default\">\n\t\t\t\t\t<div class=\"elementor-column elementor-col-100 elementor-top-column elementor-element elementor-element-e6a2b4b\" data-id=\"e6a2b4b\" data-element_type=\"column\">\n\t\t\t<div class=\"elementor-widget-wrap elementor-element-populated\">\n\t\t\t\t\t\t<div class=\"elementor-element elementor-element-3c255ca elementor-widget elementor-widget-text-editor\" data-id=\"3c255ca\" data-element_type=\"widget\" data-widget_type=\"text-editor.default\">\n\t\t\t\t<div class=\"elementor-widget-container\">\n\t\t\t\t\t\t\t<h3 style=\"text-align: center;\"><strong><u>Secr\u00e9tariat<\/u><\/strong><\/h3>\t\t\t\t\t\t<\/div>\n\t\t\t\t<\/div>\n\t\t\t\t<section class=\"elementor-section elementor-inner-section elementor-element elementor-element-68f9f87 elementor-section-boxed elementor-section-height-default elementor-section-height-default\" data-id=\"68f9f87\" data-element_type=\"section\">\n\t\t\t\t\t\t<div class=\"elementor-container elementor-column-gap-default\">\n\t\t\t\t\t<div class=\"elementor-column elementor-col-20 elementor-inner-column elementor-element elementor-element-ccb01ad\" data-id=\"ccb01ad\" data-element_type=\"column\">\n\t\t\t<div class=\"elementor-widget-wrap elementor-element-populated\">\n\t\t\t\t\t\t<div class=\"elementor-element elementor-element-514a34f elementor-view-default elementor-widget elementor-widget-icon\" data-id=\"514a34f\" data-element_type=\"widget\" data-widget_type=\"icon.default\">\n\t\t\t\t<div class=\"elementor-widget-container\">\n\t\t\t\t\t<div class=\"elementor-icon-wrapper\">\n\t\t\t<div class=\"elementor-icon\">\n\t\t\t<i aria-hidden=\"true\" class=\"fas fa-phone\"><\/i>\t\t\t<\/div>\n\t\t<\/div>\n\t\t\t\t<\/div>\n\t\t\t\t<\/div>\n\t\t\t\t\t<\/div>\n\t\t<\/div>\n\t\t\t\t<div class=\"elementor-column elementor-col-20 elementor-inner-column elementor-element elementor-element-96272fa\" data-id=\"96272fa\" data-element_type=\"column\">\n\t\t\t<div class=\"elementor-widget-wrap elementor-element-populated\">\n\t\t\t\t\t\t<div class=\"elementor-element elementor-element-e56dbe2 elementor-widget elementor-widget-text-editor\" data-id=\"e56dbe2\" data-element_type=\"widget\" data-widget_type=\"text-editor.default\">\n\t\t\t\t<div class=\"elementor-widget-container\">\n\t\t\t\t\t\t\t<p>02.47.47.37.13<\/p>\t\t\t\t\t\t<\/div>\n\t\t\t\t<\/div>\n\t\t\t\t\t<\/div>\n\t\t<\/div>\n\t\t\t\t<div class=\"elementor-column elementor-col-20 elementor-inner-column elementor-element elementor-element-a044884\" data-id=\"a044884\" data-element_type=\"column\">\n\t\t\t<div class=\"elementor-widget-wrap\">\n\t\t\t\t\t\t\t<\/div>\n\t\t<\/div>\n\t\t\t\t<div class=\"elementor-column elementor-col-20 elementor-inner-column elementor-element elementor-element-1c6cc90\" data-id=\"1c6cc90\" data-element_type=\"column\">\n\t\t\t<div class=\"elementor-widget-wrap elementor-element-populated\">\n\t\t\t\t\t\t<div class=\"elementor-element elementor-element-33ccc68 elementor-view-default elementor-widget elementor-widget-icon\" data-id=\"33ccc68\" data-element_type=\"widget\" data-widget_type=\"icon.default\">\n\t\t\t\t<div class=\"elementor-widget-container\">\n\t\t\t\t\t<div class=\"elementor-icon-wrapper\">\n\t\t\t<div class=\"elementor-icon\">\n\t\t\t<i aria-hidden=\"true\" class=\"fas fa-phone\"><\/i>\t\t\t<\/div>\n\t\t<\/div>\n\t\t\t\t<\/div>\n\t\t\t\t<\/div>\n\t\t\t\t\t<\/div>\n\t\t<\/div>\n\t\t\t\t<div class=\"elementor-column elementor-col-20 elementor-inner-column elementor-element elementor-element-73511cd\" data-id=\"73511cd\" data-element_type=\"column\">\n\t\t\t<div class=\"elementor-widget-wrap elementor-element-populated\">\n\t\t\t\t\t\t<div class=\"elementor-element elementor-element-821f633 elementor-widget elementor-widget-text-editor\" data-id=\"821f633\" data-element_type=\"widget\" data-widget_type=\"text-editor.default\">\n\t\t\t\t<div class=\"elementor-widget-container\">\n\t\t\t\t\t\t\t<p>02.47.47.78.84<\/p>\t\t\t\t\t\t<\/div>\n\t\t\t\t<\/div>\n\t\t\t\t\t<\/div>\n\t\t<\/div>\n\t\t\t\t\t<\/div>\n\t\t<\/section>\n\t\t\t\t\t<\/div>\n\t\t<\/div>\n\t\t\t\t\t<\/div>\n\t\t<\/section>\n\t\t\t\t<\/div>\n\t\t","protected":false},"excerpt":{"rendered":"<p>La vocation du service de M\u00e9decine Aigu\u00eb G\u00e9riatrique est d\u2019offrir\u00a0 aux patients \u00e2g\u00e9s de 75 ans au moins, qui n\u00e9cessitent une hospitalisation de courte dur\u00e9e, une \u00e9valuation\u00a0 des\u00a0 dimensions m\u00e9dicales, psychologiques, sociales et environnementales de mani\u00e8re \u00e0 assurer une prise en charge globale optimale, sans se limiter au \u00a0traitement de la seule \u00a0pathologie aigu\u00eb. Le [&hellip;]<\/p>\n","protected":false},"author":4,"featured_media":0,"parent":0,"menu_order":0,"comment_status":"closed","ping_status":"closed","template":"","meta":{"_seopress_robots_primary_cat":"","_seopress_titles_title":"CHRU de Tours. P\u00f4le Vieillissement - M\u00e9decine Aigu\u00eb G\u00e9riatrique (MAG).","_seopress_titles_desc":"La vocation du service de M\u00e9decine Aigu\u00eb G\u00e9riatrique est d\u2019offrir  aux patients \u00e2g\u00e9s de 75 ans au moins, qui n\u00e9cessitent une hospitalisation de courte dur\u00e9e, au cours de laquelle les dimensions m\u00e9dicales, psychologiques,  sociales et environnementales de la personne \u00e2g\u00e9e sont prises en consid\u00e9ration, de mani\u00e8re \u00e0 assurer une prise en charge globale optimale, sans se limiter au traitement de la seule pathologie aigu\u00eb.","_seopress_robots_index":"","_exactmetrics_skip_tracking":false,"_exactmetrics_sitenote_active":false,"_exactmetrics_sitenote_note":"","_exactmetrics_sitenote_category":0,"_genesis_hide_title":false,"_genesis_hide_breadcrumbs":false,"_genesis_hide_singular_image":false,"_genesis_hide_footer_widgets":false,"_genesis_custom_body_class":"","_genesis_custom_post_class":"","_genesis_layout":"","footnotes":""},"publishpress_future_action":{"enabled":false,"date":"2026-05-08 00:55:47","action":"change-status","newStatus":"draft","terms":[],"taxonomy":""},"_links":{"self":[{"href":"https:\/\/www.chu-tours.fr\/vieillissement\/wp-json\/wp\/v2\/pages\/81"}],"collection":[{"href":"https:\/\/www.chu-tours.fr\/vieillissement\/wp-json\/wp\/v2\/pages"}],"about":[{"href":"https:\/\/www.chu-tours.fr\/vieillissement\/wp-json\/wp\/v2\/types\/page"}],"author":[{"embeddable":true,"href":"https:\/\/www.chu-tours.fr\/vieillissement\/wp-json\/wp\/v2\/users\/4"}],"replies":[{"embeddable":true,"href":"https:\/\/www.chu-tours.fr\/vieillissement\/wp-json\/wp\/v2\/comments?post=81"}],"version-history":[{"count":20,"href":"https:\/\/www.chu-tours.fr\/vieillissement\/wp-json\/wp\/v2\/pages\/81\/revisions"}],"predecessor-version":[{"id":2721,"href":"https:\/\/www.chu-tours.fr\/vieillissement\/wp-json\/wp\/v2\/pages\/81\/revisions\/2721"}],"wp:attachment":[{"href":"https:\/\/www.chu-tours.fr\/vieillissement\/wp-json\/wp\/v2\/media?parent=81"}],"curies":[{"name":"wp","href":"https:\/\/api.w.org\/{rel}","templated":true}]}}