{"id":1459,"date":"2025-12-12T10:12:10","date_gmt":"2025-12-12T09:12:10","guid":{"rendered":"https:\/\/www.chu-tours.fr\/psychiatrie-addictologie\/?page_id=1459"},"modified":"2025-12-12T10:16:18","modified_gmt":"2025-12-12T09:16:18","slug":"18-decembre-un-jeudi-de-la-sante-consacre-a-la-sante-mentale-des-adolescents","status":"publish","type":"page","link":"https:\/\/www.chu-tours.fr\/psychiatrie-addictologie\/18-decembre-un-jeudi-de-la-sante-consacre-a-la-sante-mentale-des-adolescents\/","title":{"rendered":"18 d\u00e9cembre, un Jeudi de la sant\u00e9 consacr\u00e9 \u00e0 la sant\u00e9 mentale des adolescents"},"content":{"rendered":"\t\t<div data-elementor-type=\"wp-page\" data-elementor-id=\"1459\" class=\"elementor elementor-1459\" data-elementor-post-type=\"page\">\n\t\t\t\t\t\t<section class=\"elementor-section elementor-top-section elementor-element elementor-element-c3bdf48 elementor-section-boxed elementor-section-height-default elementor-section-height-default\" data-id=\"c3bdf48\" data-element_type=\"section\">\n\t\t\t\t\t\t<div class=\"elementor-container elementor-column-gap-default\">\n\t\t\t\t\t<div class=\"elementor-column elementor-col-100 elementor-top-column elementor-element elementor-element-ac38769\" data-id=\"ac38769\" data-element_type=\"column\">\n\t\t\t<div class=\"elementor-widget-wrap elementor-element-populated\">\n\t\t\t\t\t\t<section class=\"elementor-section elementor-inner-section elementor-element elementor-element-58a439e elementor-section-boxed elementor-section-height-default elementor-section-height-default\" data-id=\"58a439e\" data-element_type=\"section\">\n\t\t\t\t\t\t<div class=\"elementor-container elementor-column-gap-default\">\n\t\t\t\t\t<div class=\"elementor-column elementor-col-100 elementor-inner-column elementor-element elementor-element-704bed9\" data-id=\"704bed9\" data-element_type=\"column\">\n\t\t\t<div class=\"elementor-widget-wrap elementor-element-populated\">\n\t\t\t\t\t\t<div class=\"elementor-element elementor-element-8f372a8 elementor-widget elementor-widget-text-editor\" data-id=\"8f372a8\" data-element_type=\"widget\" data-widget_type=\"text-editor.default\">\n\t\t\t\t<div class=\"elementor-widget-container\">\n\t\t\t\t\t\t\t<blockquote><p style=\"text-align: center;\">Ce jeudi de la sant\u00e9 est labellis\u00e9<br \/>Grande cause nationale 2025<br \/>\u00ab <strong>Parlons sant\u00e9 mentale !<\/strong> \u00bb<\/p><\/blockquote>\t\t\t\t\t\t<\/div>\n\t\t\t\t<\/div>\n\t\t\t\t\t<\/div>\n\t\t<\/div>\n\t\t\t\t\t<\/div>\n\t\t<\/section>\n\t\t\t\t\t<\/div>\n\t\t<\/div>\n\t\t\t\t\t<\/div>\n\t\t<\/section>\n\t\t\t\t<section class=\"elementor-section elementor-top-section elementor-element elementor-element-ea7a188 elementor-section-boxed elementor-section-height-default elementor-section-height-default\" data-id=\"ea7a188\" data-element_type=\"section\">\n\t\t\t\t\t\t<div class=\"elementor-container elementor-column-gap-default\">\n\t\t\t\t\t<div class=\"elementor-column elementor-col-100 elementor-top-column elementor-element elementor-element-8d3a288\" data-id=\"8d3a288\" data-element_type=\"column\">\n\t\t\t<div class=\"elementor-widget-wrap elementor-element-populated\">\n\t\t\t\t\t\t<div class=\"elementor-element elementor-element-c4ae6ee elementor-widget elementor-widget-text-editor\" data-id=\"c4ae6ee\" data-element_type=\"widget\" data-widget_type=\"text-editor.default\">\n\t\t\t\t<div class=\"elementor-widget-container\">\n\t\t\t\t\t\t\t<p>L\u2019adolescence est une p\u00e9riode de transition marqu\u00e9e par d\u2019importants bouleversements physiques, psychiques et sociaux. Elle s\u2019\u00e9tend g\u00e9n\u00e9ralement de 11 \u00e0 19 ans et correspond \u00e0 un processus de construction identitaire, d\u2019autonomisation progressive et de r\u00e9ajustement des relations avec l\u2019entourage.<\/p><p>Ces changements peuvent s\u2019accompagner de comportements parfois d\u00e9routants, mais qui rel\u00e8vent le plus souvent d\u2019un d\u00e9veloppement normal. Toutefois, il est essentiel de savoir distinguer ce qui rel\u00e8ve de la norme \u00e9volutive et ce qui peut signaler une souffrance ou un trouble \u00e9mergent. <\/p><p>Cette table ronde proposera d\u2019aborder les caract\u00e9ristiques principales de l\u2019adolescence dite \u00ab normale \u00bb, puis de sensibiliser au rep\u00e9rage des signes de vuln\u00e9rabilit\u00e9 et enfin de pr\u00e9senter les dispositifs de soins et d\u2019accompagnement existants sur le territoire, ainsi que les modalit\u00e9s d\u2019orientation vers les structures partenaires.<\/p><p><strong>Table ronde anim\u00e9e par :<\/strong><\/p><ul><li><strong>Dr Xavier Angibault, p\u00e9dopsychiatre au Centre Oreste, <\/strong><\/li><li><strong>Dr Aline Marchal, p\u00e9dopsychiatre partag\u00e9e entre le CHRU de Tours (H\u00f4pital de jour Adolescents) et le CH du Chinonais (Centre Oreste), <\/strong><\/li><li><strong>Justine Cousin, p\u00e9dopsychiatre au Centre Oreste<\/strong><\/li><\/ul>\t\t\t\t\t\t<\/div>\n\t\t\t\t<\/div>\n\t\t\t\t\t<\/div>\n\t\t<\/div>\n\t\t\t\t\t<\/div>\n\t\t<\/section>\n\t\t\t\t<section class=\"elementor-section elementor-top-section elementor-element elementor-element-2478e4b elementor-section-boxed elementor-section-height-default elementor-section-height-default\" data-id=\"2478e4b\" data-element_type=\"section\">\n\t\t\t\t\t\t<div class=\"elementor-container elementor-column-gap-default\">\n\t\t\t\t\t<div class=\"elementor-column elementor-col-100 elementor-top-column elementor-element elementor-element-9751f01\" data-id=\"9751f01\" data-element_type=\"column\">\n\t\t\t<div class=\"elementor-widget-wrap elementor-element-populated\">\n\t\t\t\t\t\t<div class=\"elementor-element elementor-element-db7501f elementor-widget elementor-widget-image\" data-id=\"db7501f\" data-element_type=\"widget\" data-widget_type=\"image.default\">\n\t\t\t\t<div class=\"elementor-widget-container\">\n\t\t\t\t\t\t\t\t\t\t\t\t\t<img fetchpriority=\"high\" decoding=\"async\" width=\"1080\" height=\"1080\" src=\"https:\/\/www.chu-tours.fr\/psychiatrie-addictologie\/wp-content\/uploads\/sites\/9\/2025\/12\/Visuel-jeudis-sante-Decembre.jpg\" class=\"attachment-full size-full wp-image-1458\" alt=\"les jeudis de la sant\u00e9\" srcset=\"https:\/\/www.chu-tours.fr\/psychiatrie-addictologie\/wp-content\/uploads\/sites\/9\/2025\/12\/Visuel-jeudis-sante-Decembre.jpg 1080w, https:\/\/www.chu-tours.fr\/psychiatrie-addictologie\/wp-content\/uploads\/sites\/9\/2025\/12\/Visuel-jeudis-sante-Decembre-300x300.jpg 300w, https:\/\/www.chu-tours.fr\/psychiatrie-addictologie\/wp-content\/uploads\/sites\/9\/2025\/12\/Visuel-jeudis-sante-Decembre-1024x1024.jpg 1024w, https:\/\/www.chu-tours.fr\/psychiatrie-addictologie\/wp-content\/uploads\/sites\/9\/2025\/12\/Visuel-jeudis-sante-Decembre-150x150.jpg 150w, https:\/\/www.chu-tours.fr\/psychiatrie-addictologie\/wp-content\/uploads\/sites\/9\/2025\/12\/Visuel-jeudis-sante-Decembre-768x768.jpg 768w, https:\/\/www.chu-tours.fr\/psychiatrie-addictologie\/wp-content\/uploads\/sites\/9\/2025\/12\/Visuel-jeudis-sante-Decembre-40x40.jpg 40w\" sizes=\"(max-width: 1080px) 100vw, 1080px\" \/>\t\t\t\t\t\t\t\t\t\t\t\t\t<\/div>\n\t\t\t\t<\/div>\n\t\t\t\t\t<\/div>\n\t\t<\/div>\n\t\t\t\t\t<\/div>\n\t\t<\/section>\n\t\t\t\t<\/div>\n\t\t","protected":false},"excerpt":{"rendered":"<p>Ce jeudi de la sant\u00e9 est labellis\u00e9Grande cause nationale 2025\u00ab Parlons sant\u00e9 mentale ! \u00bb L\u2019adolescence est une p\u00e9riode de transition marqu\u00e9e par d\u2019importants bouleversements physiques, psychiques et sociaux. Elle s\u2019\u00e9tend g\u00e9n\u00e9ralement de 11 \u00e0 19 ans et correspond \u00e0 un processus de construction identitaire, d\u2019autonomisation progressive et de r\u00e9ajustement des relations avec l\u2019entourage. Ces [&hellip;]<\/p>\n","protected":false},"author":4,"featured_media":1456,"parent":0,"menu_order":0,"comment_status":"closed","ping_status":"closed","template":"","meta":{"_seopress_robots_primary_cat":"","_seopress_titles_title":"","_seopress_titles_desc":"","_seopress_robots_index":"","_exactmetrics_skip_tracking":false,"_exactmetrics_sitenote_active":false,"_exactmetrics_sitenote_note":"","_exactmetrics_sitenote_category":0,"_genesis_hide_title":false,"_genesis_hide_breadcrumbs":false,"_genesis_hide_singular_image":false,"_genesis_hide_footer_widgets":false,"_genesis_custom_body_class":"","_genesis_custom_post_class":"","_genesis_layout":"","footnotes":""},"publishpress_future_action":{"enabled":false,"date":"2026-05-07 16:29:24","action":"change-status","newStatus":"draft","terms":[],"taxonomy":""},"_links":{"self":[{"href":"https:\/\/www.chu-tours.fr\/psychiatrie-addictologie\/wp-json\/wp\/v2\/pages\/1459"}],"collection":[{"href":"https:\/\/www.chu-tours.fr\/psychiatrie-addictologie\/wp-json\/wp\/v2\/pages"}],"about":[{"href":"https:\/\/www.chu-tours.fr\/psychiatrie-addictologie\/wp-json\/wp\/v2\/types\/page"}],"author":[{"embeddable":true,"href":"https:\/\/www.chu-tours.fr\/psychiatrie-addictologie\/wp-json\/wp\/v2\/users\/4"}],"replies":[{"embeddable":true,"href":"https:\/\/www.chu-tours.fr\/psychiatrie-addictologie\/wp-json\/wp\/v2\/comments?post=1459"}],"version-history":[{"count":4,"href":"https:\/\/www.chu-tours.fr\/psychiatrie-addictologie\/wp-json\/wp\/v2\/pages\/1459\/revisions"}],"predecessor-version":[{"id":1465,"href":"https:\/\/www.chu-tours.fr\/psychiatrie-addictologie\/wp-json\/wp\/v2\/pages\/1459\/revisions\/1465"}],"wp:featuredmedia":[{"embeddable":true,"href":"https:\/\/www.chu-tours.fr\/psychiatrie-addictologie\/wp-json\/wp\/v2\/media\/1456"}],"wp:attachment":[{"href":"https:\/\/www.chu-tours.fr\/psychiatrie-addictologie\/wp-json\/wp\/v2\/media?parent=1459"}],"curies":[{"name":"wp","href":"https:\/\/api.w.org\/{rel}","templated":true}]}}

18 décembre, un Jeudi de la santé consacré à la santé mentale des adolescents

<div data-elementor-type="wp-page" data-elementor-id="1459" class="elementor elementor-1459" data-elementor-post-type="page">
						<section class="elementor-section elementor-top-section elementor-element elementor-element-c3bdf48 elementor-section-boxed elementor-section-height-default elementor-section-height-default" data-id="c3bdf48" data-element_type="section">
						<div class="elementor-container elementor-column-gap-default">
					<div class="elementor-column elementor-col-100 elementor-top-column elementor-element elementor-element-ac38769" data-id="ac38769" data-element_type="column">
			<div class="elementor-widget-wrap elementor-element-populated">
						<section class="elementor-section elementor-inner-section elementor-element elementor-element-58a439e elementor-section-boxed elementor-section-height-default elementor-section-height-default" data-id="58a439e" data-element_type="section">
						<div class="elementor-container elementor-column-gap-default">
					<div class="elementor-column elementor-col-100 elementor-inner-column elementor-element elementor-element-704bed9" data-id="704bed9" data-element_type="column">
			<div class="elementor-widget-wrap elementor-element-populated">
						<div class="elementor-element elementor-element-8f372a8 elementor-widget elementor-widget-text-editor" data-id="8f372a8" data-element_type="widget" data-widget_type="text-editor.default">
				<div class="elementor-widget-container">
							<blockquote><p style="text-align: center;">Ce jeudi de la santé est labellisé<br />Grande cause nationale 2025<br />« <strong>Parlons santé mentale !</strong> »</p></blockquote>						</div>
				</div>
					</div>
		</div>
					</div>
		</section>
					</div>
		</div>
					</div>
		</section>
				<section class="elementor-section elementor-top-section elementor-element elementor-element-ea7a188 elementor-section-boxed elementor-section-height-default elementor-section-height-default" data-id="ea7a188" data-element_type="section">
						<div class="elementor-container elementor-column-gap-default">
					<div class="elementor-column elementor-col-100 elementor-top-column elementor-element elementor-element-8d3a288" data-id="8d3a288" data-element_type="column">
			<div class="elementor-widget-wrap elementor-element-populated">
						<div class="elementor-element elementor-element-c4ae6ee elementor-widget elementor-widget-text-editor" data-id="c4ae6ee" data-element_type="widget" data-widget_type="text-editor.default">
				<div class="elementor-widget-container">
							<p>L’adolescence est une période de transition marquée par d’importants bouleversements physiques, psychiques et sociaux. Elle s’étend généralement de 11 à 19 ans et correspond à un processus de construction identitaire, d’autonomisation progressive et de réajustement des relations avec l’entourage.</p><p>Ces changements peuvent s’accompagner de comportements parfois déroutants, mais qui relèvent le plus souvent d’un développement normal. Toutefois, il est essentiel de savoir distinguer ce qui relève de la norme évolutive et ce qui peut signaler une souffrance ou un trouble émergent. </p><p>Cette table ronde proposera d’aborder les caractéristiques principales de l’adolescence dite « normale », puis de sensibiliser au repérage des signes de vulnérabilité et enfin de présenter les dispositifs de soins et d’accompagnement existants sur le territoire, ainsi que les modalités d’orientation vers les structures partenaires.</p><p><strong>Table ronde animée par :</strong></p><ul><li><strong>Dr Xavier Angibault, pédopsychiatre au Centre Oreste, </strong></li><li><strong>Dr Aline Marchal, pédopsychiatre partagée entre le CHRU de Tours (Hôpital de jour Adolescents) et le CH du Chinonais (Centre Oreste), </strong></li><li><strong>Justine Cousin, pédopsychiatre au Centre Oreste</strong></li></ul>						</div>
				</div>
					</div>
		</div>
					</div>
		</section>
				<section class="elementor-section elementor-top-section elementor-element elementor-element-2478e4b elementor-section-boxed elementor-section-height-default elementor-section-height-default" data-id="2478e4b" data-element_type="section">
						<div class="elementor-container elementor-column-gap-default">
					<div class="elementor-column elementor-col-100 elementor-top-column elementor-element elementor-element-9751f01" data-id="9751f01" data-element_type="column">
			<div class="elementor-widget-wrap elementor-element-populated">
						<div class="elementor-element elementor-element-db7501f elementor-widget elementor-widget-image" data-id="db7501f" data-element_type="widget" data-widget_type="image.default">
				<div class="elementor-widget-container">
													<img fetchpriority="high" decoding="async" width="1080" height="1080" src="https://www.chu-tours.fr/psychiatrie-addictologie/wp-content/uploads/sites/9/2025/12/Visuel-jeudis-sante-Decembre.jpg" class="attachment-full size-full wp-image-1458" alt="les jeudis de la santé" srcset="https://www.chu-tours.fr/psychiatrie-addictologie/wp-content/uploads/sites/9/2025/12/Visuel-jeudis-sante-Decembre.jpg 1080w, https://www.chu-tours.fr/psychiatrie-addictologie/wp-content/uploads/sites/9/2025/12/Visuel-jeudis-sante-Decembre-300x300.jpg 300w, https://www.chu-tours.fr/psychiatrie-addictologie/wp-content/uploads/sites/9/2025/12/Visuel-jeudis-sante-Decembre-1024x1024.jpg 1024w, https://www.chu-tours.fr/psychiatrie-addictologie/wp-content/uploads/sites/9/2025/12/Visuel-jeudis-sante-Decembre-150x150.jpg 150w, https://www.chu-tours.fr/psychiatrie-addictologie/wp-content/uploads/sites/9/2025/12/Visuel-jeudis-sante-Decembre-768x768.jpg 768w, https://www.chu-tours.fr/psychiatrie-addictologie/wp-content/uploads/sites/9/2025/12/Visuel-jeudis-sante-Decembre-40x40.jpg 40w" sizes="(max-width: 1080px) 100vw, 1080px" />													</div>
				</div>
					</div>
		</div>
					</div>
		</section>
				</div>

<p>Ce jeudi de la santé est labelliséGrande cause nationale 2025« Parlons santé mentale ! » L’adolescence est une période de transition marquée par d’importants bouleversements physiques, psychiques et sociaux. Elle s’étend généralement de 11 à 19 ans et correspond à un processus de construction identitaire, d’autonomisation progressive et de réajustement des relations avec l’entourage. Ces [&hellip;]</p>
