{"id":1389,"date":"2025-09-03T15:01:32","date_gmt":"2025-09-03T13:01:32","guid":{"rendered":"https:\/\/www.chu-tours.fr\/psychiatrie-addictologie\/?page_id=1389"},"modified":"2025-09-03T15:01:32","modified_gmt":"2025-09-03T13:01:32","slug":"prevention-du-suicide-3eme-annee-consecutive-pour-le-village-associatif-a-lheure-tranquille","status":"publish","type":"page","link":"https:\/\/www.chu-tours.fr\/psychiatrie-addictologie\/prevention-du-suicide-3eme-annee-consecutive-pour-le-village-associatif-a-lheure-tranquille\/","title":{"rendered":"Pr\u00e9vention du suicide : 3\u00e8me ann\u00e9e cons\u00e9cutive pour le village associatif \u00e0 l\u2019Heure Tranquille"},"content":{"rendered":"<p style=\"text-align: justify;\">Le samedi 13 septembre, de 14h \u00e0 20h, un village associatif prendra place au centre commercial L\u2019Heure Tranquille \u00e0 Tours \u00e0 l\u2019occasion de la Journ\u00e9e Internationale de Pr\u00e9vention du Suicide. Coordonn\u00e9 par le r\u00e9seau VIES 37 et ses partenaires, cet \u00e9v\u00e9nement ouvert \u00e0 toutes et tous proposera des stands d\u2019information et d\u2019animations, une sc\u00e8ne musicale et des espaces de rencontre avec des associations, des institutions et des professionnels engag\u00e9s dans la pr\u00e9vention.<\/p>\n<p style=\"text-align: justify;\">Cette journ\u00e9e s\u2019inscrit dans le cadre de Septembre jaune, mois mondial de sensibilisation \u00e0 la pr\u00e9vention du suicide. Depuis vingt ans, les actions coordonn\u00e9es sur le terrain ont permis une diminution de 30 % de la mortalit\u00e9 par suicide en France. Mais les chiffres r\u00e9cents rappellent la n\u00e9cessit\u00e9 de poursuivre la mobilisation : les hommes \u00e2g\u00e9s restent la population la plus expos\u00e9e, tandis que les gestes suicidaires chez les jeunes femmes ont augment\u00e9 de 40 % entre 2020 et 2022 (source : Observatoire national du suicide, 2025).<\/p>\n<p style=\"text-align: justify;\">En parall\u00e8le, un challenge connect\u00e9 et collaboratif est propos\u00e9 tout au long du mois de septembre : parcourir collectivement 3 114 kilom\u00e8tres, en r\u00e9f\u00e9rence au num\u00e9ro national de pr\u00e9vention du suicide. Pour y participer, il suffit de t\u00e9l\u00e9charger gratuitement l\u2019application TEAMUPP, d\u2019entrer le code &#8220;Challenge3114&#8221; pour cr\u00e9er son \u00e9quipe, et de connecter l\u2019application \u00e0 son suivi d\u2019activit\u00e9 (Sant\u00e9 ou Google Fit). Chaque kilom\u00e8tre parcouru contribuera \u00e0 porter un message fort de solidarit\u00e9 et de pr\u00e9vention.<\/p>\n<p style=\"text-align: justify;\">Rendez-vous le samedi 13 septembre au centre commercial L\u2019Heure Tranquille \u00e0 Tours pour un temps d\u2019\u00e9change et de sensibilisation essentiel, afin de rappeler qu\u2019en parler est d\u00e9j\u00e0 un premier pas vers la pr\u00e9vention.<\/p>\n<p style=\"text-align: center;\"><a href=\"https:\/\/www.chu-tours.fr\/psychiatrie-addictologie\/wp-content\/uploads\/sites\/9\/2025\/09\/affiche-JPS-Tours.jpg\" target=\"_blank\" rel=\"noopener\"><img fetchpriority=\"high\" decoding=\"async\" class=\"aligncenter wp-image-1376 size-medium\" src=\"https:\/\/www.chu-tours.fr\/psychiatrie-addictologie\/wp-content\/uploads\/sites\/9\/2025\/09\/affiche-JPS-Tours-212x300.jpg\" alt=\"Pr\u00e9vention du suicide : 3\u00e8me ann\u00e9e cons\u00e9cutive pour le village associatif \u00e0 l\u2019Heure Tranquille\" width=\"212\" height=\"300\" srcset=\"https:\/\/www.chu-tours.fr\/psychiatrie-addictologie\/wp-content\/uploads\/sites\/9\/2025\/09\/affiche-JPS-Tours-212x300.jpg 212w, https:\/\/www.chu-tours.fr\/psychiatrie-addictologie\/wp-content\/uploads\/sites\/9\/2025\/09\/affiche-JPS-Tours.jpg 609w\" sizes=\"(max-width: 212px) 100vw, 212px\" \/><\/a><\/p>\n","protected":false},"excerpt":{"rendered":"<p>Le samedi 13 septembre, de 14h \u00e0 20h, un village associatif prendra place au centre commercial L\u2019Heure Tranquille \u00e0 Tours \u00e0 l\u2019occasion de la Journ\u00e9e Internationale de Pr\u00e9vention du Suicide. Coordonn\u00e9 par le r\u00e9seau VIES 37 et ses partenaires, cet \u00e9v\u00e9nement ouvert \u00e0 toutes et tous proposera des stands d\u2019information et d\u2019animations, une sc\u00e8ne musicale [&hellip;]<\/p>\n","protected":false},"author":4,"featured_media":1377,"parent":0,"menu_order":0,"comment_status":"closed","ping_status":"closed","template":"","meta":{"_seopress_robots_primary_cat":"","_seopress_titles_title":"","_seopress_titles_desc":"","_seopress_robots_index":"","_exactmetrics_skip_tracking":false,"_exactmetrics_sitenote_active":false,"_exactmetrics_sitenote_note":"","_exactmetrics_sitenote_category":0,"_genesis_hide_title":false,"_genesis_hide_breadcrumbs":false,"_genesis_hide_singular_image":false,"_genesis_hide_footer_widgets":false,"_genesis_custom_body_class":"","_genesis_custom_post_class":"","_genesis_layout":"","footnotes":""},"publishpress_future_action":{"enabled":false,"date":"2026-05-07 17:25:43","action":"change-status","newStatus":"draft","terms":[],"taxonomy":""},"_links":{"self":[{"href":"https:\/\/www.chu-tours.fr\/psychiatrie-addictologie\/wp-json\/wp\/v2\/pages\/1389"}],"collection":[{"href":"https:\/\/www.chu-tours.fr\/psychiatrie-addictologie\/wp-json\/wp\/v2\/pages"}],"about":[{"href":"https:\/\/www.chu-tours.fr\/psychiatrie-addictologie\/wp-json\/wp\/v2\/types\/page"}],"author":[{"embeddable":true,"href":"https:\/\/www.chu-tours.fr\/psychiatrie-addictologie\/wp-json\/wp\/v2\/users\/4"}],"replies":[{"embeddable":true,"href":"https:\/\/www.chu-tours.fr\/psychiatrie-addictologie\/wp-json\/wp\/v2\/comments?post=1389"}],"version-history":[{"count":2,"href":"https:\/\/www.chu-tours.fr\/psychiatrie-addictologie\/wp-json\/wp\/v2\/pages\/1389\/revisions"}],"predecessor-version":[{"id":1393,"href":"https:\/\/www.chu-tours.fr\/psychiatrie-addictologie\/wp-json\/wp\/v2\/pages\/1389\/revisions\/1393"}],"wp:featuredmedia":[{"embeddable":true,"href":"https:\/\/www.chu-tours.fr\/psychiatrie-addictologie\/wp-json\/wp\/v2\/media\/1377"}],"wp:attachment":[{"href":"https:\/\/www.chu-tours.fr\/psychiatrie-addictologie\/wp-json\/wp\/v2\/media?parent=1389"}],"curies":[{"name":"wp","href":"https:\/\/api.w.org\/{rel}","templated":true}]}}

Prévention du suicide : 3ème année consécutive pour le village associatif à l’Heure Tranquille

<p style="text-align: justify;">Le samedi 13 septembre, de 14h à 20h, un village associatif prendra place au centre commercial L’Heure Tranquille à Tours à l’occasion de la Journée Internationale de Prévention du Suicide. Coordonné par le réseau VIES 37 et ses partenaires, cet événement ouvert à toutes et tous proposera des stands d’information et d’animations, une scène musicale et des espaces de rencontre avec des associations, des institutions et des professionnels engagés dans la prévention.</p>
<p style="text-align: justify;">Cette journée s’inscrit dans le cadre de Septembre jaune, mois mondial de sensibilisation à la prévention du suicide. Depuis vingt ans, les actions coordonnées sur le terrain ont permis une diminution de 30 % de la mortalité par suicide en France. Mais les chiffres récents rappellent la nécessité de poursuivre la mobilisation : les hommes âgés restent la population la plus exposée, tandis que les gestes suicidaires chez les jeunes femmes ont augmenté de 40 % entre 2020 et 2022 (source : Observatoire national du suicide, 2025).</p>
<p style="text-align: justify;">En parallèle, un challenge connecté et collaboratif est proposé tout au long du mois de septembre : parcourir collectivement 3 114 kilomètres, en référence au numéro national de prévention du suicide. Pour y participer, il suffit de télécharger gratuitement l’application TEAMUPP, d’entrer le code &#8220;Challenge3114&#8221; pour créer son équipe, et de connecter l’application à son suivi d’activité (Santé ou Google Fit). Chaque kilomètre parcouru contribuera à porter un message fort de solidarité et de prévention.</p>
<p style="text-align: justify;">Rendez-vous le samedi 13 septembre au centre commercial L’Heure Tranquille à Tours pour un temps d’échange et de sensibilisation essentiel, afin de rappeler qu’en parler est déjà un premier pas vers la prévention.</p>
<p style="text-align: center;"><a href="https://www.chu-tours.fr/psychiatrie-addictologie/wp-content/uploads/sites/9/2025/09/affiche-JPS-Tours.jpg" target="_blank" rel="noopener"><img fetchpriority="high" decoding="async" class="aligncenter wp-image-1376 size-medium" src="https://www.chu-tours.fr/psychiatrie-addictologie/wp-content/uploads/sites/9/2025/09/affiche-JPS-Tours-212x300.jpg" alt="Prévention du suicide : 3ème année consécutive pour le village associatif à l’Heure Tranquille" width="212" height="300" srcset="https://www.chu-tours.fr/psychiatrie-addictologie/wp-content/uploads/sites/9/2025/09/affiche-JPS-Tours-212x300.jpg 212w, https://www.chu-tours.fr/psychiatrie-addictologie/wp-content/uploads/sites/9/2025/09/affiche-JPS-Tours.jpg 609w" sizes="(max-width: 212px) 100vw, 212px" /></a></p>

<p>Le samedi 13 septembre, de 14h à 20h, un village associatif prendra place au centre commercial L’Heure Tranquille à Tours à l’occasion de la Journée Internationale de Prévention du Suicide. Coordonné par le réseau VIES 37 et ses partenaires, cet événement ouvert à toutes et tous proposera des stands d’information et d’animations, une scène musicale [&hellip;]</p>
