{"id":1378,"date":"2025-09-03T14:43:53","date_gmt":"2025-09-03T12:43:53","guid":{"rendered":"https:\/\/www.chu-tours.fr\/psychiatrie-addictologie\/?page_id=1378"},"modified":"2025-09-03T16:27:00","modified_gmt":"2025-09-03T14:27:00","slug":"au-centre-ressource-autisme-du-chru-les-enfants-beneficient-dun-fauteuil-a-etreindre","status":"publish","type":"page","link":"https:\/\/www.chu-tours.fr\/psychiatrie-addictologie\/au-centre-ressource-autisme-du-chru-les-enfants-beneficient-dun-fauteuil-a-etreindre\/","title":{"rendered":"Au Centre Ressource Autisme du CHRU,  les enfants b\u00e9n\u00e9ficient d\u2019un fauteuil \u00e0 \u00e9treindre"},"content":{"rendered":"\t\t<div data-elementor-type=\"wp-page\" data-elementor-id=\"1378\" class=\"elementor elementor-1378\" data-elementor-post-type=\"page\">\n\t\t\t\t\t\t<section class=\"elementor-section elementor-top-section elementor-element elementor-element-c1658c9 elementor-section-boxed elementor-section-height-default elementor-section-height-default\" data-id=\"c1658c9\" data-element_type=\"section\">\n\t\t\t\t\t\t<div class=\"elementor-container elementor-column-gap-default\">\n\t\t\t\t\t<div class=\"elementor-column elementor-col-100 elementor-top-column elementor-element elementor-element-edbb458\" data-id=\"edbb458\" data-element_type=\"column\">\n\t\t\t<div class=\"elementor-widget-wrap elementor-element-populated\">\n\t\t\t\t\t\t<div class=\"elementor-element elementor-element-a557d1a elementor-widget elementor-widget-heading\" data-id=\"a557d1a\" data-element_type=\"widget\" data-widget_type=\"heading.default\">\n\t\t\t\t<div class=\"elementor-widget-container\">\n\t\t\t<h2 class=\"elementor-heading-title elementor-size-default\">Dans le service Autisme et TND du CHRU,  les enfants b\u00e9n\u00e9ficient d\u2019un fauteuil \u00e0 \u00e9treindre\n<\/h2>\t\t<\/div>\n\t\t\t\t<\/div>\n\t\t\t\t<section class=\"elementor-section elementor-inner-section elementor-element elementor-element-02a515a elementor-section-boxed elementor-section-height-default elementor-section-height-default\" data-id=\"02a515a\" data-element_type=\"section\">\n\t\t\t\t\t\t<div class=\"elementor-container elementor-column-gap-default\">\n\t\t\t\t\t<div class=\"elementor-column elementor-col-50 elementor-inner-column elementor-element elementor-element-646442b\" data-id=\"646442b\" data-element_type=\"column\">\n\t\t\t<div class=\"elementor-widget-wrap elementor-element-populated\">\n\t\t\t\t\t\t<div class=\"elementor-element elementor-element-fc00e77 elementor-widget elementor-widget-text-editor\" data-id=\"fc00e77\" data-element_type=\"widget\" data-widget_type=\"text-editor.default\">\n\t\t\t\t<div class=\"elementor-widget-container\">\n\t\t\t\t\t\t\t<p style=\"text-align: justify;\">Depuis 4 ans, les professionnels du Centre Ressource Autisme (CRA) du CHRU utilisent un nouveau dispositif innovant qui permet une meilleure gestion des comportements et des \u00e9motions des jeunes patients. Con\u00e7u par Alexia Audrain pour son m\u00e9moire de fin d\u2019\u00e9tudes de l\u2019\u00c9cole Sup\u00e9rieure de Design de Nantes en 2019 avec l\u2019IME de Blain Adapei 44, le fauteuil OTO a depuis \u00e9t\u00e9 test\u00e9 et am\u00e9lior\u00e9 gr\u00e2ce aux \u00e9quipes du DUPEA de Tours. Prochaine \u00e9tape, le d\u00e9marrage, fin 2025 au D\u00e9partement Universitaire de Psychiatrie de l\u2019Enfant et de l\u2019Adolescent (DUPEA), d\u2019une \u00e9tude validant l\u2019efficacit\u00e9 du dispositif.<\/p><p style=\"text-align: justify;\">Les phases de test ont \u00e9t\u00e9 nombreuses depuis l\u2019\u00e9poque o\u00f9, avant le COVID, Alexia Audrain, tout juste dipl\u00f4m\u00e9e de l\u2019\u00c9cole Sup\u00e9rieure de Design de Nantes a pris contact avec l\u2019\u00e9quipe du CRA de Tours. A l\u2019\u00e9poque, elle ne disposait que d\u2019un prototype r\u00e9alis\u00e9 pour son m\u00e9moire et dont elle avait eu l\u2019id\u00e9e en discutant avec une amie \u00e9ducatrice sp\u00e9cialis\u00e9e en IME. Depuis, avec les \u00e9quipes tourangelles, toutes les \u00e9tapes ont \u00e9t\u00e9 franchies avec succ\u00e8s pour aboutir \u00e0 un fauteuil op\u00e9rationnel et d\u00e9sormais commercialis\u00e9. Plus d\u2019une centaine d\u2019exemplaires ont d\u2019ores et d\u00e9j\u00e0 \u00e9t\u00e9 vendus.<\/p><h3 style=\"text-align: justify;\">Du prototype \u00e0 une utilisation quotidienne<\/h3><p style=\"text-align: justify;\">L\u2019\u00e9quipe des psychomotriciennes de l\u2019h\u00f4pital de jour de p\u00e9dopsychiatrie de Bretonneau ont pu utiliser le prototype aupr\u00e8s de 26 patients afin de d\u00e9velopper un design centr\u00e9 utilisateur. Cela a permis d\u2019affiner les besoins et de pr\u00e9ciser les diff\u00e9rentes caract\u00e9ristiques telles que l\u2019acoustique, l\u2019interface avec le panneau de contr\u00f4le et l\u2019intensit\u00e9 de la pression. Par exemple, une attention particuli\u00e8re a d\u2019ailleurs \u00e9t\u00e9 port\u00e9e sur les informations not\u00e9es sur la t\u00e9l\u00e9commande pour qu\u2019elles soient comprises par le plus grand nombre d\u2019enfants possibles quelles que soient leurs comp\u00e9tences cognitives. Tous les aspects sensoriels et techniques ont \u00e9t\u00e9 travaill\u00e9s pour offrir \u00e0 l\u2019enfant autiste un cadre d\u2019utilisation rassurant et apaisant.<\/p><p style=\"text-align: justify;\">Entre 2023 et 2025, en partenariat avec le UseTech Lab, des focus groupe ont \u00e9t\u00e9 r\u00e9alis\u00e9s aupr\u00e8s de patients, de professionnels de sant\u00e9 et de parents pour mesurer la bonne acceptabilit\u00e9 du dispositif.<\/p><p style=\"text-align: justify;\">Le fauteuil de compression OTO est un dispositif qui est d\u00e9sormais utilis\u00e9 par les \u00e9quipes de l\u2019h\u00f4pital de jour. Les enfants suivis y ont acc\u00e8s selon un planning \u00e9labor\u00e9 par les \u00e9quipes m\u00e9dicales, puisque le fauteuil OTO entre dans leur prise en charge m\u00e9dicale. Les s\u00e9ances peuvent varier de 2 \u00e0 20 min et c\u2019est l\u2019enfant lui-m\u00eame qui choisit l\u2019intensit\u00e9 de la compression. Cette autogestion permet \u00e0 l\u2019utilisateur de mieux g\u00e9rer ses besoins en stimulations sensorielles. Une d\u00e9tente corporelle est souvent observ\u00e9e permettant par la suite une meilleure r\u00e9gulation \u00e9motionnelle et attentionnelle.<\/p><h3 style=\"text-align: justify;\">Prochaine \u00e9tape<\/h3><p style=\"text-align: justify;\">Une \u00e9tude d\u2019efficacit\u00e9 d\u00e9butera bient\u00f4t. L\u2019objectif : analyser avec pr\u00e9cision l\u2019int\u00e9r\u00eat th\u00e9rapeutique du fauteuil OTO. Cette \u00e9tude sera men\u00e9e au DUPEA par les \u00e9quipes de recherche tourangelles afin de d\u00e9terminer plus pr\u00e9cis\u00e9ment les effets du fauteuil sur une cohorte d\u2019enfants pr\u00e9sentant un Trouble du Neurod\u00e9veloppement (TND).<\/p>\t\t\t\t\t\t<\/div>\n\t\t\t\t<\/div>\n\t\t\t\t<div class=\"elementor-element elementor-element-4cfa18d elementor-widget__width-initial elementor-widget elementor-widget-text-editor\" data-id=\"4cfa18d\" data-element_type=\"widget\" data-widget_type=\"text-editor.default\">\n\t\t\t\t<div class=\"elementor-widget-container\">\n\t\t\t\t\t\t\t<h2>Zoom sur le CRA Centre-Val de Loire<\/h2><p style=\"text-align: justify;\">Cr\u00e9\u00e9 en 2005 et rattach\u00e9 au CHRU, le Centre Ressource Autisme (CRA) Centre-Val de Loire est une structure r\u00e9gionale de r\u00e9f\u00e9rence pour les troubles du spectre de l\u2019autisme. Sa mission principale est d\u2019accompagner les personnes concern\u00e9es, leurs familles et les professionnels gr\u00e2ce \u00e0 une expertise pluridisciplinaire.<\/p><p style=\"text-align: justify;\">Chaque ann\u00e9e, l\u2019\u00e9quipe du CRA r\u00e9alise pr\u00e8s de 300 \u00e9valuations diagnostiques et forme plus d\u2019un millier de professionnels de sant\u00e9, du m\u00e9dico-social et de l\u2019\u00e9ducation. Elle d\u00e9veloppe \u00e9galement un r\u00f4le d\u2019information et de conseil aupr\u00e8s du grand public et des institutions.<\/p><p style=\"text-align: justify;\">Au-del\u00e0 de ces missions, le CRA anime un r\u00e9seau r\u00e9gional qui facilite le partage d\u2019exp\u00e9riences, la diffusion des bonnes pratiques et l\u2019am\u00e9lioration de la prise en charge sur l\u2019ensemble du territoire.<\/p>\t\t\t\t\t\t<\/div>\n\t\t\t\t<\/div>\n\t\t\t\t\t<\/div>\n\t\t<\/div>\n\t\t\t\t<div class=\"elementor-column elementor-col-50 elementor-inner-column elementor-element elementor-element-a45ae94\" data-id=\"a45ae94\" data-element_type=\"column\">\n\t\t\t<div class=\"elementor-widget-wrap elementor-element-populated\">\n\t\t\t\t\t\t<div class=\"elementor-element elementor-element-cd1d30c elementor-widget elementor-widget-image\" data-id=\"cd1d30c\" data-element_type=\"widget\" data-widget_type=\"image.default\">\n\t\t\t\t<div class=\"elementor-widget-container\">\n\t\t\t\t\t\t\t\t\t\t\t\t\t<img fetchpriority=\"high\" decoding=\"async\" width=\"922\" height=\"1382\" src=\"https:\/\/www.chu-tours.fr\/psychiatrie-addictologie\/wp-content\/uploads\/sites\/9\/2025\/09\/Fauteuil-OTO_1.jpg\" class=\"attachment-full size-full wp-image-1383\" alt=\"Au Centre Ressource Autisme du CHRU, les enfants b\u00e9n\u00e9ficient d\u2019un fauteuil \u00e0 \u00e9treindre\" srcset=\"https:\/\/www.chu-tours.fr\/psychiatrie-addictologie\/wp-content\/uploads\/sites\/9\/2025\/09\/Fauteuil-OTO_1.jpg 922w, https:\/\/www.chu-tours.fr\/psychiatrie-addictologie\/wp-content\/uploads\/sites\/9\/2025\/09\/Fauteuil-OTO_1-200x300.jpg 200w, https:\/\/www.chu-tours.fr\/psychiatrie-addictologie\/wp-content\/uploads\/sites\/9\/2025\/09\/Fauteuil-OTO_1-683x1024.jpg 683w, https:\/\/www.chu-tours.fr\/psychiatrie-addictologie\/wp-content\/uploads\/sites\/9\/2025\/09\/Fauteuil-OTO_1-768x1151.jpg 768w\" sizes=\"(max-width: 922px) 100vw, 922px\" \/>\t\t\t\t\t\t\t\t\t\t\t\t\t<\/div>\n\t\t\t\t<\/div>\n\t\t\t\t<div class=\"elementor-element elementor-element-cd9e385 elementor-widget elementor-widget-image\" data-id=\"cd9e385\" data-element_type=\"widget\" data-widget_type=\"image.default\">\n\t\t\t\t<div class=\"elementor-widget-container\">\n\t\t\t\t\t\t\t\t\t\t\t\t\t<img decoding=\"async\" width=\"915\" height=\"1372\" src=\"https:\/\/www.chu-tours.fr\/psychiatrie-addictologie\/wp-content\/uploads\/sites\/9\/2025\/09\/Fauteuil-OTO_2.jpg\" class=\"attachment-full size-full wp-image-1385\" alt=\"Au Centre Ressource Autisme du CHRU, les enfants b\u00e9n\u00e9ficient d\u2019un fauteuil \u00e0 \u00e9treindre\" srcset=\"https:\/\/www.chu-tours.fr\/psychiatrie-addictologie\/wp-content\/uploads\/sites\/9\/2025\/09\/Fauteuil-OTO_2.jpg 915w, https:\/\/www.chu-tours.fr\/psychiatrie-addictologie\/wp-content\/uploads\/sites\/9\/2025\/09\/Fauteuil-OTO_2-200x300.jpg 200w, https:\/\/www.chu-tours.fr\/psychiatrie-addictologie\/wp-content\/uploads\/sites\/9\/2025\/09\/Fauteuil-OTO_2-683x1024.jpg 683w, https:\/\/www.chu-tours.fr\/psychiatrie-addictologie\/wp-content\/uploads\/sites\/9\/2025\/09\/Fauteuil-OTO_2-768x1152.jpg 768w\" sizes=\"(max-width: 915px) 100vw, 915px\" \/>\t\t\t\t\t\t\t\t\t\t\t\t\t<\/div>\n\t\t\t\t<\/div>\n\t\t\t\t<div class=\"elementor-element elementor-element-9e44da2 elementor-widget__width-initial elementor-widget elementor-widget-image\" data-id=\"9e44da2\" data-element_type=\"widget\" data-widget_type=\"image.default\">\n\t\t\t\t<div class=\"elementor-widget-container\">\n\t\t\t\t\t\t\t\t\t\t\t\t\t<img decoding=\"async\" width=\"915\" height=\"1373\" src=\"https:\/\/www.chu-tours.fr\/psychiatrie-addictologie\/wp-content\/uploads\/sites\/9\/2025\/09\/Fauteuil-OTO_3.jpg\" class=\"attachment-full size-full wp-image-1384\" alt=\"Au Centre Ressource Autisme du CHRU, les enfants b\u00e9n\u00e9ficient d\u2019un fauteuil \u00e0 \u00e9treindre\" srcset=\"https:\/\/www.chu-tours.fr\/psychiatrie-addictologie\/wp-content\/uploads\/sites\/9\/2025\/09\/Fauteuil-OTO_3.jpg 915w, https:\/\/www.chu-tours.fr\/psychiatrie-addictologie\/wp-content\/uploads\/sites\/9\/2025\/09\/Fauteuil-OTO_3-200x300.jpg 200w, https:\/\/www.chu-tours.fr\/psychiatrie-addictologie\/wp-content\/uploads\/sites\/9\/2025\/09\/Fauteuil-OTO_3-682x1024.jpg 682w, https:\/\/www.chu-tours.fr\/psychiatrie-addictologie\/wp-content\/uploads\/sites\/9\/2025\/09\/Fauteuil-OTO_3-768x1152.jpg 768w\" sizes=\"(max-width: 915px) 100vw, 915px\" \/>\t\t\t\t\t\t\t\t\t\t\t\t\t<\/div>\n\t\t\t\t<\/div>\n\t\t\t\t\t<\/div>\n\t\t<\/div>\n\t\t\t\t\t<\/div>\n\t\t<\/section>\n\t\t\t\t\t<\/div>\n\t\t<\/div>\n\t\t\t\t\t<\/div>\n\t\t<\/section>\n\t\t\t\t<\/div>\n\t\t","protected":false},"excerpt":{"rendered":"<p>Dans le service Autisme et TND du CHRU, les enfants b\u00e9n\u00e9ficient d\u2019un fauteuil \u00e0 \u00e9treindre Depuis 4 ans, les professionnels du Centre Ressource Autisme (CRA) du CHRU utilisent un nouveau dispositif innovant qui permet une meilleure gestion des comportements et des \u00e9motions des jeunes patients. Con\u00e7u par Alexia Audrain pour son m\u00e9moire de fin d\u2019\u00e9tudes [&hellip;]<\/p>\n","protected":false},"author":4,"featured_media":1381,"parent":0,"menu_order":0,"comment_status":"closed","ping_status":"closed","template":"","meta":{"_seopress_robots_primary_cat":"","_seopress_titles_title":"","_seopress_titles_desc":"","_seopress_robots_index":"","_exactmetrics_skip_tracking":false,"_exactmetrics_sitenote_active":false,"_exactmetrics_sitenote_note":"","_exactmetrics_sitenote_category":0,"_genesis_hide_title":false,"_genesis_hide_breadcrumbs":false,"_genesis_hide_singular_image":false,"_genesis_hide_footer_widgets":false,"_genesis_custom_body_class":"","_genesis_custom_post_class":"","_genesis_layout":"","footnotes":""},"publishpress_future_action":{"enabled":false,"date":"2026-05-07 17:25:34","action":"change-status","newStatus":"draft","terms":[],"taxonomy":""},"_links":{"self":[{"href":"https:\/\/www.chu-tours.fr\/psychiatrie-addictologie\/wp-json\/wp\/v2\/pages\/1378"}],"collection":[{"href":"https:\/\/www.chu-tours.fr\/psychiatrie-addictologie\/wp-json\/wp\/v2\/pages"}],"about":[{"href":"https:\/\/www.chu-tours.fr\/psychiatrie-addictologie\/wp-json\/wp\/v2\/types\/page"}],"author":[{"embeddable":true,"href":"https:\/\/www.chu-tours.fr\/psychiatrie-addictologie\/wp-json\/wp\/v2\/users\/4"}],"replies":[{"embeddable":true,"href":"https:\/\/www.chu-tours.fr\/psychiatrie-addictologie\/wp-json\/wp\/v2\/comments?post=1378"}],"version-history":[{"count":7,"href":"https:\/\/www.chu-tours.fr\/psychiatrie-addictologie\/wp-json\/wp\/v2\/pages\/1378\/revisions"}],"predecessor-version":[{"id":1399,"href":"https:\/\/www.chu-tours.fr\/psychiatrie-addictologie\/wp-json\/wp\/v2\/pages\/1378\/revisions\/1399"}],"wp:featuredmedia":[{"embeddable":true,"href":"https:\/\/www.chu-tours.fr\/psychiatrie-addictologie\/wp-json\/wp\/v2\/media\/1381"}],"wp:attachment":[{"href":"https:\/\/www.chu-tours.fr\/psychiatrie-addictologie\/wp-json\/wp\/v2\/media?parent=1378"}],"curies":[{"name":"wp","href":"https:\/\/api.w.org\/{rel}","templated":true}]}}