{"id":1330,"date":"2025-04-14T09:47:42","date_gmt":"2025-04-14T07:47:42","guid":{"rendered":"https:\/\/www.chu-tours.fr\/psychiatrie-addictologie\/?page_id=1330"},"modified":"2025-04-14T09:58:21","modified_gmt":"2025-04-14T07:58:21","slug":"le-2-avril-avait-lieu-la-journee-mondiale-de-sensibilisation-a-lautisme","status":"publish","type":"page","link":"https:\/\/www.chu-tours.fr\/psychiatrie-addictologie\/le-2-avril-avait-lieu-la-journee-mondiale-de-sensibilisation-a-lautisme\/","title":{"rendered":"Le 2 avril avait lieu la Journ\u00e9e mondiale de sensibilisation \u00e0 l\u2019autisme"},"content":{"rendered":"\t\t<div data-elementor-type=\"wp-page\" data-elementor-id=\"1330\" class=\"elementor elementor-1330\" data-elementor-post-type=\"page\">\n\t\t\t\t\t\t<section class=\"elementor-section elementor-top-section elementor-element elementor-element-bde7d00 elementor-section-boxed elementor-section-height-default elementor-section-height-default\" data-id=\"bde7d00\" data-element_type=\"section\">\n\t\t\t\t\t\t<div class=\"elementor-container elementor-column-gap-default\">\n\t\t\t\t\t<div class=\"elementor-column elementor-col-100 elementor-top-column elementor-element elementor-element-771dc74\" data-id=\"771dc74\" data-element_type=\"column\">\n\t\t\t<div class=\"elementor-widget-wrap elementor-element-populated\">\n\t\t\t\t\t\t<section class=\"elementor-section elementor-inner-section elementor-element elementor-element-846d35a elementor-section-boxed elementor-section-height-default elementor-section-height-default\" data-id=\"846d35a\" data-element_type=\"section\">\n\t\t\t\t\t\t<div class=\"elementor-container elementor-column-gap-default\">\n\t\t\t\t\t<div class=\"elementor-column elementor-col-50 elementor-inner-column elementor-element elementor-element-2a21711\" data-id=\"2a21711\" data-element_type=\"column\">\n\t\t\t<div class=\"elementor-widget-wrap elementor-element-populated\">\n\t\t\t\t\t\t<div class=\"elementor-element elementor-element-b06872b elementor-widget elementor-widget-text-editor\" data-id=\"b06872b\" data-element_type=\"widget\" data-widget_type=\"text-editor.default\">\n\t\t\t\t<div class=\"elementor-widget-container\">\n\t\t\t\t\t\t\t<p style=\"text-align: justify;\"><strong>\u00c0 l&#8217;occasion de la Journ\u00e9e Mondiale de Sensibilisation \u00e0 l&#8217;Autisme, le CRA Centre-Val de Loire, la F\u00e9d\u00e9ration Autisme Centre-Val de Loire et le Conseil R\u00e9gional ont men\u00e9 des actions de sensibilisation aupr\u00e8s d&#8217;\u00e9l\u00e8ves de 5 lyc\u00e9es de diff\u00e9rents d\u00e9partements sous le pilotage du Dr\u00a0Houy\u00a0Durand et de Laetitia Fortier<\/strong>. Elles ont permis de mieux comprendre les particularit\u00e9s de fonctionnement li\u00e9es \u00e0 l&#8217;autisme pour r\u00e9duire toute forme de discrimination.<\/p><p style=\"text-align: justify;\">La journ\u00e9e s\u2019est poursuivie par un \u00e9v\u00e9nement destin\u00e9 au grand public.\u00a0<\/p><p style=\"text-align: justify;\">Des experts, dont le Pr Fr\u00e9d\u00e9rique Bonnet-Brilhault et le Dr Aude Rambault, ont abord\u00e9 les th\u00e9matiques de la recherche au service de la th\u00e9rapeutique pour de jeunes enfants diagnostiqu\u00e9s, suivies d&#8217;interventions de chefs d&#8217;entreprises, familles et\/ou associations \u00e0 l&#8217;origine de dispositifs pour l&#8217;emploi, l\u2019habitat et l&#8217;acc\u00e8s \u00e0 la culture des personnes autistes.<\/p><p style=\"text-align: justify;\">Le Centre d&#8217;Excellence Autisme et TND Grand Ouest, Exac.t, a accueilli Julie Duval, d\u00e9l\u00e9gu\u00e9e \u00e0 la formation et \u00e0 la recherche \u00e0 la D\u00e9l\u00e9gation Interminist\u00e9rielle pour les TND. Ce fut une journ\u00e9e d\u2019\u00e9changes fructueux, marqu\u00e9e par la rencontre des professionnels du centre et la pr\u00e9sentation du Dr Thomas Gargot et de R\u00e9mi Claire, consultant innovation, dans le cadre de la journ\u00e9e du Girci GO. Une belle occasion de rappeler l&#8217;importance de l&#8217;inclusion des personnes avec autisme dans notre soci\u00e9t\u00e9.<\/p>\t\t\t\t\t\t<\/div>\n\t\t\t\t<\/div>\n\t\t\t\t\t<\/div>\n\t\t<\/div>\n\t\t\t\t<div class=\"elementor-column elementor-col-50 elementor-inner-column elementor-element elementor-element-ddfa817\" data-id=\"ddfa817\" data-element_type=\"column\">\n\t\t\t<div class=\"elementor-widget-wrap elementor-element-populated\">\n\t\t\t\t\t\t<div class=\"elementor-element elementor-element-c9d3e85 elementor-widget elementor-widget-image\" data-id=\"c9d3e85\" data-element_type=\"widget\" data-widget_type=\"image.default\">\n\t\t\t\t<div class=\"elementor-widget-container\">\n\t\t\t\t\t\t\t\t\t\t\t\t\t<img fetchpriority=\"high\" decoding=\"async\" width=\"1024\" height=\"768\" src=\"https:\/\/www.chu-tours.fr\/psychiatrie-addictologie\/wp-content\/uploads\/sites\/9\/2025\/04\/autisme-2-avril-2025-1024x768.jpg\" class=\"attachment-large size-large wp-image-1329\" alt=\"Le 2 avril avait lieu la Journ\u00e9e mondiale de sensibilisation \u00e0 l\u2019autisme\" srcset=\"https:\/\/www.chu-tours.fr\/psychiatrie-addictologie\/wp-content\/uploads\/sites\/9\/2025\/04\/autisme-2-avril-2025-1024x768.jpg 1024w, https:\/\/www.chu-tours.fr\/psychiatrie-addictologie\/wp-content\/uploads\/sites\/9\/2025\/04\/autisme-2-avril-2025-300x225.jpg 300w, https:\/\/www.chu-tours.fr\/psychiatrie-addictologie\/wp-content\/uploads\/sites\/9\/2025\/04\/autisme-2-avril-2025-768x576.jpg 768w, https:\/\/www.chu-tours.fr\/psychiatrie-addictologie\/wp-content\/uploads\/sites\/9\/2025\/04\/autisme-2-avril-2025-1536x1152.jpg 1536w, https:\/\/www.chu-tours.fr\/psychiatrie-addictologie\/wp-content\/uploads\/sites\/9\/2025\/04\/autisme-2-avril-2025-2048x1536.jpg 2048w, https:\/\/www.chu-tours.fr\/psychiatrie-addictologie\/wp-content\/uploads\/sites\/9\/2025\/04\/autisme-2-avril-2025-70x52.jpg 70w\" sizes=\"(max-width: 1024px) 100vw, 1024px\" \/>\t\t\t\t\t\t\t\t\t\t\t\t\t<\/div>\n\t\t\t\t<\/div>\n\t\t\t\t\t<\/div>\n\t\t<\/div>\n\t\t\t\t\t<\/div>\n\t\t<\/section>\n\t\t\t\t\t<\/div>\n\t\t<\/div>\n\t\t\t\t\t<\/div>\n\t\t<\/section>\n\t\t\t\t<\/div>\n\t\t","protected":false},"excerpt":{"rendered":"<p>\u00c0 l&#8217;occasion de la Journ\u00e9e Mondiale de Sensibilisation \u00e0 l&#8217;Autisme, le CRA Centre-Val de Loire, la F\u00e9d\u00e9ration Autisme Centre-Val de Loire et le Conseil R\u00e9gional ont men\u00e9 des actions de sensibilisation aupr\u00e8s d&#8217;\u00e9l\u00e8ves de 5 lyc\u00e9es de diff\u00e9rents d\u00e9partements sous le pilotage du Dr\u00a0Houy\u00a0Durand et de Laetitia Fortier. Elles ont permis de mieux comprendre les [&hellip;]<\/p>\n","protected":false},"author":4,"featured_media":1333,"parent":0,"menu_order":0,"comment_status":"closed","ping_status":"closed","template":"","meta":{"_seopress_robots_primary_cat":"","_seopress_titles_title":"","_seopress_titles_desc":"","_seopress_robots_index":"","_exactmetrics_skip_tracking":false,"_exactmetrics_sitenote_active":false,"_exactmetrics_sitenote_note":"","_exactmetrics_sitenote_category":0,"_genesis_hide_title":false,"_genesis_hide_breadcrumbs":false,"_genesis_hide_singular_image":false,"_genesis_hide_footer_widgets":false,"_genesis_custom_body_class":"","_genesis_custom_post_class":"","_genesis_layout":"","footnotes":""},"publishpress_future_action":{"enabled":false,"date":"2026-05-07 18:31:04","action":"change-status","newStatus":"draft","terms":[],"taxonomy":""},"_links":{"self":[{"href":"https:\/\/www.chu-tours.fr\/psychiatrie-addictologie\/wp-json\/wp\/v2\/pages\/1330"}],"collection":[{"href":"https:\/\/www.chu-tours.fr\/psychiatrie-addictologie\/wp-json\/wp\/v2\/pages"}],"about":[{"href":"https:\/\/www.chu-tours.fr\/psychiatrie-addictologie\/wp-json\/wp\/v2\/types\/page"}],"author":[{"embeddable":true,"href":"https:\/\/www.chu-tours.fr\/psychiatrie-addictologie\/wp-json\/wp\/v2\/users\/4"}],"replies":[{"embeddable":true,"href":"https:\/\/www.chu-tours.fr\/psychiatrie-addictologie\/wp-json\/wp\/v2\/comments?post=1330"}],"version-history":[{"count":7,"href":"https:\/\/www.chu-tours.fr\/psychiatrie-addictologie\/wp-json\/wp\/v2\/pages\/1330\/revisions"}],"predecessor-version":[{"id":1340,"href":"https:\/\/www.chu-tours.fr\/psychiatrie-addictologie\/wp-json\/wp\/v2\/pages\/1330\/revisions\/1340"}],"wp:featuredmedia":[{"embeddable":true,"href":"https:\/\/www.chu-tours.fr\/psychiatrie-addictologie\/wp-json\/wp\/v2\/media\/1333"}],"wp:attachment":[{"href":"https:\/\/www.chu-tours.fr\/psychiatrie-addictologie\/wp-json\/wp\/v2\/media?parent=1330"}],"curies":[{"name":"wp","href":"https:\/\/api.w.org\/{rel}","templated":true}]}}

Le 2 avril avait lieu la Journée mondiale de sensibilisation à l’autisme

<div data-elementor-type="wp-page" data-elementor-id="1330" class="elementor elementor-1330" data-elementor-post-type="page">
						<section class="elementor-section elementor-top-section elementor-element elementor-element-bde7d00 elementor-section-boxed elementor-section-height-default elementor-section-height-default" data-id="bde7d00" data-element_type="section">
						<div class="elementor-container elementor-column-gap-default">
					<div class="elementor-column elementor-col-100 elementor-top-column elementor-element elementor-element-771dc74" data-id="771dc74" data-element_type="column">
			<div class="elementor-widget-wrap elementor-element-populated">
						<section class="elementor-section elementor-inner-section elementor-element elementor-element-846d35a elementor-section-boxed elementor-section-height-default elementor-section-height-default" data-id="846d35a" data-element_type="section">
						<div class="elementor-container elementor-column-gap-default">
					<div class="elementor-column elementor-col-50 elementor-inner-column elementor-element elementor-element-2a21711" data-id="2a21711" data-element_type="column">
			<div class="elementor-widget-wrap elementor-element-populated">
						<div class="elementor-element elementor-element-b06872b elementor-widget elementor-widget-text-editor" data-id="b06872b" data-element_type="widget" data-widget_type="text-editor.default">
				<div class="elementor-widget-container">
							<p style="text-align: justify;"><strong>À l&#8217;occasion de la Journée Mondiale de Sensibilisation à l&#8217;Autisme, le CRA Centre-Val de Loire, la Fédération Autisme Centre-Val de Loire et le Conseil Régional ont mené des actions de sensibilisation auprès d&#8217;élèves de 5 lycées de différents départements sous le pilotage du Dr Houy Durand et de Laetitia Fortier</strong>. Elles ont permis de mieux comprendre les particularités de fonctionnement liées à l&#8217;autisme pour réduire toute forme de discrimination.</p><p style="text-align: justify;">La journée s’est poursuivie par un événement destiné au grand public. </p><p style="text-align: justify;">Des experts, dont le Pr Frédérique Bonnet-Brilhault et le Dr Aude Rambault, ont abordé les thématiques de la recherche au service de la thérapeutique pour de jeunes enfants diagnostiqués, suivies d&#8217;interventions de chefs d&#8217;entreprises, familles et/ou associations à l&#8217;origine de dispositifs pour l&#8217;emploi, l’habitat et l&#8217;accès à la culture des personnes autistes.</p><p style="text-align: justify;">Le Centre d&#8217;Excellence Autisme et TND Grand Ouest, Exac.t, a accueilli Julie Duval, déléguée à la formation et à la recherche à la Délégation Interministérielle pour les TND. Ce fut une journée d’échanges fructueux, marquée par la rencontre des professionnels du centre et la présentation du Dr Thomas Gargot et de Rémi Claire, consultant innovation, dans le cadre de la journée du Girci GO. Une belle occasion de rappeler l&#8217;importance de l&#8217;inclusion des personnes avec autisme dans notre société.</p>						</div>
				</div>
					</div>
		</div>
				<div class="elementor-column elementor-col-50 elementor-inner-column elementor-element elementor-element-ddfa817" data-id="ddfa817" data-element_type="column">
			<div class="elementor-widget-wrap elementor-element-populated">
						<div class="elementor-element elementor-element-c9d3e85 elementor-widget elementor-widget-image" data-id="c9d3e85" data-element_type="widget" data-widget_type="image.default">
				<div class="elementor-widget-container">
													<img fetchpriority="high" decoding="async" width="1024" height="768" src="https://www.chu-tours.fr/psychiatrie-addictologie/wp-content/uploads/sites/9/2025/04/autisme-2-avril-2025-1024x768.jpg" class="attachment-large size-large wp-image-1329" alt="Le 2 avril avait lieu la Journée mondiale de sensibilisation à l’autisme" srcset="https://www.chu-tours.fr/psychiatrie-addictologie/wp-content/uploads/sites/9/2025/04/autisme-2-avril-2025-1024x768.jpg 1024w, https://www.chu-tours.fr/psychiatrie-addictologie/wp-content/uploads/sites/9/2025/04/autisme-2-avril-2025-300x225.jpg 300w, https://www.chu-tours.fr/psychiatrie-addictologie/wp-content/uploads/sites/9/2025/04/autisme-2-avril-2025-768x576.jpg 768w, https://www.chu-tours.fr/psychiatrie-addictologie/wp-content/uploads/sites/9/2025/04/autisme-2-avril-2025-1536x1152.jpg 1536w, https://www.chu-tours.fr/psychiatrie-addictologie/wp-content/uploads/sites/9/2025/04/autisme-2-avril-2025-2048x1536.jpg 2048w, https://www.chu-tours.fr/psychiatrie-addictologie/wp-content/uploads/sites/9/2025/04/autisme-2-avril-2025-70x52.jpg 70w" sizes="(max-width: 1024px) 100vw, 1024px" />													</div>
				</div>
					</div>
		</div>
					</div>
		</section>
					</div>
		</div>
					</div>
		</section>
				</div>

<p>À l&#8217;occasion de la Journée Mondiale de Sensibilisation à l&#8217;Autisme, le CRA Centre-Val de Loire, la Fédération Autisme Centre-Val de Loire et le Conseil Régional ont mené des actions de sensibilisation auprès d&#8217;élèves de 5 lycées de différents départements sous le pilotage du Dr Houy Durand et de Laetitia Fortier. Elles ont permis de mieux comprendre les [&hellip;]</p>
