{"id":1283,"date":"2025-02-24T09:06:52","date_gmt":"2025-02-24T08:06:52","guid":{"rendered":"https:\/\/www.chu-tours.fr\/psychiatrie-addictologie\/?page_id=1283"},"modified":"2025-02-24T09:08:13","modified_gmt":"2025-02-24T08:08:13","slug":"pedopsychiatrie-un-hopital-de-jour-pour-adolescents-a-bretonneau","status":"publish","type":"page","link":"https:\/\/www.chu-tours.fr\/psychiatrie-addictologie\/pedopsychiatrie-un-hopital-de-jour-pour-adolescents-a-bretonneau\/","title":{"rendered":"P\u00e9dopsychiatrie : un H\u00f4pital de Jour pour adolescents \u00e0 Bretonneau"},"content":{"rendered":"<p style=\"text-align: center;\">\n<p>C\u2019est au sein de l\u2019H\u00f4pital Bretonneau \u00e0 Tours dans l\u2019ancienne unit\u00e9 \u00ab Baudelaire \u00bb de la Psychiatrie D que l\u2019H\u00f4pital de Jour pour adolescents vient de voir le jour. Ce projet de longue date port\u00e9 par les Dr Angibault, Richard et Marchal est soutenu par l\u2019ARS et<br \/>\ns\u2019inscrit dans le Projet du GHT Touraine &#8211; Val de Loire.<\/p>\n<p style=\"text-align: justify;\">Sa cr\u00e9ation a pour but de r\u00e9pondre \u00e0 un besoin majeur dans le d\u00e9partement d\u2019Indre-et-Loire : une unit\u00e9 d\u2019hospitalisation \u00e0 la journ\u00e9e qui constitue le maillon jusqu\u2019alors manquant entre l\u2019unit\u00e9 d\u2019hospitalisation compl\u00e8te (CPU pour adolescents situ\u00e9e \u00e0 Saint-Cyr) et le Centre M\u00e9dico-Psychologique (Centre Oreste, antenne du Centre Hospitalier de Chinon situ\u00e9e \u00e0 Tours). Ainsi, en intensifiant les soins en ambulatoire, l\u2019objectif est de diminuer le d\u00e9lai des prises en charge mais aussi d\u2019organiser un relai plus progressif apr\u00e8s une hospitalisation en continu (diminution de la dur\u00e9e de s\u00e9jour et pr\u00e9vention de la rechute).<\/p>\n<p style=\"text-align: justify;\"><strong>L\u2019H\u00f4pital de Jour permet d\u2019accueillir des jeunes de tout le d\u00e9partement ayant entre 14 et 18 ans et souffrant de refus scolaire anxieux, troubles du comportement alimentaire, troubles anxieux et\/ou de l\u2019humeur s\u00e9v\u00e8res. Constitu\u00e9 de 12 places par demi-journ\u00e9e<\/strong>, il propose aux adolescents et leur famille une offre de soin individualis\u00e9e et r\u00e9\u00e9valu\u00e9e tous les trois mois (consultations individuelles et familiales, groupes th\u00e9rapeutiques aux m\u00e9diations vari\u00e9es, repas th\u00e9rapeutiques, soutien en lien avec la scolarit\u00e9 et les projets d\u2019avenir).<\/p>\n<p style=\"text-align: justify;\"><strong>L\u2019\u00e9quipe, compos\u00e9e de 18 soignants<\/strong> (psychiatre, p\u00e9dopsychiatres, p\u00e9diatre, interne en psychiatrie, cadre de sant\u00e9, infirmiers, secr\u00e9taire m\u00e9dicale, assistante sociale, \u00e9ducatrices sp\u00e9cialis\u00e9es, orthophoniste, psychologues, art-th\u00e9rapeute, psychomotricien,\u00a0 socio-esth\u00e9ticienne, enseignants et stagiaires), travaille \u00e9galement en r\u00e9seau avec les diff\u00e9rents acteurs qui jalonnent le parcours des adolescents tels que les partenaires scolaires et \u00e9ducatifs.<\/p>\n<p style=\"text-align: justify;\">Pour les adolescents qui seraient concern\u00e9s par ce nouvel espace de soin, le dossier d\u2019admission peut \u00eatre demand\u00e9 directement aupr\u00e8s du secr\u00e9tariat et doit \u00eatre accompagn\u00e9 d\u2019un courrier m\u00e9dical (m\u00e9decin traitant ou psychiatre r\u00e9f\u00e9rent).<\/p>\n<p style=\"text-align: justify;\"><strong>Le secr\u00e9tariat de l\u2019H\u00f4pital de Jour est joignable<\/strong><\/p>\n<ul>\n<li style=\"text-align: justify;\"><strong>du lundi au vendredi de 9h \u00e0 17h<\/strong><br \/>\n<strong>par t\u00e9l\u00e9phone au 02 47 47 82 55,<\/strong><br \/>\n<strong>ou par mail \u00e0 : <a href=\"mailto:hdj.ados@chu-tours.fr\">hdj.ados@chu-tours.fr<\/a><\/strong><\/li>\n<\/ul>\n","protected":false},"excerpt":{"rendered":"<p>C\u2019est au sein de l\u2019H\u00f4pital Bretonneau \u00e0 Tours dans l\u2019ancienne unit\u00e9 \u00ab Baudelaire \u00bb de la Psychiatrie D que l\u2019H\u00f4pital de Jour pour adolescents vient de voir le jour. Ce projet de longue date port\u00e9 par les Dr Angibault, Richard et Marchal est soutenu par l\u2019ARS et s\u2019inscrit dans le Projet du GHT Touraine &#8211; [&hellip;]<\/p>\n","protected":false},"author":4,"featured_media":1278,"parent":0,"menu_order":0,"comment_status":"closed","ping_status":"closed","template":"","meta":{"_seopress_robots_primary_cat":"","_seopress_titles_title":"","_seopress_titles_desc":"","_seopress_robots_index":"","_exactmetrics_skip_tracking":false,"_exactmetrics_sitenote_active":false,"_exactmetrics_sitenote_note":"","_exactmetrics_sitenote_category":0,"_genesis_hide_title":false,"_genesis_hide_breadcrumbs":false,"_genesis_hide_singular_image":false,"_genesis_hide_footer_widgets":false,"_genesis_custom_body_class":"","_genesis_custom_post_class":"","_genesis_layout":"","footnotes":""},"publishpress_future_action":{"enabled":false,"date":"2026-05-07 18:50:26","action":"change-status","newStatus":"draft","terms":[],"taxonomy":""},"_links":{"self":[{"href":"https:\/\/www.chu-tours.fr\/psychiatrie-addictologie\/wp-json\/wp\/v2\/pages\/1283"}],"collection":[{"href":"https:\/\/www.chu-tours.fr\/psychiatrie-addictologie\/wp-json\/wp\/v2\/pages"}],"about":[{"href":"https:\/\/www.chu-tours.fr\/psychiatrie-addictologie\/wp-json\/wp\/v2\/types\/page"}],"author":[{"embeddable":true,"href":"https:\/\/www.chu-tours.fr\/psychiatrie-addictologie\/wp-json\/wp\/v2\/users\/4"}],"replies":[{"embeddable":true,"href":"https:\/\/www.chu-tours.fr\/psychiatrie-addictologie\/wp-json\/wp\/v2\/comments?post=1283"}],"version-history":[{"count":2,"href":"https:\/\/www.chu-tours.fr\/psychiatrie-addictologie\/wp-json\/wp\/v2\/pages\/1283\/revisions"}],"predecessor-version":[{"id":1287,"href":"https:\/\/www.chu-tours.fr\/psychiatrie-addictologie\/wp-json\/wp\/v2\/pages\/1283\/revisions\/1287"}],"wp:featuredmedia":[{"embeddable":true,"href":"https:\/\/www.chu-tours.fr\/psychiatrie-addictologie\/wp-json\/wp\/v2\/media\/1278"}],"wp:attachment":[{"href":"https:\/\/www.chu-tours.fr\/psychiatrie-addictologie\/wp-json\/wp\/v2\/media?parent=1283"}],"curies":[{"name":"wp","href":"https:\/\/api.w.org\/{rel}","templated":true}]}}

Pédopsychiatrie : un Hôpital de Jour pour adolescents à Bretonneau

<p style="text-align: center;">
<p>C’est au sein de l’Hôpital Bretonneau à Tours dans l’ancienne unité « Baudelaire » de la Psychiatrie D que l’Hôpital de Jour pour adolescents vient de voir le jour. Ce projet de longue date porté par les Dr Angibault, Richard et Marchal est soutenu par l’ARS et<br />
s’inscrit dans le Projet du GHT Touraine &#8211; Val de Loire.</p>
<p style="text-align: justify;">Sa création a pour but de répondre à un besoin majeur dans le département d’Indre-et-Loire : une unité d’hospitalisation à la journée qui constitue le maillon jusqu’alors manquant entre l’unité d’hospitalisation complète (CPU pour adolescents située à Saint-Cyr) et le Centre Médico-Psychologique (Centre Oreste, antenne du Centre Hospitalier de Chinon située à Tours). Ainsi, en intensifiant les soins en ambulatoire, l’objectif est de diminuer le délai des prises en charge mais aussi d’organiser un relai plus progressif après une hospitalisation en continu (diminution de la durée de séjour et prévention de la rechute).</p>
<p style="text-align: justify;"><strong>L’Hôpital de Jour permet d’accueillir des jeunes de tout le département ayant entre 14 et 18 ans et souffrant de refus scolaire anxieux, troubles du comportement alimentaire, troubles anxieux et/ou de l’humeur sévères. Constitué de 12 places par demi-journée</strong>, il propose aux adolescents et leur famille une offre de soin individualisée et réévaluée tous les trois mois (consultations individuelles et familiales, groupes thérapeutiques aux médiations variées, repas thérapeutiques, soutien en lien avec la scolarité et les projets d’avenir).</p>
<p style="text-align: justify;"><strong>L’équipe, composée de 18 soignants</strong> (psychiatre, pédopsychiatres, pédiatre, interne en psychiatrie, cadre de santé, infirmiers, secrétaire médicale, assistante sociale, éducatrices spécialisées, orthophoniste, psychologues, art-thérapeute, psychomotricien,  socio-esthéticienne, enseignants et stagiaires), travaille également en réseau avec les différents acteurs qui jalonnent le parcours des adolescents tels que les partenaires scolaires et éducatifs.</p>
<p style="text-align: justify;">Pour les adolescents qui seraient concernés par ce nouvel espace de soin, le dossier d’admission peut être demandé directement auprès du secrétariat et doit être accompagné d’un courrier médical (médecin traitant ou psychiatre référent).</p>
<p style="text-align: justify;"><strong>Le secrétariat de l’Hôpital de Jour est joignable</strong></p>
<ul>
<li style="text-align: justify;"><strong>du lundi au vendredi de 9h à 17h</strong><br />
<strong>par téléphone au 02 47 47 82 55,</strong><br />
<strong>ou par mail à : <a href="mailto:hdj.ados@chu-tours.fr">hdj.ados@chu-tours.fr</a></strong></li>
</ul>

<p>C’est au sein de l’Hôpital Bretonneau à Tours dans l’ancienne unité « Baudelaire » de la Psychiatrie D que l’Hôpital de Jour pour adolescents vient de voir le jour. Ce projet de longue date porté par les Dr Angibault, Richard et Marchal est soutenu par l’ARS et s’inscrit dans le Projet du GHT Touraine &#8211; [&hellip;]</p>
