{"id":1258,"date":"2025-01-24T09:31:29","date_gmt":"2025-01-24T08:31:29","guid":{"rendered":"https:\/\/www.chu-tours.fr\/psychiatrie-addictologie\/?page_id=1258"},"modified":"2025-01-24T09:38:29","modified_gmt":"2025-01-24T08:38:29","slug":"journee-annuelle-de-exac-t","status":"publish","type":"page","link":"https:\/\/www.chu-tours.fr\/psychiatrie-addictologie\/journee-annuelle-de-exac-t\/","title":{"rendered":"Journ\u00e9e annuelle de Exac.t"},"content":{"rendered":"<p><strong>Le 3 d\u00e9cembre dernier, se d\u00e9roulait la Journ\u00e9e Annuelle du Centre d&#8217;Excellence et de la FHU Exac.t sur le th\u00e8me\u00a0: &#8220;Outils num\u00e9riques, r\u00e9alit\u00e9 virtuelle et intelligence artificielle\u00a0:\u00a0Quelles applications dans l&#8217;accompagnement des Troubles du Neurod\u00e9veloppement ?&#8221;<\/strong><\/p>\n<p>Port\u00e9e par le CHRU dans le cadre de HUGO, cette journ\u00e9e a r\u00e9uni \u00e0 \u00e0 Rennes plus de 150 participants autour de l&#8217;impact des technologies num\u00e9riques et de l&#8217;intelligence artificielle dans la pratique aupr\u00e8s des personnes avec TND.<\/p>\n<p>Cet \u00e9v\u00e9nement fut un succ\u00e8s, attirant un large public de professionnels, \u00e9tudiants, m\u00e9decins, chercheurs et familles. Avec 20 intervenants experts, la journ\u00e9e a \u00e9t\u00e9 riche en partages d&#8217;exp\u00e9riences.<\/p>\n<p>Parmi les moments marquants :\u00a0Etienne Pot D\u00e9l\u00e9gu\u00e9 Interminist\u00e9riel \u00e0 la table ronde d\u00e9di\u00e9e \u00e0 la formation et la recherche participative.<\/p>\n<p>Les d\u00e9monstrations du cube et du si\u00e8ge oTo, outils technologiques innovants utilis\u00e9s pour offrir des exp\u00e9riences sensorielles adapt\u00e9es aux personnes avec Trouble du Spectre de l&#8217;Autisme ont illustr\u00e9 concr\u00e8tement comment ces outils transforment les pratiques.<\/p>\n<p>L&#8217;\u00e9v\u00e9nement a \u00e9galement offert une exp\u00e9rience culinaire gr\u00e2ce \u00e0 des plats du restaurant Bottega Matthi employant des personnes autistes. Ce moment de convivialit\u00e9 a non seulement permis de d\u00e9couvrir une cuisine d\u00e9licieuse mais a \u00e9galement mis en lumi\u00e8re la r\u00e9ussite de l&#8217;insertion professionnelle des personnes autistes.<\/p>\n","protected":false},"excerpt":{"rendered":"<p>Le 3 d\u00e9cembre dernier, se d\u00e9roulait la Journ\u00e9e Annuelle du Centre d&#8217;Excellence et de la FHU Exac.t sur le th\u00e8me\u00a0: &#8220;Outils num\u00e9riques, r\u00e9alit\u00e9 virtuelle et intelligence artificielle\u00a0:\u00a0Quelles applications dans l&#8217;accompagnement des Troubles du Neurod\u00e9veloppement ?&#8221; Port\u00e9e par le CHRU dans le cadre de HUGO, cette journ\u00e9e a r\u00e9uni \u00e0 \u00e0 Rennes plus de 150 participants [&hellip;]<\/p>\n","protected":false},"author":4,"featured_media":1259,"parent":0,"menu_order":0,"comment_status":"closed","ping_status":"closed","template":"","meta":{"_seopress_robots_primary_cat":"","_seopress_titles_title":"","_seopress_titles_desc":"","_seopress_robots_index":"","_exactmetrics_skip_tracking":false,"_exactmetrics_sitenote_active":false,"_exactmetrics_sitenote_note":"","_exactmetrics_sitenote_category":0,"_genesis_hide_title":false,"_genesis_hide_breadcrumbs":false,"_genesis_hide_singular_image":false,"_genesis_hide_footer_widgets":false,"_genesis_custom_body_class":"","_genesis_custom_post_class":"","_genesis_layout":"","footnotes":""},"publishpress_future_action":{"enabled":false,"date":"2026-05-07 19:45:07","action":"change-status","newStatus":"draft","terms":[],"taxonomy":""},"_links":{"self":[{"href":"https:\/\/www.chu-tours.fr\/psychiatrie-addictologie\/wp-json\/wp\/v2\/pages\/1258"}],"collection":[{"href":"https:\/\/www.chu-tours.fr\/psychiatrie-addictologie\/wp-json\/wp\/v2\/pages"}],"about":[{"href":"https:\/\/www.chu-tours.fr\/psychiatrie-addictologie\/wp-json\/wp\/v2\/types\/page"}],"author":[{"embeddable":true,"href":"https:\/\/www.chu-tours.fr\/psychiatrie-addictologie\/wp-json\/wp\/v2\/users\/4"}],"replies":[{"embeddable":true,"href":"https:\/\/www.chu-tours.fr\/psychiatrie-addictologie\/wp-json\/wp\/v2\/comments?post=1258"}],"version-history":[{"count":3,"href":"https:\/\/www.chu-tours.fr\/psychiatrie-addictologie\/wp-json\/wp\/v2\/pages\/1258\/revisions"}],"predecessor-version":[{"id":1265,"href":"https:\/\/www.chu-tours.fr\/psychiatrie-addictologie\/wp-json\/wp\/v2\/pages\/1258\/revisions\/1265"}],"wp:featuredmedia":[{"embeddable":true,"href":"https:\/\/www.chu-tours.fr\/psychiatrie-addictologie\/wp-json\/wp\/v2\/media\/1259"}],"wp:attachment":[{"href":"https:\/\/www.chu-tours.fr\/psychiatrie-addictologie\/wp-json\/wp\/v2\/media?parent=1258"}],"curies":[{"name":"wp","href":"https:\/\/api.w.org\/{rel}","templated":true}]}}