{"id":1250,"date":"2024-12-20T11:44:53","date_gmt":"2024-12-20T10:44:53","guid":{"rendered":"https:\/\/www.chu-tours.fr\/psychiatrie-addictologie\/?page_id=1250"},"modified":"2024-12-20T11:44:53","modified_gmt":"2024-12-20T10:44:53","slug":"journee-regionale-sur-le-psychotraumatisme","status":"publish","type":"page","link":"https:\/\/www.chu-tours.fr\/psychiatrie-addictologie\/journee-regionale-sur-le-psychotraumatisme\/","title":{"rendered":"Journ\u00e9e r\u00e9gionale sur le psychotraumatisme"},"content":{"rendered":"<p><span style=\"font-size: 14pt;\">Autour de la th\u00e9matique de la th\u00e9rapie groupale cette journ\u00e9e s&#8217;est d\u00e9roul\u00e9e \u00e0 la facult\u00e9 des Deux Lions et a accueilli divers intervenants du soin, de milieu associatif et culturel.<\/span><\/p>\n<p><span style=\"font-size: 14pt;\">Plus de 200 personnes \u00e9tait pr\u00e9sentes.<\/span><\/p>\n","protected":false},"excerpt":{"rendered":"<p>Autour de la th\u00e9matique de la th\u00e9rapie groupale cette journ\u00e9e s&#8217;est d\u00e9roul\u00e9e \u00e0 la facult\u00e9 des Deux Lions et a accueilli divers intervenants du soin, de milieu associatif et culturel. Plus de 200 personnes \u00e9tait pr\u00e9sentes.<\/p>\n","protected":false},"author":4,"featured_media":1249,"parent":0,"menu_order":0,"comment_status":"closed","ping_status":"closed","template":"","meta":{"_seopress_robots_primary_cat":"","_seopress_titles_title":"","_seopress_titles_desc":"","_seopress_robots_index":"","_exactmetrics_skip_tracking":false,"_exactmetrics_sitenote_active":false,"_exactmetrics_sitenote_note":"","_exactmetrics_sitenote_category":0,"_genesis_hide_title":false,"_genesis_hide_breadcrumbs":false,"_genesis_hide_singular_image":false,"_genesis_hide_footer_widgets":false,"_genesis_custom_body_class":"","_genesis_custom_post_class":"","_genesis_layout":"","footnotes":""},"publishpress_future_action":{"enabled":false,"date":"2026-05-07 19:47:22","action":"change-status","newStatus":"draft","terms":[],"taxonomy":""},"_links":{"self":[{"href":"https:\/\/www.chu-tours.fr\/psychiatrie-addictologie\/wp-json\/wp\/v2\/pages\/1250"}],"collection":[{"href":"https:\/\/www.chu-tours.fr\/psychiatrie-addictologie\/wp-json\/wp\/v2\/pages"}],"about":[{"href":"https:\/\/www.chu-tours.fr\/psychiatrie-addictologie\/wp-json\/wp\/v2\/types\/page"}],"author":[{"embeddable":true,"href":"https:\/\/www.chu-tours.fr\/psychiatrie-addictologie\/wp-json\/wp\/v2\/users\/4"}],"replies":[{"embeddable":true,"href":"https:\/\/www.chu-tours.fr\/psychiatrie-addictologie\/wp-json\/wp\/v2\/comments?post=1250"}],"version-history":[{"count":1,"href":"https:\/\/www.chu-tours.fr\/psychiatrie-addictologie\/wp-json\/wp\/v2\/pages\/1250\/revisions"}],"predecessor-version":[{"id":1253,"href":"https:\/\/www.chu-tours.fr\/psychiatrie-addictologie\/wp-json\/wp\/v2\/pages\/1250\/revisions\/1253"}],"wp:featuredmedia":[{"embeddable":true,"href":"https:\/\/www.chu-tours.fr\/psychiatrie-addictologie\/wp-json\/wp\/v2\/media\/1249"}],"wp:attachment":[{"href":"https:\/\/www.chu-tours.fr\/psychiatrie-addictologie\/wp-json\/wp\/v2\/media?parent=1250"}],"curies":[{"name":"wp","href":"https:\/\/api.w.org\/{rel}","templated":true}]}}

Journée régionale sur le psychotraumatisme

<p><span style="font-size: 14pt;">Autour de la thématique de la thérapie groupale cette journée s&#8217;est déroulée à la faculté des Deux Lions et a accueilli divers intervenants du soin, de milieu associatif et culturel.</span></p>
<p><span style="font-size: 14pt;">Plus de 200 personnes était présentes.</span></p>

<p>Autour de la thématique de la thérapie groupale cette journée s&#8217;est déroulée à la faculté des Deux Lions et a accueilli divers intervenants du soin, de milieu associatif et culturel. Plus de 200 personnes était présentes.</p>
