{"id":1203,"date":"2024-10-18T16:31:01","date_gmt":"2024-10-18T14:31:01","guid":{"rendered":"https:\/\/www.chu-tours.fr\/psychiatrie-addictologie\/?page_id=1203"},"modified":"2024-10-18T16:38:23","modified_gmt":"2024-10-18T14:38:23","slug":"nhp-le-chantier-avance-sous-loeil-des-visiteurs","status":"publish","type":"page","link":"https:\/\/www.chu-tours.fr\/psychiatrie-addictologie\/nhp-le-chantier-avance-sous-loeil-des-visiteurs\/","title":{"rendered":"NHP : le chantier avance sous l\u2019\u0153il des visiteurs"},"content":{"rendered":"\t\t<div data-elementor-type=\"wp-page\" data-elementor-id=\"1203\" class=\"elementor elementor-1203\" data-elementor-post-type=\"page\">\n\t\t\t\t\t\t<section class=\"elementor-section elementor-top-section elementor-element elementor-element-5261e32 elementor-section-boxed elementor-section-height-default elementor-section-height-default\" data-id=\"5261e32\" data-element_type=\"section\">\n\t\t\t\t\t\t<div class=\"elementor-container elementor-column-gap-default\">\n\t\t\t\t\t<div class=\"elementor-column elementor-col-100 elementor-top-column elementor-element elementor-element-4b7a485\" data-id=\"4b7a485\" data-element_type=\"column\">\n\t\t\t<div class=\"elementor-widget-wrap elementor-element-populated\">\n\t\t\t\t\t\t<div class=\"elementor-element elementor-element-7bad78a elementor-widget elementor-widget-text-editor\" data-id=\"7bad78a\" data-element_type=\"widget\" data-widget_type=\"text-editor.default\">\n\t\t\t\t<div class=\"elementor-widget-container\">\n\t\t\t\t\t\t\t<p><strong>Le chantier du NHP avance bien. <\/strong><\/p><p>En cette mi-octobre :<\/p><ul><li>l\u2019ensemble des parois verticales du rez-de-chauss\u00e9e du b\u00e2timent sont pos\u00e9es ou coul\u00e9es ;<\/li><li>la moiti\u00e9 des dalles du 1er \u00e9tage sont coul\u00e9es ;<\/li><li>un quart des parois verticales du 1er \u00e9tage sont pos\u00e9es ou coul\u00e9es ;<\/li><li>la premi\u00e8re menuiserie (1er de s\u00e9rie) a \u00e9t\u00e9 pos\u00e9e le 8 octobre et ces travaux de menuiserie ext\u00e9rieures vont se poursuivre jusqu\u2019\u00e0 la fin de l\u2019ann\u00e9e.<\/li><\/ul><p>Ce sont ces \u00e9tapes qu\u2019ont pu d\u00e9couvrir les membres du Comit\u00e9 de Direction du CHRU qui ont \u00e9t\u00e9 accueillis sur le chantier le 15 octobre dernier pour une visite compl\u00e8te du b\u00e2timent.<\/p><p>Avant eux, une centaine de coll\u00e9giens issus de 4 coll\u00e8ges de l\u2019agglom\u00e9ration avait \u00e9t\u00e9 accueillie le 10 octobre dans le cadre de la manifestation nationale Les coulisses du b\u00e2timent de la F\u00e9d\u00e9ration fran\u00e7aise du b\u00e2timent. L\u2019objectif de cette initiative \u00e0 laquelle le CHRU s\u2019est associ\u00e9 avec Bouygues Construction est de permettre aux coll\u00e9giens de visiter un chantier de construction grandeur nature, d\u2019\u00e9changer avec des professionnels et d\u2019en apprendre plus sur les diff\u00e9rents corps de m\u00e9tier. Sur le chantier du NHP, les \u00e9l\u00e8ves ont notamment pu d\u00e9couvrir le mat\u00e9riau original utilis\u00e9 : le b\u00e9ton bois.<\/p>\t\t\t\t\t\t<\/div>\n\t\t\t\t<\/div>\n\t\t\t\t\t<\/div>\n\t\t<\/div>\n\t\t\t\t\t<\/div>\n\t\t<\/section>\n\t\t\t\t<section class=\"elementor-section elementor-top-section elementor-element elementor-element-af3015c elementor-section-boxed elementor-section-height-default elementor-section-height-default\" data-id=\"af3015c\" data-element_type=\"section\">\n\t\t\t\t\t\t<div class=\"elementor-container elementor-column-gap-default\">\n\t\t\t\t\t<div class=\"elementor-column elementor-col-50 elementor-top-column elementor-element elementor-element-a728027\" data-id=\"a728027\" data-element_type=\"column\">\n\t\t\t<div class=\"elementor-widget-wrap elementor-element-populated\">\n\t\t\t\t\t\t<div class=\"elementor-element elementor-element-e4d5bcc elementor-widget elementor-widget-image\" data-id=\"e4d5bcc\" data-element_type=\"widget\" data-widget_type=\"image.default\">\n\t\t\t\t<div class=\"elementor-widget-container\">\n\t\t\t\t\t\t\t\t\t\t\t\t\t\t<a href=\"https:\/\/www.chu-tours.fr\/psychiatrie-addictologie\/wp-content\/uploads\/sites\/9\/2024\/10\/NHP1-scaled.jpg\" data-elementor-open-lightbox=\"yes\" data-elementor-lightbox-title=\"NHP1\" data-e-action-hash=\"#elementor-action%3Aaction%3Dlightbox%26settings%3DeyJpZCI6MTIwNywidXJsIjoiaHR0cHM6XC9cL3d3dy5jaHUtdG91cnMuZnJcL3BzeWNoaWF0cmllLWFkZGljdG9sb2dpZVwvd3AtY29udGVudFwvdXBsb2Fkc1wvc2l0ZXNcLzlcLzIwMjRcLzEwXC9OSFAxLXNjYWxlZC5qcGcifQ%3D%3D\">\n\t\t\t\t\t\t\t<img fetchpriority=\"high\" decoding=\"async\" width=\"2560\" height=\"1920\" src=\"https:\/\/www.chu-tours.fr\/psychiatrie-addictologie\/wp-content\/uploads\/sites\/9\/2024\/10\/NHP1-scaled.jpg\" class=\"attachment-full size-full wp-image-1207\" alt=\"NHP : le chantier avance sous l\u2019\u0153il des visiteurs\" srcset=\"https:\/\/www.chu-tours.fr\/psychiatrie-addictologie\/wp-content\/uploads\/sites\/9\/2024\/10\/NHP1-scaled.jpg 2560w, https:\/\/www.chu-tours.fr\/psychiatrie-addictologie\/wp-content\/uploads\/sites\/9\/2024\/10\/NHP1-300x225.jpg 300w, https:\/\/www.chu-tours.fr\/psychiatrie-addictologie\/wp-content\/uploads\/sites\/9\/2024\/10\/NHP1-1024x768.jpg 1024w, https:\/\/www.chu-tours.fr\/psychiatrie-addictologie\/wp-content\/uploads\/sites\/9\/2024\/10\/NHP1-768x576.jpg 768w, https:\/\/www.chu-tours.fr\/psychiatrie-addictologie\/wp-content\/uploads\/sites\/9\/2024\/10\/NHP1-1536x1152.jpg 1536w, https:\/\/www.chu-tours.fr\/psychiatrie-addictologie\/wp-content\/uploads\/sites\/9\/2024\/10\/NHP1-2048x1536.jpg 2048w, https:\/\/www.chu-tours.fr\/psychiatrie-addictologie\/wp-content\/uploads\/sites\/9\/2024\/10\/NHP1-70x52.jpg 70w\" sizes=\"(max-width: 2560px) 100vw, 2560px\" \/>\t\t\t\t\t\t\t\t<\/a>\n\t\t\t\t\t\t\t\t\t\t\t\t\t<\/div>\n\t\t\t\t<\/div>\n\t\t\t\t\t<\/div>\n\t\t<\/div>\n\t\t\t\t<div class=\"elementor-column elementor-col-50 elementor-top-column elementor-element elementor-element-d3ff977\" data-id=\"d3ff977\" data-element_type=\"column\">\n\t\t\t<div class=\"elementor-widget-wrap elementor-element-populated\">\n\t\t\t\t\t\t<div class=\"elementor-element elementor-element-49698e0 elementor-widget elementor-widget-image\" data-id=\"49698e0\" data-element_type=\"widget\" data-widget_type=\"image.default\">\n\t\t\t\t<div class=\"elementor-widget-container\">\n\t\t\t\t\t\t\t\t\t\t\t\t\t\t<a href=\"https:\/\/www.chu-tours.fr\/psychiatrie-addictologie\/wp-content\/uploads\/sites\/9\/2024\/10\/NHP2-1-scaled.jpg\" data-elementor-open-lightbox=\"yes\" data-elementor-lightbox-title=\"NHP2\" data-e-action-hash=\"#elementor-action%3Aaction%3Dlightbox%26settings%3DeyJpZCI6MTIxMSwidXJsIjoiaHR0cHM6XC9cL3d3dy5jaHUtdG91cnMuZnJcL3BzeWNoaWF0cmllLWFkZGljdG9sb2dpZVwvd3AtY29udGVudFwvdXBsb2Fkc1wvc2l0ZXNcLzlcLzIwMjRcLzEwXC9OSFAyLTEtc2NhbGVkLmpwZyJ9\">\n\t\t\t\t\t\t\t<img decoding=\"async\" width=\"225\" height=\"300\" src=\"https:\/\/www.chu-tours.fr\/psychiatrie-addictologie\/wp-content\/uploads\/sites\/9\/2024\/10\/NHP2-1-225x300.jpg\" class=\"attachment-medium size-medium wp-image-1211\" alt=\"\" srcset=\"https:\/\/www.chu-tours.fr\/psychiatrie-addictologie\/wp-content\/uploads\/sites\/9\/2024\/10\/NHP2-1-225x300.jpg 225w, https:\/\/www.chu-tours.fr\/psychiatrie-addictologie\/wp-content\/uploads\/sites\/9\/2024\/10\/NHP2-1-768x1024.jpg 768w, https:\/\/www.chu-tours.fr\/psychiatrie-addictologie\/wp-content\/uploads\/sites\/9\/2024\/10\/NHP2-1-1152x1536.jpg 1152w, https:\/\/www.chu-tours.fr\/psychiatrie-addictologie\/wp-content\/uploads\/sites\/9\/2024\/10\/NHP2-1-1536x2048.jpg 1536w, https:\/\/www.chu-tours.fr\/psychiatrie-addictologie\/wp-content\/uploads\/sites\/9\/2024\/10\/NHP2-1-scaled.jpg 1920w\" sizes=\"(max-width: 225px) 100vw, 225px\" \/>\t\t\t\t\t\t\t\t<\/a>\n\t\t\t\t\t\t\t\t\t\t\t\t\t<\/div>\n\t\t\t\t<\/div>\n\t\t\t\t\t<\/div>\n\t\t<\/div>\n\t\t\t\t\t<\/div>\n\t\t<\/section>\n\t\t\t\t<\/div>\n\t\t","protected":false},"excerpt":{"rendered":"<p>Le chantier du NHP avance bien. En cette mi-octobre : l\u2019ensemble des parois verticales du rez-de-chauss\u00e9e du b\u00e2timent sont pos\u00e9es ou coul\u00e9es ; la moiti\u00e9 des dalles du 1er \u00e9tage sont coul\u00e9es ; un quart des parois verticales du 1er \u00e9tage sont pos\u00e9es ou coul\u00e9es ; la premi\u00e8re menuiserie (1er de s\u00e9rie) a \u00e9t\u00e9 pos\u00e9e [&hellip;]<\/p>\n","protected":false},"author":4,"featured_media":1206,"parent":0,"menu_order":0,"comment_status":"closed","ping_status":"closed","template":"","meta":{"_seopress_robots_primary_cat":"","_seopress_titles_title":"","_seopress_titles_desc":"","_seopress_robots_index":"","_exactmetrics_skip_tracking":false,"_exactmetrics_sitenote_active":false,"_exactmetrics_sitenote_note":"","_exactmetrics_sitenote_category":0,"_genesis_hide_title":false,"_genesis_hide_breadcrumbs":false,"_genesis_hide_singular_image":false,"_genesis_hide_footer_widgets":false,"_genesis_custom_body_class":"","_genesis_custom_post_class":"","_genesis_layout":"","footnotes":""},"publishpress_future_action":{"enabled":false,"date":"2026-05-07 19:46:50","action":"change-status","newStatus":"draft","terms":[],"taxonomy":""},"_links":{"self":[{"href":"https:\/\/www.chu-tours.fr\/psychiatrie-addictologie\/wp-json\/wp\/v2\/pages\/1203"}],"collection":[{"href":"https:\/\/www.chu-tours.fr\/psychiatrie-addictologie\/wp-json\/wp\/v2\/pages"}],"about":[{"href":"https:\/\/www.chu-tours.fr\/psychiatrie-addictologie\/wp-json\/wp\/v2\/types\/page"}],"author":[{"embeddable":true,"href":"https:\/\/www.chu-tours.fr\/psychiatrie-addictologie\/wp-json\/wp\/v2\/users\/4"}],"replies":[{"embeddable":true,"href":"https:\/\/www.chu-tours.fr\/psychiatrie-addictologie\/wp-json\/wp\/v2\/comments?post=1203"}],"version-history":[{"count":4,"href":"https:\/\/www.chu-tours.fr\/psychiatrie-addictologie\/wp-json\/wp\/v2\/pages\/1203\/revisions"}],"predecessor-version":[{"id":1214,"href":"https:\/\/www.chu-tours.fr\/psychiatrie-addictologie\/wp-json\/wp\/v2\/pages\/1203\/revisions\/1214"}],"wp:featuredmedia":[{"embeddable":true,"href":"https:\/\/www.chu-tours.fr\/psychiatrie-addictologie\/wp-json\/wp\/v2\/media\/1206"}],"wp:attachment":[{"href":"https:\/\/www.chu-tours.fr\/psychiatrie-addictologie\/wp-json\/wp\/v2\/media?parent=1203"}],"curies":[{"name":"wp","href":"https:\/\/api.w.org\/{rel}","templated":true}]}}