{"id":1110,"date":"2023-11-30T10:45:57","date_gmt":"2023-11-30T09:45:57","guid":{"rendered":"https:\/\/www.chu-tours.fr\/psychiatrie-addictologie\/?page_id=1110"},"modified":"2023-11-30T10:46:21","modified_gmt":"2023-11-30T09:46:21","slug":"les-travaux-du-nouvel-hopital-psychiatrique-nhp-debutent-en-decembre","status":"publish","type":"page","link":"https:\/\/www.chu-tours.fr\/psychiatrie-addictologie\/les-travaux-du-nouvel-hopital-psychiatrique-nhp-debutent-en-decembre\/","title":{"rendered":"Les travaux du Nouvel H\u00f4pital Psychiatrique (NHP) d\u00e9butent en d\u00e9cembre"},"content":{"rendered":"<p>Les travaux qui doivent permettre au CHRU de regrouper l\u2019ensemble des capacit\u00e9s d\u2019hospitalisations compl\u00e8tes pour les adultes et les adolescents sur le site de Trousseau vont<br \/>\nd\u00e9buter.<\/p>\n<p>Le NHP sera le premier b\u00e2timent \u00eatre livr\u00e9. Il permettra aux diff\u00e9rentes unit\u00e9s de b\u00e9n\u00e9ficier d\u2019une proximit\u00e9 forte avec les activit\u00e9s somatiques et l\u2019accueil des Urgences, par<br \/>\nlequel transite un flux important des patients hospitalis\u00e9s en psychiatrie.<\/p>\n<p>Ce projet, ambitieux d\u2019un point de vue environnemental avec une empreinte carbone r\u00e9duite gr\u00e2ce aux murs en b\u00e9ton de bois ou en b\u00e9ton bas carbone et au raccordement au futur R\u00e9seau de Chaleur Urbain implant\u00e9 sur le site de Trousseau, permettra au NHP d\u2019\u00eatre un b\u00e2timent de r\u00e9f\u00e9rence dans le domaine de la sant\u00e9.<\/p>\n<p>Ce projet est aussi ambitieux au niveau du confort h\u00f4telier avec 90% de chambres individuelles en RDC ou en R+1 maximum, des espaces ext\u00e9rieurs d\u00e9di\u00e9s pour chaque<br \/>\nunit\u00e9, en plus, du jardin commun sur lequel donne les locaux communs d\u2019activit\u00e9s th\u00e9rapeutiques (arts cr\u00e9atifs, biblioth\u00e8que, socio-esth\u00e9tique, th\u00e9\u00e2tre, multisports, relaxation, cuisine th\u00e9rapeutique, \u2026).<\/p>\n<p>Il sera \u00e9galement reli\u00e9 au Logip\u00f4le par une galerie en sous-sol permettant d\u2019automatiser les diff\u00e9rents flux logistiques (d\u00e9chets, restauration, h\u00f4telier). La livraison de ce b\u00e2timent d\u2019environ 13000m\u00b2 implant\u00e9 sur une emprise fonci\u00e8re de pr\u00e8s de 2 hectares se fera en septembre 2025 avec un emm\u00e9nagement sur le dernier trimestre de cette<br \/>\nm\u00eame ann\u00e9e.<\/p>\n<p><strong>Les prochaines \u00e9tapes<\/strong><\/p>\n<ul>\n<li>Du 4 au 15 d\u00e9cembre : cr\u00e9ation du cheminement pi\u00e9ton entre le Logip\u00f4le et le parking n\u00b01 (derri\u00e8re les archives) &amp; mise en place des cl\u00f4tures de chantier<\/li>\n<li>Du 18 d\u00e9cembre au 17 janvier : cr\u00e9ation des r\u00e9seaux primaires sous voie et bungalows<\/li>\n<li>Du 15 janvier au 21 f\u00e9vrier : mise en oeuvre des installations de chantier<\/li>\n<li>Du 12 au 17 f\u00e9vrier : cr\u00e9ation de la galerie de liaison<\/li>\n<li>A partir du 21 f\u00e9vrier : d\u00e9but des terrassements g\u00e9n\u00e9raux<\/li>\n<\/ul>\n","protected":false},"excerpt":{"rendered":"<p>Les travaux qui doivent permettre au CHRU de regrouper l\u2019ensemble des capacit\u00e9s d\u2019hospitalisations compl\u00e8tes pour les adultes et les adolescents sur le site de Trousseau vont d\u00e9buter. Le NHP sera le premier b\u00e2timent \u00eatre livr\u00e9. Il permettra aux diff\u00e9rentes unit\u00e9s de b\u00e9n\u00e9ficier d\u2019une proximit\u00e9 forte avec les activit\u00e9s somatiques et l\u2019accueil des Urgences, par lequel [&hellip;]<\/p>\n","protected":false},"author":4,"featured_media":1109,"parent":0,"menu_order":0,"comment_status":"closed","ping_status":"closed","template":"","meta":{"_seopress_robots_primary_cat":"","_seopress_titles_title":"","_seopress_titles_desc":"","_seopress_robots_index":"","_exactmetrics_skip_tracking":false,"_exactmetrics_sitenote_active":false,"_exactmetrics_sitenote_note":"","_exactmetrics_sitenote_category":0,"_genesis_hide_title":false,"_genesis_hide_breadcrumbs":false,"_genesis_hide_singular_image":false,"_genesis_hide_footer_widgets":false,"_genesis_custom_body_class":"","_genesis_custom_post_class":"","_genesis_layout":"","footnotes":""},"publishpress_future_action":{"enabled":false,"date":"2026-05-07 20:44:03","action":"change-status","newStatus":"draft","terms":[],"taxonomy":""},"_links":{"self":[{"href":"https:\/\/www.chu-tours.fr\/psychiatrie-addictologie\/wp-json\/wp\/v2\/pages\/1110"}],"collection":[{"href":"https:\/\/www.chu-tours.fr\/psychiatrie-addictologie\/wp-json\/wp\/v2\/pages"}],"about":[{"href":"https:\/\/www.chu-tours.fr\/psychiatrie-addictologie\/wp-json\/wp\/v2\/types\/page"}],"author":[{"embeddable":true,"href":"https:\/\/www.chu-tours.fr\/psychiatrie-addictologie\/wp-json\/wp\/v2\/users\/4"}],"replies":[{"embeddable":true,"href":"https:\/\/www.chu-tours.fr\/psychiatrie-addictologie\/wp-json\/wp\/v2\/comments?post=1110"}],"version-history":[{"count":1,"href":"https:\/\/www.chu-tours.fr\/psychiatrie-addictologie\/wp-json\/wp\/v2\/pages\/1110\/revisions"}],"predecessor-version":[{"id":1112,"href":"https:\/\/www.chu-tours.fr\/psychiatrie-addictologie\/wp-json\/wp\/v2\/pages\/1110\/revisions\/1112"}],"wp:featuredmedia":[{"embeddable":true,"href":"https:\/\/www.chu-tours.fr\/psychiatrie-addictologie\/wp-json\/wp\/v2\/media\/1109"}],"wp:attachment":[{"href":"https:\/\/www.chu-tours.fr\/psychiatrie-addictologie\/wp-json\/wp\/v2\/media?parent=1110"}],"curies":[{"name":"wp","href":"https:\/\/api.w.org\/{rel}","templated":true}]}}