{"id":1087,"date":"2023-11-06T10:47:25","date_gmt":"2023-11-06T09:47:25","guid":{"rendered":"https:\/\/www.chu-tours.fr\/psychiatrie-addictologie\/?page_id=1087"},"modified":"2023-11-06T10:57:35","modified_gmt":"2023-11-06T09:57:35","slug":"le-20-11-interface37-organise-un-afterwork-pour-lacces-a-lemploi-des-personnes-en-situation-de-handicap-psychique","status":"publish","type":"page","link":"https:\/\/www.chu-tours.fr\/psychiatrie-addictologie\/le-20-11-interface37-organise-un-afterwork-pour-lacces-a-lemploi-des-personnes-en-situation-de-handicap-psychique\/","title":{"rendered":"Le 20\/11 InterFACE37 organise un afterwork pour l&#8217;acc\u00e8s \u00e0 l&#8217;emploi des personnes en situation de handicap psychique"},"content":{"rendered":"\t\t<div data-elementor-type=\"wp-page\" data-elementor-id=\"1087\" class=\"elementor elementor-1087\" data-elementor-post-type=\"page\">\n\t\t\t\t\t\t<section class=\"elementor-section elementor-top-section elementor-element elementor-element-c783e1b elementor-section-boxed elementor-section-height-default elementor-section-height-default\" data-id=\"c783e1b\" data-element_type=\"section\">\n\t\t\t\t\t\t<div class=\"elementor-container elementor-column-gap-default\">\n\t\t\t\t\t<div class=\"elementor-column elementor-col-100 elementor-top-column elementor-element elementor-element-1e04af4\" data-id=\"1e04af4\" data-element_type=\"column\">\n\t\t\t<div class=\"elementor-widget-wrap elementor-element-populated\">\n\t\t\t\t\t\t<div class=\"elementor-element elementor-element-d7ff581 elementor-widget elementor-widget-text-editor\" data-id=\"d7ff581\" data-element_type=\"widget\" data-widget_type=\"text-editor.default\">\n\t\t\t\t<div class=\"elementor-widget-container\">\n\t\t\t\t\t\t\t<p><strong>Le 20 novembre, les entreprises d\u2019Indre-et-Loire ont rendez-vous pour une soir\u00e9e d\u2019\u00e9changes \u00e0 l\u2019H\u00f4tel de ville de Tours. Elles sont convi\u00e9es par InterFACE37 et l\u2019ESAT Les Vall\u00e9es de Luynes pour parler emploi des personnes en situation de handicap &#8211; trouble du d\u00e9veloppement intellectuel et troubles psychiques.<\/strong><\/p><p><strong>Cette soir\u00e9e, ouverte \u00e0 toutes les entreprises du territoire est organis\u00e9e dans le cadre de la Semaine europ\u00e9enne pour l\u2019emploi des personnes handicap\u00e9es (SEEPH).<\/strong><\/p><p><strong>Une mobilisation commune pour un objectif commun <\/strong><\/p><p>Pendant la semaine de mobilisation pour l\u2019emploi des personnes handicap\u00e9es, les entreprises se mobilisent pour accueillir des personnes en situation de handicap (POEMO, Duoday) et favoriser leur inclusion. Ainsi dans cette dynamique, l\u2019ESAT les Vall\u00e9es et interFACE37 qui accompagnent un public commun ont souhait\u00e9 s\u2019associer pour cr\u00e9er un \u00e9v\u00e8nement.<\/p><p>Il est important de pouvoir apporter une vision plus claire et une meilleure lisibilit\u00e9 des diff\u00e9rents services sur lesquels les entreprises peuvent s\u2019appuyer pour favoriser l\u2019insertion ou le maintien en emploi des personnes en situation de handicap. Cette soir\u00e9e permettra aux entreprises de partager leurs exp\u00e9riences d\u2019inclusion, de mieux identifier leurs probl\u00e9matiques inclusives et d\u2019y apporter des solutions au travers d\u2019un th\u00e9\u00e2tre forum ludique mais \u00e9galement d\u2019offrir un espace partenaires pour que<br \/>les acteurs du territoire puissent expliquer leur offre de service.<\/p><p><strong>InterFACE37 est un dispositif du CHRU<\/strong> qui propose un accompagnement individualis\u00e9 afin de favoriser l\u2019acc\u00e8s et le maintien en emploi en milieu ordinaire des personnes pr\u00e9sentant des troubles psychiques.<\/p><p>Compos\u00e9e de jobcoachs, l\u2019\u00e9quipe pluridisciplinaire (m\u00e9decin psychiatre, infirmiers, assistante sociale, m\u00e9diateur de sant\u00e9 pair, secr\u00e9taire) est supervis\u00e9e par le Dr Graux et Zohra Khelifa, cadre de sant\u00e9. L\u2019\u00e9quipe est l\u2019interface entre la personne atteinte de troubles psychiques d\u00e9sireuse de travailler, les entreprises du territoire et les structures de psychiatrie de l\u2019\u00e9tablissement. InterFACE37 est une \u00e9quipe mobile, r\u00e9active et disponible qui souhaite \u00eatre au plus pr\u00e8s des besoins des entreprises en rep\u00e9rant les besoins sp\u00e9cifiques des entreprises en terme de recrutement et en accompagnent l\u2019int\u00e9gration des salari\u00e9s au sein des entreprises.<\/p><p>Pour soutenir les employeurs du territoire, l\u2019\u00e9quipe propose \u00e9galement des actions de sensibilisation \u00e0 la sant\u00e9 mentale gratuites adapt\u00e9es \u00e0 chaque entreprise. InterFACE37 s\u2019inscrit dans les actions du Territoire en collaboration avec les partenaires de l\u2019emploi.<\/p><p>\u00a0<\/p>\t\t\t\t\t\t<\/div>\n\t\t\t\t<\/div>\n\t\t\t\t\t<\/div>\n\t\t<\/div>\n\t\t\t\t\t<\/div>\n\t\t<\/section>\n\t\t\t\t<section class=\"elementor-section elementor-top-section elementor-element elementor-element-aa4b4cf elementor-section-boxed elementor-section-height-default elementor-section-height-default\" data-id=\"aa4b4cf\" data-element_type=\"section\">\n\t\t\t\t\t\t<div class=\"elementor-container elementor-column-gap-default\">\n\t\t\t\t\t<div class=\"elementor-column elementor-col-100 elementor-top-column elementor-element elementor-element-b9bc563\" data-id=\"b9bc563\" data-element_type=\"column\">\n\t\t\t<div class=\"elementor-widget-wrap elementor-element-populated\">\n\t\t\t\t\t\t<div class=\"elementor-element elementor-element-55da6a8 elementor-widget elementor-widget-image\" data-id=\"55da6a8\" data-element_type=\"widget\" data-widget_type=\"image.default\">\n\t\t\t\t<div class=\"elementor-widget-container\">\n\t\t\t\t\t\t\t\t\t\t\t\t\t\t<a href=\"https:\/\/www.chu-tours.fr\/psychiatrie-addictologie\/wp-content\/uploads\/sites\/9\/2023\/11\/Invitation-Soiree-interfaces-37-20-nov-2023.jpg\" data-elementor-open-lightbox=\"yes\" data-elementor-lightbox-title=\"Invitation-Soir\u00e9e-interfaces-37-20-nov-2023\" data-e-action-hash=\"#elementor-action%3Aaction%3Dlightbox%26settings%3DeyJpZCI6MTA4MywidXJsIjoiaHR0cHM6XC9cL3d3dy5jaHUtdG91cnMuZnJcL3BzeWNoaWF0cmllLWFkZGljdG9sb2dpZVwvd3AtY29udGVudFwvdXBsb2Fkc1wvc2l0ZXNcLzlcLzIwMjNcLzExXC9JbnZpdGF0aW9uLVNvaXJlZS1pbnRlcmZhY2VzLTM3LTIwLW5vdi0yMDIzLmpwZyJ9\">\n\t\t\t\t\t\t\t<img fetchpriority=\"high\" decoding=\"async\" width=\"768\" height=\"1139\" src=\"https:\/\/www.chu-tours.fr\/psychiatrie-addictologie\/wp-content\/uploads\/sites\/9\/2023\/11\/Invitation-Soiree-interfaces-37-20-nov-2023-768x1139.jpg\" class=\"attachment-medium_large size-medium_large wp-image-1083\" alt=\"Rendez-vous le lundi 20 Novembre \u00e0 18h, Salle des f\u00eates de l\u2019H\u00f4tel de ville de Tours\" srcset=\"https:\/\/www.chu-tours.fr\/psychiatrie-addictologie\/wp-content\/uploads\/sites\/9\/2023\/11\/Invitation-Soiree-interfaces-37-20-nov-2023-768x1139.jpg 768w, https:\/\/www.chu-tours.fr\/psychiatrie-addictologie\/wp-content\/uploads\/sites\/9\/2023\/11\/Invitation-Soiree-interfaces-37-20-nov-2023-202x300.jpg 202w, https:\/\/www.chu-tours.fr\/psychiatrie-addictologie\/wp-content\/uploads\/sites\/9\/2023\/11\/Invitation-Soiree-interfaces-37-20-nov-2023-691x1024.jpg 691w, https:\/\/www.chu-tours.fr\/psychiatrie-addictologie\/wp-content\/uploads\/sites\/9\/2023\/11\/Invitation-Soiree-interfaces-37-20-nov-2023.jpg 800w\" sizes=\"(max-width: 768px) 100vw, 768px\" \/>\t\t\t\t\t\t\t\t<\/a>\n\t\t\t\t\t\t\t\t\t\t\t\t\t<\/div>\n\t\t\t\t<\/div>\n\t\t\t\t\t<\/div>\n\t\t<\/div>\n\t\t\t\t\t<\/div>\n\t\t<\/section>\n\t\t\t\t<section class=\"elementor-section elementor-top-section elementor-element elementor-element-57a4a4d elementor-section-boxed elementor-section-height-default elementor-section-height-default\" data-id=\"57a4a4d\" data-element_type=\"section\">\n\t\t\t\t\t\t<div class=\"elementor-container elementor-column-gap-default\">\n\t\t\t\t\t<div class=\"elementor-column elementor-col-100 elementor-top-column elementor-element elementor-element-1b88f01\" data-id=\"1b88f01\" data-element_type=\"column\">\n\t\t\t<div class=\"elementor-widget-wrap elementor-element-populated\">\n\t\t\t\t\t\t<section class=\"elementor-section elementor-inner-section elementor-element elementor-element-d1c77f3 elementor-section-boxed elementor-section-height-default elementor-section-height-default\" data-id=\"d1c77f3\" data-element_type=\"section\">\n\t\t\t\t\t\t<div class=\"elementor-container elementor-column-gap-extended\">\n\t\t\t\t\t<div class=\"elementor-column elementor-col-50 elementor-inner-column elementor-element elementor-element-942ae4b\" data-id=\"942ae4b\" data-element_type=\"column\">\n\t\t\t<div class=\"elementor-widget-wrap elementor-element-populated\">\n\t\t\t\t\t\t<div class=\"elementor-element elementor-element-c923cde elementor-widget elementor-widget-text-editor\" data-id=\"c923cde\" data-element_type=\"widget\" data-widget_type=\"text-editor.default\">\n\t\t\t\t<div class=\"elementor-widget-container\">\n\t\t\t\t\t\t\t<p><strong>InterFACE37 en chiffres :<\/strong><\/p><p>Depuis sa cr\u00e9ation en 2017, interFACE37 a accompagn\u00e9\u00a0 120 personnes dont 50 % ont eu une exp\u00e9rience de travail en milieu ordinaire (37 % de\u00a0 CDD, 18 % de CDI, 9 % contrat int\u00e9rim, 9 % de contrat d\u2019apprentissage, 18 % en formation, 9 % auto-entreprenariat en 2022).<\/p><p>\u00a0<\/p>\t\t\t\t\t\t<\/div>\n\t\t\t\t<\/div>\n\t\t\t\t\t<\/div>\n\t\t<\/div>\n\t\t\t\t<div class=\"elementor-column elementor-col-50 elementor-inner-column elementor-element elementor-element-8b66739\" data-id=\"8b66739\" data-element_type=\"column\">\n\t\t\t<div class=\"elementor-widget-wrap elementor-element-populated\">\n\t\t\t\t\t\t<div class=\"elementor-element elementor-element-f7205f9 elementor-widget elementor-widget-text-editor\" data-id=\"f7205f9\" data-element_type=\"widget\" data-widget_type=\"text-editor.default\">\n\t\t\t\t<div class=\"elementor-widget-container\">\n\t\t\t\t\t\t\t<p><strong>\u00c0 SAVOIR<\/strong><\/p><p>Selon l\u2019OMS, \u00bc de la population est concern\u00e9 \u00e0 un moment ou un autre de sa vie \u00e0 un trouble psychique.<\/p><p>Le taux de ch\u00f4mage des personnes en situation de handicap est de 12% en 2022 (Handigouv).<\/p><p>Les embauches des personnes en situation de handicap ont augment\u00e9 de 26 % en 1 an (Handigouv).<\/p>\t\t\t\t\t\t<\/div>\n\t\t\t\t<\/div>\n\t\t\t\t\t<\/div>\n\t\t<\/div>\n\t\t\t\t\t<\/div>\n\t\t<\/section>\n\t\t\t\t\t<\/div>\n\t\t<\/div>\n\t\t\t\t\t<\/div>\n\t\t<\/section>\n\t\t\t\t<\/div>\n\t\t","protected":false},"excerpt":{"rendered":"<p>Le 20 novembre, les entreprises d\u2019Indre-et-Loire ont rendez-vous pour une soir\u00e9e d\u2019\u00e9changes \u00e0 l\u2019H\u00f4tel de ville de Tours. Elles sont convi\u00e9es par InterFACE37 et l\u2019ESAT Les Vall\u00e9es de Luynes pour parler emploi des personnes en situation de handicap &#8211; trouble du d\u00e9veloppement intellectuel et troubles psychiques. Cette soir\u00e9e, ouverte \u00e0 toutes les entreprises du territoire [&hellip;]<\/p>\n","protected":false},"author":4,"featured_media":1084,"parent":0,"menu_order":0,"comment_status":"closed","ping_status":"closed","template":"","meta":{"_seopress_robots_primary_cat":"","_seopress_titles_title":"Les actualit\u00e9s du p\u00f4le Psychiatrie-Addictologie. 20\/11 Afterwork.","_seopress_titles_desc":"Le 20\/11 InterFACE37 organise un afterwork pour l&#039;acc\u00e8s \u00e0 l&#039;emploi des personnes en situation de handicap psychique.","_seopress_robots_index":"","_exactmetrics_skip_tracking":false,"_exactmetrics_sitenote_active":false,"_exactmetrics_sitenote_note":"","_exactmetrics_sitenote_category":0,"_genesis_hide_title":false,"_genesis_hide_breadcrumbs":false,"_genesis_hide_singular_image":false,"_genesis_hide_footer_widgets":false,"_genesis_custom_body_class":"","_genesis_custom_post_class":"","_genesis_layout":"","footnotes":""},"publishpress_future_action":{"enabled":false,"date":"2026-05-07 20:42:49","action":"change-status","newStatus":"draft","terms":[],"taxonomy":""},"_links":{"self":[{"href":"https:\/\/www.chu-tours.fr\/psychiatrie-addictologie\/wp-json\/wp\/v2\/pages\/1087"}],"collection":[{"href":"https:\/\/www.chu-tours.fr\/psychiatrie-addictologie\/wp-json\/wp\/v2\/pages"}],"about":[{"href":"https:\/\/www.chu-tours.fr\/psychiatrie-addictologie\/wp-json\/wp\/v2\/types\/page"}],"author":[{"embeddable":true,"href":"https:\/\/www.chu-tours.fr\/psychiatrie-addictologie\/wp-json\/wp\/v2\/users\/4"}],"replies":[{"embeddable":true,"href":"https:\/\/www.chu-tours.fr\/psychiatrie-addictologie\/wp-json\/wp\/v2\/comments?post=1087"}],"version-history":[{"count":7,"href":"https:\/\/www.chu-tours.fr\/psychiatrie-addictologie\/wp-json\/wp\/v2\/pages\/1087\/revisions"}],"predecessor-version":[{"id":1094,"href":"https:\/\/www.chu-tours.fr\/psychiatrie-addictologie\/wp-json\/wp\/v2\/pages\/1087\/revisions\/1094"}],"wp:featuredmedia":[{"embeddable":true,"href":"https:\/\/www.chu-tours.fr\/psychiatrie-addictologie\/wp-json\/wp\/v2\/media\/1084"}],"wp:attachment":[{"href":"https:\/\/www.chu-tours.fr\/psychiatrie-addictologie\/wp-json\/wp\/v2\/media?parent=1087"}],"curies":[{"name":"wp","href":"https:\/\/api.w.org\/{rel}","templated":true}]}}

Le 20/11 InterFACE37 organise un afterwork pour l&#8217;accès à l&#8217;emploi des personnes en situation de handicap psychique

<div data-elementor-type="wp-page" data-elementor-id="1087" class="elementor elementor-1087" data-elementor-post-type="page">
						<section class="elementor-section elementor-top-section elementor-element elementor-element-c783e1b elementor-section-boxed elementor-section-height-default elementor-section-height-default" data-id="c783e1b" data-element_type="section">
						<div class="elementor-container elementor-column-gap-default">
					<div class="elementor-column elementor-col-100 elementor-top-column elementor-element elementor-element-1e04af4" data-id="1e04af4" data-element_type="column">
			<div class="elementor-widget-wrap elementor-element-populated">
						<div class="elementor-element elementor-element-d7ff581 elementor-widget elementor-widget-text-editor" data-id="d7ff581" data-element_type="widget" data-widget_type="text-editor.default">
				<div class="elementor-widget-container">
							<p><strong>Le 20 novembre, les entreprises d’Indre-et-Loire ont rendez-vous pour une soirée d’échanges à l’Hôtel de ville de Tours. Elles sont conviées par InterFACE37 et l’ESAT Les Vallées de Luynes pour parler emploi des personnes en situation de handicap &#8211; trouble du développement intellectuel et troubles psychiques.</strong></p><p><strong>Cette soirée, ouverte à toutes les entreprises du territoire est organisée dans le cadre de la Semaine européenne pour l’emploi des personnes handicapées (SEEPH).</strong></p><p><strong>Une mobilisation commune pour un objectif commun </strong></p><p>Pendant la semaine de mobilisation pour l’emploi des personnes handicapées, les entreprises se mobilisent pour accueillir des personnes en situation de handicap (POEMO, Duoday) et favoriser leur inclusion. Ainsi dans cette dynamique, l’ESAT les Vallées et interFACE37 qui accompagnent un public commun ont souhaité s’associer pour créer un évènement.</p><p>Il est important de pouvoir apporter une vision plus claire et une meilleure lisibilité des différents services sur lesquels les entreprises peuvent s’appuyer pour favoriser l’insertion ou le maintien en emploi des personnes en situation de handicap. Cette soirée permettra aux entreprises de partager leurs expériences d’inclusion, de mieux identifier leurs problématiques inclusives et d’y apporter des solutions au travers d’un théâtre forum ludique mais également d’offrir un espace partenaires pour que<br />les acteurs du territoire puissent expliquer leur offre de service.</p><p><strong>InterFACE37 est un dispositif du CHRU</strong> qui propose un accompagnement individualisé afin de favoriser l’accès et le maintien en emploi en milieu ordinaire des personnes présentant des troubles psychiques.</p><p>Composée de jobcoachs, l’équipe pluridisciplinaire (médecin psychiatre, infirmiers, assistante sociale, médiateur de santé pair, secrétaire) est supervisée par le Dr Graux et Zohra Khelifa, cadre de santé. L’équipe est l’interface entre la personne atteinte de troubles psychiques désireuse de travailler, les entreprises du territoire et les structures de psychiatrie de l’établissement. InterFACE37 est une équipe mobile, réactive et disponible qui souhaite être au plus près des besoins des entreprises en repérant les besoins spécifiques des entreprises en terme de recrutement et en accompagnent l’intégration des salariés au sein des entreprises.</p><p>Pour soutenir les employeurs du territoire, l’équipe propose également des actions de sensibilisation à la santé mentale gratuites adaptées à chaque entreprise. InterFACE37 s’inscrit dans les actions du Territoire en collaboration avec les partenaires de l’emploi.</p><p> </p>						</div>
				</div>
					</div>
		</div>
					</div>
		</section>
				<section class="elementor-section elementor-top-section elementor-element elementor-element-aa4b4cf elementor-section-boxed elementor-section-height-default elementor-section-height-default" data-id="aa4b4cf" data-element_type="section">
						<div class="elementor-container elementor-column-gap-default">
					<div class="elementor-column elementor-col-100 elementor-top-column elementor-element elementor-element-b9bc563" data-id="b9bc563" data-element_type="column">
			<div class="elementor-widget-wrap elementor-element-populated">
						<div class="elementor-element elementor-element-55da6a8 elementor-widget elementor-widget-image" data-id="55da6a8" data-element_type="widget" data-widget_type="image.default">
				<div class="elementor-widget-container">
														<a href="https://www.chu-tours.fr/psychiatrie-addictologie/wp-content/uploads/sites/9/2023/11/Invitation-Soiree-interfaces-37-20-nov-2023.jpg" data-elementor-open-lightbox="yes" data-elementor-lightbox-title="Invitation-Soirée-interfaces-37-20-nov-2023" data-e-action-hash="#elementor-action%3Aaction%3Dlightbox%26settings%3DeyJpZCI6MTA4MywidXJsIjoiaHR0cHM6XC9cL3d3dy5jaHUtdG91cnMuZnJcL3BzeWNoaWF0cmllLWFkZGljdG9sb2dpZVwvd3AtY29udGVudFwvdXBsb2Fkc1wvc2l0ZXNcLzlcLzIwMjNcLzExXC9JbnZpdGF0aW9uLVNvaXJlZS1pbnRlcmZhY2VzLTM3LTIwLW5vdi0yMDIzLmpwZyJ9">
							<img fetchpriority="high" decoding="async" width="768" height="1139" src="https://www.chu-tours.fr/psychiatrie-addictologie/wp-content/uploads/sites/9/2023/11/Invitation-Soiree-interfaces-37-20-nov-2023-768x1139.jpg" class="attachment-medium_large size-medium_large wp-image-1083" alt="Rendez-vous le lundi 20 Novembre à 18h, Salle des fêtes de l’Hôtel de ville de Tours" srcset="https://www.chu-tours.fr/psychiatrie-addictologie/wp-content/uploads/sites/9/2023/11/Invitation-Soiree-interfaces-37-20-nov-2023-768x1139.jpg 768w, https://www.chu-tours.fr/psychiatrie-addictologie/wp-content/uploads/sites/9/2023/11/Invitation-Soiree-interfaces-37-20-nov-2023-202x300.jpg 202w, https://www.chu-tours.fr/psychiatrie-addictologie/wp-content/uploads/sites/9/2023/11/Invitation-Soiree-interfaces-37-20-nov-2023-691x1024.jpg 691w, https://www.chu-tours.fr/psychiatrie-addictologie/wp-content/uploads/sites/9/2023/11/Invitation-Soiree-interfaces-37-20-nov-2023.jpg 800w" sizes="(max-width: 768px) 100vw, 768px" />								</a>
													</div>
				</div>
					</div>
		</div>
					</div>
		</section>
				<section class="elementor-section elementor-top-section elementor-element elementor-element-57a4a4d elementor-section-boxed elementor-section-height-default elementor-section-height-default" data-id="57a4a4d" data-element_type="section">
						<div class="elementor-container elementor-column-gap-default">
					<div class="elementor-column elementor-col-100 elementor-top-column elementor-element elementor-element-1b88f01" data-id="1b88f01" data-element_type="column">
			<div class="elementor-widget-wrap elementor-element-populated">
						<section class="elementor-section elementor-inner-section elementor-element elementor-element-d1c77f3 elementor-section-boxed elementor-section-height-default elementor-section-height-default" data-id="d1c77f3" data-element_type="section">
						<div class="elementor-container elementor-column-gap-extended">
					<div class="elementor-column elementor-col-50 elementor-inner-column elementor-element elementor-element-942ae4b" data-id="942ae4b" data-element_type="column">
			<div class="elementor-widget-wrap elementor-element-populated">
						<div class="elementor-element elementor-element-c923cde elementor-widget elementor-widget-text-editor" data-id="c923cde" data-element_type="widget" data-widget_type="text-editor.default">
				<div class="elementor-widget-container">
							<p><strong>InterFACE37 en chiffres :</strong></p><p>Depuis sa création en 2017, interFACE37 a accompagné  120 personnes dont 50 % ont eu une expérience de travail en milieu ordinaire (37 % de  CDD, 18 % de CDI, 9 % contrat intérim, 9 % de contrat d’apprentissage, 18 % en formation, 9 % auto-entreprenariat en 2022).</p><p> </p>						</div>
				</div>
					</div>
		</div>
				<div class="elementor-column elementor-col-50 elementor-inner-column elementor-element elementor-element-8b66739" data-id="8b66739" data-element_type="column">
			<div class="elementor-widget-wrap elementor-element-populated">
						<div class="elementor-element elementor-element-f7205f9 elementor-widget elementor-widget-text-editor" data-id="f7205f9" data-element_type="widget" data-widget_type="text-editor.default">
				<div class="elementor-widget-container">
							<p><strong>À SAVOIR</strong></p><p>Selon l’OMS, ¼ de la population est concerné à un moment ou un autre de sa vie à un trouble psychique.</p><p>Le taux de chômage des personnes en situation de handicap est de 12% en 2022 (Handigouv).</p><p>Les embauches des personnes en situation de handicap ont augmenté de 26 % en 1 an (Handigouv).</p>						</div>
				</div>
					</div>
		</div>
					</div>
		</section>
					</div>
		</div>
					</div>
		</section>
				</div>

<p>Le 20 novembre, les entreprises d’Indre-et-Loire ont rendez-vous pour une soirée d’échanges à l’Hôtel de ville de Tours. Elles sont conviées par InterFACE37 et l’ESAT Les Vallées de Luynes pour parler emploi des personnes en situation de handicap &#8211; trouble du développement intellectuel et troubles psychiques. Cette soirée, ouverte à toutes les entreprises du territoire [&hellip;]</p>

Les actualités du pôle Psychiatrie-Addictologie. 20/11 Afterwork.

Le 20/11 InterFACE37 organise un afterwork pour l&#039;accès à l&#039;emploi des personnes en situation de handicap psychique.
