{"id":1068,"date":"2023-09-19T14:29:51","date_gmt":"2023-09-19T12:29:51","guid":{"rendered":"https:\/\/www.chu-tours.fr\/psychiatrie-addictologie\/?page_id=1068"},"modified":"2023-09-19T14:32:47","modified_gmt":"2023-09-19T12:32:47","slug":"16-septembre-journee-mondiale-de-prevention-du-suicide","status":"publish","type":"page","link":"https:\/\/www.chu-tours.fr\/psychiatrie-addictologie\/16-septembre-journee-mondiale-de-prevention-du-suicide\/","title":{"rendered":"16 septembre : Journ\u00e9e mondiale de pr\u00e9vention du suicide"},"content":{"rendered":"\t\t<div data-elementor-type=\"wp-page\" data-elementor-id=\"1068\" class=\"elementor elementor-1068\" data-elementor-post-type=\"page\">\n\t\t\t\t\t\t<section class=\"elementor-section elementor-top-section elementor-element elementor-element-c783e1b elementor-section-boxed elementor-section-height-default elementor-section-height-default\" data-id=\"c783e1b\" data-element_type=\"section\">\n\t\t\t\t\t\t<div class=\"elementor-container elementor-column-gap-default\">\n\t\t\t\t\t<div class=\"elementor-column elementor-col-100 elementor-top-column elementor-element elementor-element-1e04af4\" data-id=\"1e04af4\" data-element_type=\"column\">\n\t\t\t<div class=\"elementor-widget-wrap elementor-element-populated\">\n\t\t\t\t\t\t<div class=\"elementor-element elementor-element-d7ff581 elementor-widget elementor-widget-text-editor\" data-id=\"d7ff581\" data-element_type=\"widget\" data-widget_type=\"text-editor.default\">\n\t\t\t\t<div class=\"elementor-widget-container\">\n\t\t\t\t\t\t\t<p>Cette ann\u00e9e, \u00e0 l\u2019occasion de la Journ\u00e9e Mondiale de Pr\u00e9vention du Suicide, un Village Associatif permettra au plus grand nombre de comprendre les enjeux de la pr\u00e9vention et de pouvoir y contribuer. En partenariat avec le Centre Commercial L\u2019Heure Tranquille \u00e0 Tours, le r\u00e9seau a con\u00e7u un programme sur l\u2019ensemble de l\u2019apr\u00e8s-midi du samedi 16 septembre, avec les stands de plusieurs associations d\u00e9di\u00e9es.<\/p><p>Au programme :<\/p><ul><li>\u00e9changes avec des associations, des professionnels &amp; des structures,<\/li><li>activit\u00e9s sur la sant\u00e9 mentale, sur le bien \u00eatre,<\/li><li>interm\u00e8de musical &amp; quiz.<\/li><\/ul><p>16 septembre : Journ\u00e9e mondiale de pr\u00e9vention du suicide Pour m\u00e9moire En Indre-et-Loire, le R\u00e9seau VIES37 rassemble depuis 1997 plus de 30 structures d\u00e9partementales et des associations d\u00e9di\u00e9es. Il \u0153uvre sur le terrain et relaie<br \/>l\u2019appel de l\u2019Union Nationale pour la Pr\u00e9vention du Suicide \u00e0 une pr\u00e9vention partag\u00e9e. Le concept de la pr\u00e9vention partag\u00e9e consiste \u00e0 r\u00e9unir divers acteurs \u0153uvrant dans des champs de comp\u00e9tences, tr\u00e8s diversifi\u00e9s mais compl\u00e9mentaires.<\/p>\t\t\t\t\t\t<\/div>\n\t\t\t\t<\/div>\n\t\t\t\t\t<\/div>\n\t\t<\/div>\n\t\t\t\t\t<\/div>\n\t\t<\/section>\n\t\t\t\t<section class=\"elementor-section elementor-top-section elementor-element elementor-element-aa4b4cf elementor-section-boxed elementor-section-height-default elementor-section-height-default\" data-id=\"aa4b4cf\" data-element_type=\"section\">\n\t\t\t\t\t\t<div class=\"elementor-container elementor-column-gap-default\">\n\t\t\t\t\t<div class=\"elementor-column elementor-col-100 elementor-top-column elementor-element elementor-element-b9bc563\" data-id=\"b9bc563\" data-element_type=\"column\">\n\t\t\t<div class=\"elementor-widget-wrap elementor-element-populated\">\n\t\t\t\t\t\t<div class=\"elementor-element elementor-element-55da6a8 elementor-widget elementor-widget-image\" data-id=\"55da6a8\" data-element_type=\"widget\" data-widget_type=\"image.default\">\n\t\t\t\t<div class=\"elementor-widget-container\">\n\t\t\t\t\t\t\t\t\t\t\t\t\t<img fetchpriority=\"high\" decoding=\"async\" width=\"768\" height=\"1087\" src=\"https:\/\/www.chu-tours.fr\/psychiatrie-addictologie\/wp-content\/uploads\/sites\/9\/2023\/09\/Affiche-JMPS_web-768x1087.png\" class=\"attachment-medium_large size-medium_large wp-image-1062\" alt=\"16 septembre : Journ\u00e9e mondiale de pr\u00e9vention du suicide\" srcset=\"https:\/\/www.chu-tours.fr\/psychiatrie-addictologie\/wp-content\/uploads\/sites\/9\/2023\/09\/Affiche-JMPS_web-768x1087.png 768w, https:\/\/www.chu-tours.fr\/psychiatrie-addictologie\/wp-content\/uploads\/sites\/9\/2023\/09\/Affiche-JMPS_web-212x300.png 212w, https:\/\/www.chu-tours.fr\/psychiatrie-addictologie\/wp-content\/uploads\/sites\/9\/2023\/09\/Affiche-JMPS_web-724x1024.png 724w, https:\/\/www.chu-tours.fr\/psychiatrie-addictologie\/wp-content\/uploads\/sites\/9\/2023\/09\/Affiche-JMPS_web-1085x1536.png 1085w, https:\/\/www.chu-tours.fr\/psychiatrie-addictologie\/wp-content\/uploads\/sites\/9\/2023\/09\/Affiche-JMPS_web.png 1190w\" sizes=\"(max-width: 768px) 100vw, 768px\" \/>\t\t\t\t\t\t\t\t\t\t\t\t\t<\/div>\n\t\t\t\t<\/div>\n\t\t\t\t\t<\/div>\n\t\t<\/div>\n\t\t\t\t\t<\/div>\n\t\t<\/section>\n\t\t\t\t<\/div>\n\t\t","protected":false},"excerpt":{"rendered":"<p>Cette ann\u00e9e, \u00e0 l\u2019occasion de la Journ\u00e9e Mondiale de Pr\u00e9vention du Suicide, un Village Associatif permettra au plus grand nombre de comprendre les enjeux de la pr\u00e9vention et de pouvoir y contribuer. En partenariat avec le Centre Commercial L\u2019Heure Tranquille \u00e0 Tours, le r\u00e9seau a con\u00e7u un programme sur l\u2019ensemble de l\u2019apr\u00e8s-midi du samedi 16 [&hellip;]<\/p>\n","protected":false},"author":4,"featured_media":1059,"parent":0,"menu_order":0,"comment_status":"closed","ping_status":"closed","template":"","meta":{"_seopress_robots_primary_cat":"","_seopress_titles_title":"Les actualit\u00e9s du p\u00f4le Psychiatrie-Addictologie. 16 septembre : Journ\u00e9e mondiale de pr\u00e9vention du suicide","_seopress_titles_desc":"Cette ann\u00e9e, \u00e0 l\u2019occasion de la Journ\u00e9e Mondiale de Pr\u00e9vention du Suicide, un Village Associatif permettra au plus grand nombre de comprendre les enjeux de\r\nla pr\u00e9vention et de pouvoir y contribuer.","_seopress_robots_index":"","_exactmetrics_skip_tracking":false,"_exactmetrics_sitenote_active":false,"_exactmetrics_sitenote_note":"","_exactmetrics_sitenote_category":0,"_genesis_hide_title":false,"_genesis_hide_breadcrumbs":false,"_genesis_hide_singular_image":false,"_genesis_hide_footer_widgets":false,"_genesis_custom_body_class":"","_genesis_custom_post_class":"","_genesis_layout":"","footnotes":""},"publishpress_future_action":{"enabled":false,"date":"2026-05-07 20:46:15","action":"change-status","newStatus":"draft","terms":[],"taxonomy":""},"_links":{"self":[{"href":"https:\/\/www.chu-tours.fr\/psychiatrie-addictologie\/wp-json\/wp\/v2\/pages\/1068"}],"collection":[{"href":"https:\/\/www.chu-tours.fr\/psychiatrie-addictologie\/wp-json\/wp\/v2\/pages"}],"about":[{"href":"https:\/\/www.chu-tours.fr\/psychiatrie-addictologie\/wp-json\/wp\/v2\/types\/page"}],"author":[{"embeddable":true,"href":"https:\/\/www.chu-tours.fr\/psychiatrie-addictologie\/wp-json\/wp\/v2\/users\/4"}],"replies":[{"embeddable":true,"href":"https:\/\/www.chu-tours.fr\/psychiatrie-addictologie\/wp-json\/wp\/v2\/comments?post=1068"}],"version-history":[{"count":4,"href":"https:\/\/www.chu-tours.fr\/psychiatrie-addictologie\/wp-json\/wp\/v2\/pages\/1068\/revisions"}],"predecessor-version":[{"id":1072,"href":"https:\/\/www.chu-tours.fr\/psychiatrie-addictologie\/wp-json\/wp\/v2\/pages\/1068\/revisions\/1072"}],"wp:featuredmedia":[{"embeddable":true,"href":"https:\/\/www.chu-tours.fr\/psychiatrie-addictologie\/wp-json\/wp\/v2\/media\/1059"}],"wp:attachment":[{"href":"https:\/\/www.chu-tours.fr\/psychiatrie-addictologie\/wp-json\/wp\/v2\/media?parent=1068"}],"curies":[{"name":"wp","href":"https:\/\/api.w.org\/{rel}","templated":true}]}}

16 septembre : Journée mondiale de prévention du suicide

<div data-elementor-type="wp-page" data-elementor-id="1068" class="elementor elementor-1068" data-elementor-post-type="page">
						<section class="elementor-section elementor-top-section elementor-element elementor-element-c783e1b elementor-section-boxed elementor-section-height-default elementor-section-height-default" data-id="c783e1b" data-element_type="section">
						<div class="elementor-container elementor-column-gap-default">
					<div class="elementor-column elementor-col-100 elementor-top-column elementor-element elementor-element-1e04af4" data-id="1e04af4" data-element_type="column">
			<div class="elementor-widget-wrap elementor-element-populated">
						<div class="elementor-element elementor-element-d7ff581 elementor-widget elementor-widget-text-editor" data-id="d7ff581" data-element_type="widget" data-widget_type="text-editor.default">
				<div class="elementor-widget-container">
							<p>Cette année, à l’occasion de la Journée Mondiale de Prévention du Suicide, un Village Associatif permettra au plus grand nombre de comprendre les enjeux de la prévention et de pouvoir y contribuer. En partenariat avec le Centre Commercial L’Heure Tranquille à Tours, le réseau a conçu un programme sur l’ensemble de l’après-midi du samedi 16 septembre, avec les stands de plusieurs associations dédiées.</p><p>Au programme :</p><ul><li>échanges avec des associations, des professionnels &amp; des structures,</li><li>activités sur la santé mentale, sur le bien être,</li><li>intermède musical &amp; quiz.</li></ul><p>16 septembre : Journée mondiale de prévention du suicide Pour mémoire En Indre-et-Loire, le Réseau VIES37 rassemble depuis 1997 plus de 30 structures départementales et des associations dédiées. Il œuvre sur le terrain et relaie<br />l’appel de l’Union Nationale pour la Prévention du Suicide à une prévention partagée. Le concept de la prévention partagée consiste à réunir divers acteurs œuvrant dans des champs de compétences, très diversifiés mais complémentaires.</p>						</div>
				</div>
					</div>
		</div>
					</div>
		</section>
				<section class="elementor-section elementor-top-section elementor-element elementor-element-aa4b4cf elementor-section-boxed elementor-section-height-default elementor-section-height-default" data-id="aa4b4cf" data-element_type="section">
						<div class="elementor-container elementor-column-gap-default">
					<div class="elementor-column elementor-col-100 elementor-top-column elementor-element elementor-element-b9bc563" data-id="b9bc563" data-element_type="column">
			<div class="elementor-widget-wrap elementor-element-populated">
						<div class="elementor-element elementor-element-55da6a8 elementor-widget elementor-widget-image" data-id="55da6a8" data-element_type="widget" data-widget_type="image.default">
				<div class="elementor-widget-container">
													<img fetchpriority="high" decoding="async" width="768" height="1087" src="https://www.chu-tours.fr/psychiatrie-addictologie/wp-content/uploads/sites/9/2023/09/Affiche-JMPS_web-768x1087.png" class="attachment-medium_large size-medium_large wp-image-1062" alt="16 septembre : Journée mondiale de prévention du suicide" srcset="https://www.chu-tours.fr/psychiatrie-addictologie/wp-content/uploads/sites/9/2023/09/Affiche-JMPS_web-768x1087.png 768w, https://www.chu-tours.fr/psychiatrie-addictologie/wp-content/uploads/sites/9/2023/09/Affiche-JMPS_web-212x300.png 212w, https://www.chu-tours.fr/psychiatrie-addictologie/wp-content/uploads/sites/9/2023/09/Affiche-JMPS_web-724x1024.png 724w, https://www.chu-tours.fr/psychiatrie-addictologie/wp-content/uploads/sites/9/2023/09/Affiche-JMPS_web-1085x1536.png 1085w, https://www.chu-tours.fr/psychiatrie-addictologie/wp-content/uploads/sites/9/2023/09/Affiche-JMPS_web.png 1190w" sizes="(max-width: 768px) 100vw, 768px" />													</div>
				</div>
					</div>
		</div>
					</div>
		</section>
				</div>

<p>Cette année, à l’occasion de la Journée Mondiale de Prévention du Suicide, un Village Associatif permettra au plus grand nombre de comprendre les enjeux de la prévention et de pouvoir y contribuer. En partenariat avec le Centre Commercial L’Heure Tranquille à Tours, le réseau a conçu un programme sur l’ensemble de l’après-midi du samedi 16 [&hellip;]</p>

Les actualités du pôle Psychiatrie-Addictologie. 16 septembre : Journée mondiale de prévention du suicide

Cette année, à l’occasion de la Journée Mondiale de Prévention du Suicide, un Village Associatif permettra au plus grand nombre de comprendre les enjeux de
la prévention et de pouvoir y contribuer.
