{"id":93,"date":"2020-12-30T11:05:41","date_gmt":"2020-12-30T10:05:41","guid":{"rendered":"https:\/\/www.chu-tours.fr\/nri\/?page_id=93"},"modified":"2025-06-03T14:21:51","modified_gmt":"2025-06-03T12:21:51","slug":"chru-de-tours-la-recherche-medicale-en-nri","status":"publish","type":"page","link":"https:\/\/www.chu-tours.fr\/nri\/chru-de-tours-la-recherche-medicale-en-nri\/","title":{"rendered":"CHRU de Tours &#8211; La recherche m\u00e9dicale en NRI"},"content":{"rendered":"\t\t<div data-elementor-type=\"wp-page\" data-elementor-id=\"93\" class=\"elementor elementor-93\" data-elementor-post-type=\"page\">\n\t\t\t\t\t\t<section class=\"elementor-section elementor-top-section elementor-element elementor-element-73ef904 elementor-section-boxed elementor-section-height-default elementor-section-height-default\" data-id=\"73ef904\" data-element_type=\"section\">\n\t\t\t\t\t\t<div class=\"elementor-container elementor-column-gap-default\">\n\t\t\t\t\t<div class=\"elementor-column elementor-col-100 elementor-top-column elementor-element elementor-element-18536dd\" data-id=\"18536dd\" data-element_type=\"column\">\n\t\t\t<div class=\"elementor-widget-wrap elementor-element-populated\">\n\t\t\t\t\t\t<div class=\"elementor-element elementor-element-2b71de8 elementor-widget elementor-widget-global elementor-global-564 elementor-widget-image\" data-id=\"2b71de8\" data-element_type=\"widget\" data-settings=\"{&quot;_animation&quot;:&quot;none&quot;}\" data-widget_type=\"image.default\">\n\t\t\t\t<div class=\"elementor-widget-container\">\n\t\t\t\t\t\t\t\t\t\t\t\t\t<img fetchpriority=\"high\" decoding=\"async\" width=\"381\" height=\"400\" src=\"https:\/\/www.chu-tours.fr\/nri\/wp-content\/uploads\/sites\/8\/2021\/02\/Logo_NRI_tours_h400_trans.png\" class=\"attachment-full size-full wp-image-686\" alt=\"logo NRI CHRU Tours fond transparent\" srcset=\"https:\/\/www.chu-tours.fr\/nri\/wp-content\/uploads\/sites\/8\/2021\/02\/Logo_NRI_tours_h400_trans.png 381w, https:\/\/www.chu-tours.fr\/nri\/wp-content\/uploads\/sites\/8\/2021\/02\/Logo_NRI_tours_h400_trans-286x300.png 286w\" sizes=\"(max-width: 381px) 100vw, 381px\" \/>\t\t\t\t\t\t\t\t\t\t\t\t\t<\/div>\n\t\t\t\t<\/div>\n\t\t\t\t\t<\/div>\n\t\t<\/div>\n\t\t\t\t\t<\/div>\n\t\t<\/section>\n\t\t\t\t<section class=\"elementor-section elementor-top-section elementor-element elementor-element-7dd67d6 elementor-section-boxed elementor-section-height-default elementor-section-height-default\" data-id=\"7dd67d6\" data-element_type=\"section\">\n\t\t\t\t\t\t<div class=\"elementor-container elementor-column-gap-default\">\n\t\t\t\t\t<div class=\"elementor-column elementor-col-100 elementor-top-column elementor-element elementor-element-221ee59\" data-id=\"221ee59\" data-element_type=\"column\">\n\t\t\t<div class=\"elementor-widget-wrap elementor-element-populated\">\n\t\t\t\t\t\t<section class=\"elementor-section elementor-inner-section elementor-element elementor-element-393d99c elementor-section-boxed elementor-section-height-default elementor-section-height-default\" data-id=\"393d99c\" data-element_type=\"section\">\n\t\t\t\t\t\t<div class=\"elementor-container elementor-column-gap-default\">\n\t\t\t\t\t<div class=\"elementor-column elementor-col-100 elementor-inner-column elementor-element elementor-element-bf02fd9\" data-id=\"bf02fd9\" data-element_type=\"column\">\n\t\t\t<div class=\"elementor-widget-wrap elementor-element-populated\">\n\t\t\t\t\t\t<div class=\"elementor-element elementor-element-e9ac178 elementor-widget elementor-widget-text-editor\" data-id=\"e9ac178\" data-element_type=\"widget\" data-widget_type=\"text-editor.default\">\n\t\t\t\t<div class=\"elementor-widget-container\">\n\t\t\t\t\t\t\t<blockquote><p>L\u2019\u00e9quipe de neuroradiologie Interventionnelle (NRI) est tr\u00e8s active pour la recherche clinique (aupr\u00e8s des patients) et translationnelle (d\u00e9velopper la transition de la recherche fondamentale vers les patients).<\/p><\/blockquote><p>Ses liens avec l\u2019unit\u00e9 <a href=\"https:\/\/ibrain.univ-tours.fr\/version-francaise\/contact\" target=\"_blank\" rel=\"noopener\">INSERM 1253 iBrain<\/a>, et le centre de recherche <strong>CIC-IT<\/strong> lui conf\u00e8rent une place centrale \u00e0 l\u2019\u00e9chelle r\u00e9gionale et nationale pour la conduite et le d\u00e9veloppement de la recherche sur les pathologies des vaisseaux du cerveau et de la moelle, et les malformations vasculaires en g\u00e9n\u00e9ral comme centre r\u00e9f\u00e9rence du r\u00e9seau <a href=\"https:\/\/www.chu-tours.fr\/le-chru-et-ses-partenaires\/le-chru-etablissement-dexcellence\/les-centres-de-reference-maladies-rares\/maladies-rares-de-la-peau-et-des-muqueuses-dorigine-genetique-magec\/\" target=\"_blank\" rel=\"noopener\">MAGEC<\/a>.<\/p><p>L\u2019\u00e9quipe totalise pr\u00e8s de <a href=\"https:\/\/pubmed.ncbi.nlm.nih.gov\/?term=((((((((herbreteau%2C%20denis%5BAuthor%5D)%20OR%20(bibi%2C%20richard%5BAuthor%5D))%20OR%20(Boulouis%2C%20Gregoire%5BAuthor%5D))%20OR%20(Janot%2C%20Kevin%5BAuthor%5D))%20OR%20(Ifergan%2C%20Heloise%5BAuthor%5D))%20OR%20(Bala%2C%20Fouzi%5BAuthor%5D))%20OR%20(Donnard%2C%20Baptiste%5BAuthor%5D))%20OR%20(beaufort%2C%20quentin%5BAuthor%5D))%20OR%20(barrot%2C%20valere%5BAuthor%5D)&amp;sort=date\" target=\"_blank\" rel=\"noopener\">500 publications scientifiques<\/a>.<\/p><p>Lors de votre prise en charge, vous pourrez \u00eatre sollicit\u00e9 pour int\u00e9grer des \u00e9tudes permettant d\u2019am\u00e9liorer les connaissances dans les maladies vasculaires, et notamment\u00a0:<\/p><ul><li>Le traitement en NRI des accidents vasculaires c\u00e9r\u00e9braux de l\u2019adulte<\/li><li>La prise en charge des maladies muqueuses et cutan\u00e9es rares par radiologie interventionnelle<\/li><li>La prise en charge des AVC isch\u00e9miques et h\u00e9morragiques de l\u2019enfant<\/li><li>Le diagnostic et le traitement des an\u00e9vrismes intracr\u00e2niens<\/li><li>Les dispositifs innovants pour la prise en charge des malformations vasculaires du cerveau et de la moelle.<\/li><\/ul><p>L\u2019int\u00e9gration d\u2019une \u00e9tude est toujours une d\u00e9marche volontaire, apr\u00e8s avoir \u00e9t\u00e9 inform\u00e9 par un investigateur qualifi\u00e9.<\/p>\t\t\t\t\t\t<\/div>\n\t\t\t\t<\/div>\n\t\t\t\t<div class=\"elementor-element elementor-element-22e79ba elementor-list-item-link-inline elementor-icon-list--layout-traditional elementor-widget elementor-widget-global elementor-global-147 elementor-widget-icon-list\" data-id=\"22e79ba\" data-element_type=\"widget\" data-widget_type=\"icon-list.default\">\n\t\t\t\t<div class=\"elementor-widget-container\">\n\t\t\t\t\t<ul class=\"elementor-icon-list-items\">\n\t\t\t\t\t\t\t<li class=\"elementor-icon-list-item\">\n\t\t\t\t\t\t\t\t\t\t\t<a href=\"https:\/\/www.chu-tours.fr\/nri\/contacts\/\">\n\n\t\t\t\t\t\t\t\t\t\t\t\t<span class=\"elementor-icon-list-icon\">\n\t\t\t\t\t\t\t<i aria-hidden=\"true\" class=\"fas fa-info-circle\"><\/i>\t\t\t\t\t\t<\/span>\n\t\t\t\t\t\t\t\t\t\t<span class=\"elementor-icon-list-text\">Pour tout renseignement compl\u00e9mentaire, contacter le secr\u00e9tariat de neuroradiologie interventionnelle.<\/span>\n\t\t\t\t\t\t\t\t\t\t\t<\/a>\n\t\t\t\t\t\t\t\t\t<\/li>\n\t\t\t\t\t\t<\/ul>\n\t\t\t\t<\/div>\n\t\t\t\t<\/div>\n\t\t\t\t\t<\/div>\n\t\t<\/div>\n\t\t\t\t\t<\/div>\n\t\t<\/section>\n\t\t\t\t\t<\/div>\n\t\t<\/div>\n\t\t\t\t\t<\/div>\n\t\t<\/section>\n\t\t\t\t<section class=\"elementor-section elementor-top-section elementor-element elementor-element-4af6437 elementor-section-boxed elementor-section-height-default elementor-section-height-default\" data-id=\"4af6437\" data-element_type=\"section\">\n\t\t\t\t\t\t<div class=\"elementor-container elementor-column-gap-default\">\n\t\t\t\t\t<div class=\"elementor-column elementor-col-33 elementor-top-column elementor-element elementor-element-ec1694b\" data-id=\"ec1694b\" data-element_type=\"column\">\n\t\t\t<div class=\"elementor-widget-wrap\">\n\t\t\t\t\t\t\t<\/div>\n\t\t<\/div>\n\t\t\t\t<div class=\"elementor-column elementor-col-33 elementor-top-column elementor-element elementor-element-6da2659\" data-id=\"6da2659\" data-element_type=\"column\">\n\t\t\t<div class=\"elementor-widget-wrap elementor-element-populated\">\n\t\t\t\t\t\t<div class=\"elementor-element elementor-element-68a1d1c elementor-widget elementor-widget-image\" data-id=\"68a1d1c\" data-element_type=\"widget\" data-widget_type=\"image.default\">\n\t\t\t\t<div class=\"elementor-widget-container\">\n\t\t\t\t\t\t\t\t\t\t\t\t\t\t<a href=\"https:\/\/www.chu-tours.fr\/nri\/wp-content\/uploads\/sites\/8\/2023\/03\/ARC-032023_web.jpg\" data-elementor-open-lightbox=\"yes\" data-elementor-lightbox-title=\"ARC-032023_web\" data-e-action-hash=\"#elementor-action%3Aaction%3Dlightbox%26settings%3DeyJpZCI6Nzk0LCJ1cmwiOiJodHRwczpcL1wvd3d3LmNodS10b3Vycy5mclwvbnJpXC93cC1jb250ZW50XC91cGxvYWRzXC9zaXRlc1wvOFwvMjAyM1wvMDNcL0FSQy0wMzIwMjNfd2ViLmpwZyJ9\">\n\t\t\t\t\t\t\t<img decoding=\"async\" width=\"225\" height=\"300\" src=\"https:\/\/www.chu-tours.fr\/nri\/wp-content\/uploads\/sites\/8\/2023\/03\/ARC-032023_web-225x300.jpg\" class=\"attachment-medium size-medium wp-image-794\" alt=\"les attach\u00e9s de recherche clinique de l&#039;\u00e9quipe de NRI\" srcset=\"https:\/\/www.chu-tours.fr\/nri\/wp-content\/uploads\/sites\/8\/2023\/03\/ARC-032023_web-225x300.jpg 225w, https:\/\/www.chu-tours.fr\/nri\/wp-content\/uploads\/sites\/8\/2023\/03\/ARC-032023_web.jpg 768w\" sizes=\"(max-width: 225px) 100vw, 225px\" \/>\t\t\t\t\t\t\t\t<\/a>\n\t\t\t\t\t\t\t\t\t\t\t\t\t<\/div>\n\t\t\t\t<\/div>\n\t\t\t\t<div class=\"elementor-element elementor-element-668dbfb elementor-widget elementor-widget-text-editor\" data-id=\"668dbfb\" data-element_type=\"widget\" data-widget_type=\"text-editor.default\">\n\t\t\t\t<div class=\"elementor-widget-container\">\n\t\t\t\t\t\t\tLes attach\u00e9s de recherche clinique<br \/>\nde l&#8217;\u00e9quipe de NRI.\t\t\t\t\t\t<\/div>\n\t\t\t\t<\/div>\n\t\t\t\t\t<\/div>\n\t\t<\/div>\n\t\t\t\t<div class=\"elementor-column elementor-col-33 elementor-top-column elementor-element elementor-element-11dd252\" data-id=\"11dd252\" data-element_type=\"column\">\n\t\t\t<div class=\"elementor-widget-wrap\">\n\t\t\t\t\t\t\t<\/div>\n\t\t<\/div>\n\t\t\t\t\t<\/div>\n\t\t<\/section>\n\t\t\t\t<\/div>\n\t\t","protected":false},"excerpt":{"rendered":"<p>L\u2019\u00e9quipe de neuroradiologie Interventionnelle (NRI) est tr\u00e8s active pour la recherche clinique (aupr\u00e8s des patients) et translationnelle (d\u00e9velopper la transition de la recherche fondamentale vers les patients). Ses liens avec l\u2019unit\u00e9 INSERM 1253 iBrain, et le centre de recherche CIC-IT lui conf\u00e8rent une place centrale \u00e0 l\u2019\u00e9chelle r\u00e9gionale et nationale pour la conduite et le [&hellip;]<\/p>\n","protected":false},"author":4,"featured_media":0,"parent":0,"menu_order":0,"comment_status":"closed","ping_status":"closed","template":"","meta":{"_seopress_robots_primary_cat":"","_seopress_titles_title":"CHRU de Tours. Neuro-Radiologie Interventionnelle. La recherche m\u00e9dicale en NRI.","_seopress_titles_desc":"Service de Neuro-Radiologie Interventionnelle du CHRU de Tours. La recherche m\u00e9dicale en NRI au CHRU de Tours.","_seopress_robots_index":"","_exactmetrics_skip_tracking":false,"_exactmetrics_sitenote_active":false,"_exactmetrics_sitenote_note":"","_exactmetrics_sitenote_category":0,"_genesis_hide_title":false,"_genesis_hide_breadcrumbs":false,"_genesis_hide_singular_image":false,"_genesis_hide_footer_widgets":false,"_genesis_custom_body_class":"","_genesis_custom_post_class":"","_genesis_layout":"","footnotes":""},"publishpress_future_action":{"enabled":false,"date":"2026-05-02 19:55:51","action":"change-status","newStatus":"draft","terms":[],"taxonomy":""},"_links":{"self":[{"href":"https:\/\/www.chu-tours.fr\/nri\/wp-json\/wp\/v2\/pages\/93"}],"collection":[{"href":"https:\/\/www.chu-tours.fr\/nri\/wp-json\/wp\/v2\/pages"}],"about":[{"href":"https:\/\/www.chu-tours.fr\/nri\/wp-json\/wp\/v2\/types\/page"}],"author":[{"embeddable":true,"href":"https:\/\/www.chu-tours.fr\/nri\/wp-json\/wp\/v2\/users\/4"}],"replies":[{"embeddable":true,"href":"https:\/\/www.chu-tours.fr\/nri\/wp-json\/wp\/v2\/comments?post=93"}],"version-history":[{"count":20,"href":"https:\/\/www.chu-tours.fr\/nri\/wp-json\/wp\/v2\/pages\/93\/revisions"}],"predecessor-version":[{"id":1020,"href":"https:\/\/www.chu-tours.fr\/nri\/wp-json\/wp\/v2\/pages\/93\/revisions\/1020"}],"wp:attachment":[{"href":"https:\/\/www.chu-tours.fr\/nri\/wp-json\/wp\/v2\/media?parent=93"}],"curies":[{"name":"wp","href":"https:\/\/api.w.org\/{rel}","templated":true}]}}