{"id":271,"date":"2021-01-13T16:11:21","date_gmt":"2021-01-13T15:11:21","guid":{"rendered":"https:\/\/www.chu-tours.fr\/nri\/?page_id=271"},"modified":"2026-01-09T10:25:54","modified_gmt":"2026-01-09T09:25:54","slug":"autres-pathologies","status":"publish","type":"page","link":"https:\/\/www.chu-tours.fr\/nri\/autres-pathologies\/","title":{"rendered":"Autres pathologies"},"content":{"rendered":"\t\t<div data-elementor-type=\"wp-page\" data-elementor-id=\"271\" class=\"elementor elementor-271\" data-elementor-post-type=\"page\">\n\t\t\t\t\t\t<section class=\"elementor-section elementor-top-section elementor-element elementor-element-ade2bbd elementor-section-boxed elementor-section-height-default elementor-section-height-default\" data-id=\"ade2bbd\" data-element_type=\"section\">\n\t\t\t\t\t\t<div class=\"elementor-container elementor-column-gap-default\">\n\t\t\t\t\t<div class=\"elementor-column elementor-col-100 elementor-top-column elementor-element elementor-element-acefcbe\" data-id=\"acefcbe\" data-element_type=\"column\">\n\t\t\t<div class=\"elementor-widget-wrap elementor-element-populated\">\n\t\t\t\t\t\t<div class=\"elementor-element elementor-element-1c83123 elementor-widget elementor-widget-global elementor-global-561 elementor-widget-image\" data-id=\"1c83123\" data-element_type=\"widget\" data-widget_type=\"image.default\">\n\t\t\t\t<div class=\"elementor-widget-container\">\n\t\t\t\t\t\t\t\t\t\t\t\t\t<img fetchpriority=\"high\" decoding=\"async\" width=\"381\" height=\"400\" src=\"https:\/\/www.chu-tours.fr\/nri\/wp-content\/uploads\/sites\/8\/2021\/02\/Logo_NRI_tours_h400_blanc.png\" class=\"attachment-full size-full wp-image-685\" alt=\"logo NRI CHRU Tours fond blanc\" srcset=\"https:\/\/www.chu-tours.fr\/nri\/wp-content\/uploads\/sites\/8\/2021\/02\/Logo_NRI_tours_h400_blanc.png 381w, https:\/\/www.chu-tours.fr\/nri\/wp-content\/uploads\/sites\/8\/2021\/02\/Logo_NRI_tours_h400_blanc-286x300.png 286w\" sizes=\"(max-width: 381px) 100vw, 381px\" \/>\t\t\t\t\t\t\t\t\t\t\t\t\t<\/div>\n\t\t\t\t<\/div>\n\t\t\t\t\t<\/div>\n\t\t<\/div>\n\t\t\t\t\t<\/div>\n\t\t<\/section>\n\t\t\t\t<section class=\"elementor-section elementor-top-section elementor-element elementor-element-7dd67d6 elementor-section-boxed elementor-section-height-default elementor-section-height-default\" data-id=\"7dd67d6\" data-element_type=\"section\">\n\t\t\t\t\t\t<div class=\"elementor-container elementor-column-gap-default\">\n\t\t\t\t\t<div class=\"elementor-column elementor-col-100 elementor-top-column elementor-element elementor-element-221ee59\" data-id=\"221ee59\" data-element_type=\"column\">\n\t\t\t<div class=\"elementor-widget-wrap elementor-element-populated\">\n\t\t\t\t\t\t<section class=\"elementor-section elementor-inner-section elementor-element elementor-element-393d99c elementor-section-boxed elementor-section-height-default elementor-section-height-default\" data-id=\"393d99c\" data-element_type=\"section\">\n\t\t\t\t\t\t<div class=\"elementor-container elementor-column-gap-default\">\n\t\t\t\t\t<div class=\"elementor-column elementor-col-50 elementor-inner-column elementor-element elementor-element-bf02fd9\" data-id=\"bf02fd9\" data-element_type=\"column\">\n\t\t\t<div class=\"elementor-widget-wrap elementor-element-populated\">\n\t\t\t\t\t\t<div class=\"elementor-element elementor-element-e9ac178 elementor-widget elementor-widget-text-editor\" data-id=\"e9ac178\" data-element_type=\"widget\" data-widget_type=\"text-editor.default\">\n\t\t\t\t<div class=\"elementor-widget-container\">\n\t\t\t\t\t\t\t<p>D\u2019autres pathologies sont aussi prises en charge dans l\u2019unit\u00e9 de neuroradiologie interventionnelle\u00a0:<\/p><ul><li><a href=\"https:\/\/www.chu-tours.fr\/nri\/wp-content\/uploads\/sites\/8\/2026\/01\/FIP_RB_TraitementAthroseGenou.pdf\" target=\"_blank\" rel=\"noopener\">Arthrose du genou<\/a><\/li><li><a href=\"https:\/\/www.chu-tours.fr\/nri\/wp-content\/uploads\/sites\/8\/2025\/04\/FIP_RB_EmbolisationArteresProstatiques_042025.pdf\" target=\"_blank\" rel=\"noopener\">Hypertrophie b\u00e9nigne prostatique<\/a><\/li><li>Embolisation musculo-squelettique<\/li><li><a href=\"\/nri\/wp-content\/uploads\/sites\/8\/2023\/10\/FIP_RB_EmbolisationFibromeUterin.pdf\" target=\"_blank\" rel=\"noopener\">Fibromes ut\u00e9rins<\/a><\/li><li>H\u00e9morragies de la d\u00e9livrance<\/li><li><a href=\"https:\/\/www.chu-tours.fr\/nri\/wp-content\/uploads\/sites\/8\/2026\/01\/FIP_RB_TraitementHemorroides.pdf\" target=\"_blank\" rel=\"noopener\">H\u00e9morro\u00efdes<\/a><\/li><li>Malformations art\u00e9rio-veineuse pulmonaires\u00a0<\/li><li>Varices pelviennes \/ <a href=\"https:\/\/www.chu-tours.fr\/nri\/wp-content\/uploads\/sites\/8\/2025\/05\/FIP_RB_EmbolisationSyndromeCongestionPelvienne_052025.pdf\" target=\"_blank\" rel=\"noopener\">Syndrome de congestion pelvienne<\/a><\/li><li><a href=\"https:\/\/www.chu-tours.fr\/nri\/wp-content\/uploads\/sites\/8\/2023\/10\/FIP_RB_TraitementVaricocele.pdf\" target=\"_blank\" rel=\"noopener\">Varicoc\u00e8les<\/a><\/li><\/ul>\t\t\t\t\t\t<\/div>\n\t\t\t\t<\/div>\n\t\t\t\t\t<\/div>\n\t\t<\/div>\n\t\t\t\t<div class=\"elementor-column elementor-col-50 elementor-inner-column elementor-element elementor-element-d6fb699\" data-id=\"d6fb699\" data-element_type=\"column\">\n\t\t\t<div class=\"elementor-widget-wrap elementor-element-populated\">\n\t\t\t\t\t\t<div class=\"elementor-element elementor-element-7cf7a39 elementor-widget elementor-widget-text-editor\" data-id=\"7cf7a39\" data-element_type=\"widget\" data-widget_type=\"text-editor.default\">\n\t\t\t\t<div class=\"elementor-widget-container\">\n\t\t\t\t\t\t\t<blockquote><p><span style=\"font-size: 18pt;\">Documents utiles<\/span><\/p><\/blockquote>\t\t\t\t\t\t<\/div>\n\t\t\t\t<\/div>\n\t\t\t\t<div class=\"elementor-element elementor-element-32eafab elementor-widget elementor-widget-text-editor\" data-id=\"32eafab\" data-element_type=\"widget\" data-widget_type=\"text-editor.default\">\n\t\t\t\t<div class=\"elementor-widget-container\">\n\t\t\t\t\t\t\t<ul>\n \t<li><a href=\"https:\/\/www.chu-tours.fr\/le-chru-et-ses-partenaires\/publications-et-presse\/communiques-de-presse\/parcours-de-soins-au-chru-de-tours-prise-en-charge-des-fibromes-uterins-par-embolisation-des-arteres-uterines\/\" target=\"_blank\" rel=\"noopener\">Communiqu\u00e9 de Presse : prise en charge des fibromes ut\u00e9rins par embolisation des art\u00e8res ut\u00e9rines<\/a><\/li>\n \t<li><a href=\"https:\/\/www.chu-tours.fr\/nri\/wp-content\/uploads\/sites\/8\/2025\/09\/qualite-de-vie-lie-a-lhypertrophie-benigne-de-prostate-score-IPSS.pdf\" target=\"_blank\" rel=\"noopener\">Score IPSS de qualit\u00e9 de vie li\u00e9 \u00e0 l\u2019hypertrophie b\u00e9nigne de prostate (HBP)<\/a><\/li>\n \t<li><a href=\"https:\/\/www.chu-tours.fr\/nri\/wp-content\/uploads\/sites\/8\/2025\/09\/Auto-evaluation-qualite-de-vie-Pbac-score-UFS-QOL.pdf\" target=\"_blank\" rel=\"noopener\">Score UFS-QOL de qualit\u00e9 de vie li\u00e9 aux fibromes ut\u00e9rins<\/a><\/li>\n<\/ul>\t\t\t\t\t\t<\/div>\n\t\t\t\t<\/div>\n\t\t\t\t\t<\/div>\n\t\t<\/div>\n\t\t\t\t\t<\/div>\n\t\t<\/section>\n\t\t\t\t<div class=\"elementor-element elementor-element-a7a85b5 elementor-widget elementor-widget-spacer\" data-id=\"a7a85b5\" data-element_type=\"widget\" data-widget_type=\"spacer.default\">\n\t\t\t\t<div class=\"elementor-widget-container\">\n\t\t\t\t\t<div class=\"elementor-spacer\">\n\t\t\t<div class=\"elementor-spacer-inner\"><\/div>\n\t\t<\/div>\n\t\t\t\t<\/div>\n\t\t\t\t<\/div>\n\t\t\t\t<section class=\"elementor-section elementor-inner-section elementor-element elementor-element-a38572e elementor-section-boxed elementor-section-height-default elementor-section-height-default\" data-id=\"a38572e\" data-element_type=\"section\">\n\t\t\t\t\t\t<div class=\"elementor-container elementor-column-gap-default\">\n\t\t\t\t\t<div class=\"elementor-column elementor-col-50 elementor-inner-column elementor-element elementor-element-6695c72\" data-id=\"6695c72\" data-element_type=\"column\">\n\t\t\t<div class=\"elementor-widget-wrap\">\n\t\t\t\t\t\t\t<\/div>\n\t\t<\/div>\n\t\t\t\t<div class=\"elementor-column elementor-col-50 elementor-inner-column elementor-element elementor-element-e8aa68b\" data-id=\"e8aa68b\" data-element_type=\"column\">\n\t\t\t<div class=\"elementor-widget-wrap\">\n\t\t\t\t\t\t\t<\/div>\n\t\t<\/div>\n\t\t\t\t\t<\/div>\n\t\t<\/section>\n\t\t\t\t\t<\/div>\n\t\t<\/div>\n\t\t\t\t\t<\/div>\n\t\t<\/section>\n\t\t\t\t<section class=\"elementor-section elementor-top-section elementor-element elementor-element-f0353f0 elementor-section-boxed elementor-section-height-default elementor-section-height-default\" data-id=\"f0353f0\" data-element_type=\"section\">\n\t\t\t\t\t\t<div class=\"elementor-container elementor-column-gap-default\">\n\t\t\t\t\t<div class=\"elementor-column elementor-col-100 elementor-top-column elementor-element elementor-element-57c32dc\" data-id=\"57c32dc\" data-element_type=\"column\">\n\t\t\t<div class=\"elementor-widget-wrap elementor-element-populated\">\n\t\t\t\t\t\t<div class=\"elementor-element elementor-element-df66eef elementor-list-item-link-inline elementor-icon-list--layout-traditional elementor-widget elementor-widget-global elementor-global-147 elementor-widget-icon-list\" data-id=\"df66eef\" data-element_type=\"widget\" data-widget_type=\"icon-list.default\">\n\t\t\t\t<div class=\"elementor-widget-container\">\n\t\t\t\t\t<ul class=\"elementor-icon-list-items\">\n\t\t\t\t\t\t\t<li class=\"elementor-icon-list-item\">\n\t\t\t\t\t\t\t\t\t\t\t<a href=\"https:\/\/www.chu-tours.fr\/nri\/contacts\/\">\n\n\t\t\t\t\t\t\t\t\t\t\t\t<span class=\"elementor-icon-list-icon\">\n\t\t\t\t\t\t\t<i aria-hidden=\"true\" class=\"fas fa-info-circle\"><\/i>\t\t\t\t\t\t<\/span>\n\t\t\t\t\t\t\t\t\t\t<span class=\"elementor-icon-list-text\">Pour tout renseignement compl\u00e9mentaire, contacter le secr\u00e9tariat de neuroradiologie interventionnelle.<\/span>\n\t\t\t\t\t\t\t\t\t\t\t<\/a>\n\t\t\t\t\t\t\t\t\t<\/li>\n\t\t\t\t\t\t<\/ul>\n\t\t\t\t<\/div>\n\t\t\t\t<\/div>\n\t\t\t\t\t<\/div>\n\t\t<\/div>\n\t\t\t\t\t<\/div>\n\t\t<\/section>\n\t\t\t\t<\/div>\n\t\t","protected":false},"excerpt":{"rendered":"<p>D\u2019autres pathologies sont aussi prises en charge dans l\u2019unit\u00e9 de neuroradiologie interventionnelle\u00a0: Arthrose du genou Hypertrophie b\u00e9nigne prostatique Embolisation musculo-squelettique Fibromes ut\u00e9rins H\u00e9morragies de la d\u00e9livrance H\u00e9morro\u00efdes Malformations art\u00e9rio-veineuse pulmonaires\u00a0 Varices pelviennes \/ Syndrome de congestion pelvienne Varicoc\u00e8les Documents utiles Communiqu\u00e9 de Presse : prise en charge des fibromes ut\u00e9rins par embolisation des art\u00e8res ut\u00e9rines [&hellip;]<\/p>\n","protected":false},"author":4,"featured_media":0,"parent":0,"menu_order":0,"comment_status":"closed","ping_status":"closed","template":"","meta":{"_seopress_robots_primary_cat":"","_seopress_titles_title":"CHRU de Tours. Neuro-Radiologie Interventionnelle. Autres pathologies.","_seopress_titles_desc":"Service de Neuro-Radiologie Interventionnelle du CHRU de Tours. Autres pathologies.","_seopress_robots_index":"","_exactmetrics_skip_tracking":false,"_exactmetrics_sitenote_active":false,"_exactmetrics_sitenote_note":"","_exactmetrics_sitenote_category":0,"_genesis_hide_title":false,"_genesis_hide_breadcrumbs":false,"_genesis_hide_singular_image":false,"_genesis_hide_footer_widgets":false,"_genesis_custom_body_class":"","_genesis_custom_post_class":"","_genesis_layout":"","footnotes":""},"publishpress_future_action":{"enabled":false,"date":"2026-05-22 16:08:35","action":"change-status","newStatus":"draft","terms":[],"taxonomy":""},"_links":{"self":[{"href":"https:\/\/www.chu-tours.fr\/nri\/wp-json\/wp\/v2\/pages\/271"}],"collection":[{"href":"https:\/\/www.chu-tours.fr\/nri\/wp-json\/wp\/v2\/pages"}],"about":[{"href":"https:\/\/www.chu-tours.fr\/nri\/wp-json\/wp\/v2\/types\/page"}],"author":[{"embeddable":true,"href":"https:\/\/www.chu-tours.fr\/nri\/wp-json\/wp\/v2\/users\/4"}],"replies":[{"embeddable":true,"href":"https:\/\/www.chu-tours.fr\/nri\/wp-json\/wp\/v2\/comments?post=271"}],"version-history":[{"count":20,"href":"https:\/\/www.chu-tours.fr\/nri\/wp-json\/wp\/v2\/pages\/271\/revisions"}],"predecessor-version":[{"id":1126,"href":"https:\/\/www.chu-tours.fr\/nri\/wp-json\/wp\/v2\/pages\/271\/revisions\/1126"}],"wp:attachment":[{"href":"https:\/\/www.chu-tours.fr\/nri\/wp-json\/wp\/v2\/media?parent=271"}],"curies":[{"name":"wp","href":"https:\/\/api.w.org\/{rel}","templated":true}]}}