{"id":12,"date":"2020-12-29T16:45:21","date_gmt":"2020-12-29T15:45:21","guid":{"rendered":"https:\/\/www.chu-tours.fr\/nri\/?page_id=12"},"modified":"2026-01-08T09:00:06","modified_gmt":"2026-01-08T08:00:06","slug":"presentation-du-service-de-neuro-radiologie-interventionnelle","status":"publish","type":"page","link":"https:\/\/www.chu-tours.fr\/nri\/","title":{"rendered":"Pr\u00e9sentation de l&#8217;unit\u00e9 de Neuro-Radiologie Interventionnelle"},"content":{"rendered":"\t\t<div data-elementor-type=\"wp-page\" data-elementor-id=\"12\" class=\"elementor elementor-12\" data-elementor-post-type=\"page\">\n\t\t\t\t\t\t<section class=\"elementor-section elementor-top-section elementor-element elementor-element-483f8eb elementor-section-boxed elementor-section-height-default elementor-section-height-default\" data-id=\"483f8eb\" data-element_type=\"section\">\n\t\t\t\t\t\t<div class=\"elementor-container elementor-column-gap-default\">\n\t\t\t\t\t<div class=\"elementor-column elementor-col-100 elementor-top-column elementor-element elementor-element-1269a92\" data-id=\"1269a92\" data-element_type=\"column\">\n\t\t\t<div class=\"elementor-widget-wrap elementor-element-populated\">\n\t\t\t\t\t\t<section class=\"elementor-section elementor-inner-section elementor-element elementor-element-08ff7a2 elementor-section-boxed elementor-section-height-default elementor-section-height-default\" data-id=\"08ff7a2\" data-element_type=\"section\">\n\t\t\t\t\t\t<div class=\"elementor-container elementor-column-gap-default\">\n\t\t\t\t\t<div class=\"elementor-column elementor-col-100 elementor-inner-column elementor-element elementor-element-c5c053e\" data-id=\"c5c053e\" data-element_type=\"column\">\n\t\t\t<div class=\"elementor-widget-wrap elementor-element-populated\">\n\t\t\t\t\t\t<div class=\"elementor-element elementor-element-fc02d34 elementor-widget elementor-widget-heading\" data-id=\"fc02d34\" data-element_type=\"widget\" data-widget_type=\"heading.default\">\n\t\t\t\t<div class=\"elementor-widget-container\">\n\t\t\t<h2 class=\"elementor-heading-title elementor-size-default\">L'unit\u00e9 de Neuro-Radiologie Interventionnelle<\/h2>\t\t<\/div>\n\t\t\t\t<\/div>\n\t\t\t\t<div class=\"elementor-element elementor-element-0b5d74f elementor-widget elementor-widget-global elementor-global-564 elementor-widget-image\" data-id=\"0b5d74f\" data-element_type=\"widget\" data-settings=\"{&quot;_animation&quot;:&quot;none&quot;}\" data-widget_type=\"image.default\">\n\t\t\t\t<div class=\"elementor-widget-container\">\n\t\t\t\t\t\t\t\t\t\t\t\t\t<img fetchpriority=\"high\" decoding=\"async\" width=\"381\" height=\"400\" src=\"https:\/\/www.chu-tours.fr\/nri\/wp-content\/uploads\/sites\/8\/2021\/02\/Logo_NRI_tours_h400_trans.png\" class=\"attachment-full size-full wp-image-686\" alt=\"logo NRI CHRU Tours fond transparent\" srcset=\"https:\/\/www.chu-tours.fr\/nri\/wp-content\/uploads\/sites\/8\/2021\/02\/Logo_NRI_tours_h400_trans.png 381w, https:\/\/www.chu-tours.fr\/nri\/wp-content\/uploads\/sites\/8\/2021\/02\/Logo_NRI_tours_h400_trans-286x300.png 286w\" sizes=\"(max-width: 381px) 100vw, 381px\" \/>\t\t\t\t\t\t\t\t\t\t\t\t\t<\/div>\n\t\t\t\t<\/div>\n\t\t\t\t\t<\/div>\n\t\t<\/div>\n\t\t\t\t\t<\/div>\n\t\t<\/section>\n\t\t\t\t\t<\/div>\n\t\t<\/div>\n\t\t\t\t\t<\/div>\n\t\t<\/section>\n\t\t\t\t<section class=\"elementor-section elementor-top-section elementor-element elementor-element-7dd67d6 elementor-section-boxed elementor-section-height-default elementor-section-height-default\" data-id=\"7dd67d6\" data-element_type=\"section\">\n\t\t\t\t\t\t<div class=\"elementor-container elementor-column-gap-default\">\n\t\t\t\t\t<div class=\"elementor-column elementor-col-100 elementor-top-column elementor-element elementor-element-221ee59\" data-id=\"221ee59\" data-element_type=\"column\">\n\t\t\t<div class=\"elementor-widget-wrap elementor-element-populated\">\n\t\t\t\t\t\t<section class=\"elementor-section elementor-inner-section elementor-element elementor-element-393d99c elementor-section-boxed elementor-section-height-default elementor-section-height-default\" data-id=\"393d99c\" data-element_type=\"section\">\n\t\t\t\t\t\t<div class=\"elementor-container elementor-column-gap-default\">\n\t\t\t\t\t<div class=\"elementor-column elementor-col-100 elementor-inner-column elementor-element elementor-element-bf02fd9\" data-id=\"bf02fd9\" data-element_type=\"column\">\n\t\t\t<div class=\"elementor-widget-wrap elementor-element-populated\">\n\t\t\t\t\t\t<div class=\"elementor-element elementor-element-350beb7 elementor-widget elementor-widget-text-editor\" data-id=\"350beb7\" data-element_type=\"widget\" data-widget_type=\"text-editor.default\">\n\t\t\t\t<div class=\"elementor-widget-container\">\n\t\t\t\t\t\t\t<p><span style=\"font-size: 14pt;\"><strong>L\u2019unit\u00e9 de Neuroradiologie Interventionnelle (NRI) r\u00e9alise environ 1 900 proc\u00e9dures par an<\/strong>\u00a0:<\/span><\/p><ul><li><span style=\"font-size: 14pt;\">Environ <strong>250<\/strong> patients atteints d&#8217;<a href=\"https:\/\/www.chu-tours.fr\/nri\/anevrisme-intracranien\/\" target=\"_blank\" rel=\"noopener\">an\u00e9vrismes intracr\u00e2niens<\/a>,<\/span><\/li><li><span style=\"font-size: 14pt;\"><strong>40<\/strong> patients atteints de malformations vasculaires intracr\u00e2niennes (<a href=\"https:\/\/www.chu-tours.fr\/nri\/malformation-arterio-veineuse-cerebrale\/\" target=\"_blank\" rel=\"noopener\">malformations art\u00e9rio-veineuses<\/a>, <a href=\"https:\/\/www.chu-tours.fr\/nri\/fistule-durale\/\" target=\"_blank\" rel=\"noopener\">fistules durales<\/a>),<\/span><\/li><li><span style=\"font-size: 14pt;\"><strong>90<\/strong> patients atteints de <a href=\"https:\/\/www.chu-tours.fr\/nri\/angiomes-et-anomalies-vasculaires-peripheriques\/\" target=\"_blank\" rel=\"noopener\">malformations vasculaires extra-c\u00e9r\u00e9brales<\/a> (angiomes),<\/span><\/li><li><span style=\"font-size: 14pt;\"><strong>25<\/strong> patients pour un <a href=\"https:\/\/www.chu-tours.fr\/nri\/hematome-sous-dural-chronique\/\" target=\"_blank\" rel=\"noopener\">h\u00e9matome sous-dural chronique<\/a>,<\/span><\/li><li><span style=\"font-size: 14pt;\"><strong>15<\/strong> patients pour un stenting veineux (hypertension intracr\u00e2nienne et acouph\u00e8nes),<\/span><\/li><li><span style=\"font-size: 14pt;\"><strong>10<\/strong> patients pour un stenting programm\u00e9 des troncs supra-aortiques,<\/span><\/li><li><span style=\"font-size: 14pt;\">et environ <strong>280<\/strong> patients victimes d\u2019un <a href=\"https:\/\/www.chu-tours.fr\/nri\/accident-vasculaire-cerebral-ischemique-avc\/\" target=\"_blank\" rel=\"noopener\">accident vasculaire c\u00e9r\u00e9bral<\/a> \u00e0 la phase aigu\u00eb.<br \/><\/span><\/li><\/ul><p><span style=\"font-size: 14pt;\">Par ailleurs, l&#8217;unit\u00e9 r\u00e9alise chaque ann\u00e9e <strong>110<\/strong> <a href=\"https:\/\/www.chu-tours.fr\/nri\/autres-pathologies\/\">embolisations de fibromes ut\u00e9rins<\/a>, <strong>90<\/strong> pour des <a href=\"https:\/\/www.chu-tours.fr\/nri\/autres-pathologies\/\">syndromes de congestion pelvienne<\/a>, <strong>50<\/strong> pour des <a href=\"https:\/\/www.chu-tours.fr\/nri\/autres-pathologies\/\">varicoc\u00e8les<\/a>, une <strong>dizaine<\/strong> d\u2019embolisations bronchiques, plus de <strong>20<\/strong> embolisations pour <a href=\"https:\/\/www.chu-tours.fr\/nri\/wp-content\/uploads\/sites\/8\/2025\/04\/FIP_RB_EmbolisationArteresProstatiques_042025.pdf\" target=\"_blank\" rel=\"noopener\">hypertrophie b\u00e9nigne de la prostate<\/a>, ainsi qu\u2019une <strong>soixantaine<\/strong> de <a href=\"https:\/\/www.chu-tours.fr\/nri\/vertebroplastie-cimentoplastie\/\" target=\"_blank\" rel=\"noopener\">cimentoplasties<\/a> et de biopsies rachidiennes.<\/span><\/p><p><span style=\"font-size: 14pt;\">Ces chiffres t\u00e9moignent de l\u2019expertise de l\u2019unit\u00e9 et de son r\u00f4le de r\u00e9f\u00e9rence dans la prise en charge de pathologies complexes et urgentes.<\/span><\/p><p><span style=\"font-size: 14pt;\">L\u2019\u00e9quipe est compos\u00e9e de<strong> 6 praticiens<\/strong> assurant la permanence des soins pour les urgences<strong> 7j\/7 et 24h\/24<\/strong> toute l\u2019ann\u00e9e, \u00e0 l<strong>\u2019h\u00f4pital Bretonneau du CHRU de Tours<\/strong>.<\/span><\/p>\t\t\t\t\t\t<\/div>\n\t\t\t\t<\/div>\n\t\t\t\t\t<\/div>\n\t\t<\/div>\n\t\t\t\t\t<\/div>\n\t\t<\/section>\n\t\t\t\t\t<\/div>\n\t\t<\/div>\n\t\t\t\t\t<\/div>\n\t\t<\/section>\n\t\t\t\t<section class=\"elementor-section elementor-top-section elementor-element elementor-element-e176ff3 elementor-section-boxed elementor-section-height-default elementor-section-height-default\" data-id=\"e176ff3\" data-element_type=\"section\">\n\t\t\t\t\t\t<div class=\"elementor-container elementor-column-gap-default\">\n\t\t\t\t\t<div class=\"elementor-column elementor-col-100 elementor-top-column elementor-element elementor-element-d25b97f\" data-id=\"d25b97f\" data-element_type=\"column\">\n\t\t\t<div class=\"elementor-widget-wrap elementor-element-populated\">\n\t\t\t\t\t\t<div class=\"elementor-element elementor-element-73b5ce8 elementor-widget elementor-widget-image\" data-id=\"73b5ce8\" data-element_type=\"widget\" data-widget_type=\"image.default\">\n\t\t\t\t<div class=\"elementor-widget-container\">\n\t\t\t\t\t\t\t\t\t\t<figure class=\"wp-caption\">\n\t\t\t\t\t\t\t\t\t\t<img decoding=\"async\" width=\"768\" height=\"510\" src=\"https:\/\/www.chu-tours.fr\/nri\/wp-content\/uploads\/sites\/8\/2021\/02\/home_staff_nri_web-768x510.jpg\" class=\"attachment-medium_large size-medium_large wp-image-734\" alt=\"L&#039;\u00e9quipe de neuroradiologie interventionnelle\" srcset=\"https:\/\/www.chu-tours.fr\/nri\/wp-content\/uploads\/sites\/8\/2021\/02\/home_staff_nri_web-768x510.jpg 768w, https:\/\/www.chu-tours.fr\/nri\/wp-content\/uploads\/sites\/8\/2021\/02\/home_staff_nri_web-300x199.jpg 300w, https:\/\/www.chu-tours.fr\/nri\/wp-content\/uploads\/sites\/8\/2021\/02\/home_staff_nri_web-1024x680.jpg 1024w, https:\/\/www.chu-tours.fr\/nri\/wp-content\/uploads\/sites\/8\/2021\/02\/home_staff_nri_web-1536x1019.jpg 1536w, https:\/\/www.chu-tours.fr\/nri\/wp-content\/uploads\/sites\/8\/2021\/02\/home_staff_nri_web.jpg 2048w\" sizes=\"(max-width: 768px) 100vw, 768px\" \/>\t\t\t\t\t\t\t\t\t\t\t<figcaption class=\"widget-image-caption wp-caption-text\">L'\u00e9quipe de neuroradiologie interventionnelle <\/figcaption>\n\t\t\t\t\t\t\t\t\t\t<\/figure>\n\t\t\t\t\t\t\t<\/div>\n\t\t\t\t<\/div>\n\t\t\t\t\t<\/div>\n\t\t<\/div>\n\t\t\t\t\t<\/div>\n\t\t<\/section>\n\t\t\t\t<section class=\"elementor-section elementor-top-section elementor-element elementor-element-d53d341 elementor-section-boxed elementor-section-height-default elementor-section-height-default\" data-id=\"d53d341\" data-element_type=\"section\">\n\t\t\t\t\t\t<div class=\"elementor-container elementor-column-gap-default\">\n\t\t\t\t\t<div class=\"elementor-column elementor-col-100 elementor-top-column elementor-element elementor-element-35230f3\" data-id=\"35230f3\" data-element_type=\"column\">\n\t\t\t<div class=\"elementor-widget-wrap elementor-element-populated\">\n\t\t\t\t\t\t<div class=\"elementor-element elementor-element-efe7f0d elementor-view-framed elementor-shape-circle elementor-position-top elementor-mobile-position-top elementor-widget elementor-widget-icon-box\" data-id=\"efe7f0d\" data-element_type=\"widget\" data-widget_type=\"icon-box.default\">\n\t\t\t\t<div class=\"elementor-widget-container\">\n\t\t\t\t\t<div class=\"elementor-icon-box-wrapper\">\n\n\t\t\t\t\t\t<div class=\"elementor-icon-box-icon\">\n\t\t\t\t<a href=\"https:\/\/www.chu-tours.fr\/nri\/contacts\/\" class=\"elementor-icon elementor-animation-\" tabindex=\"-1\">\n\t\t\t\t<i aria-hidden=\"true\" class=\"fas fa-info\"><\/i>\t\t\t\t<\/a>\n\t\t\t<\/div>\n\t\t\t\n\t\t\t\t\t\t<div class=\"elementor-icon-box-content\">\n\n\t\t\t\t\t\t\t\t\t<h3 class=\"elementor-icon-box-title\">\n\t\t\t\t\t\t<a href=\"https:\/\/www.chu-tours.fr\/nri\/contacts\/\" >\n\t\t\t\t\t\t\tContact et prise de rendez-vous\t\t\t\t\t\t<\/a>\n\t\t\t\t\t<\/h3>\n\t\t\t\t\n\t\t\t\t\n\t\t\t<\/div>\n\t\t\t\n\t\t<\/div>\n\t\t\t\t<\/div>\n\t\t\t\t<\/div>\n\t\t\t\t\t<\/div>\n\t\t<\/div>\n\t\t\t\t\t<\/div>\n\t\t<\/section>\n\t\t\t\t<section class=\"elementor-section elementor-top-section elementor-element elementor-element-a8b39a6 elementor-section-boxed elementor-section-height-default elementor-section-height-default\" data-id=\"a8b39a6\" data-element_type=\"section\">\n\t\t\t\t\t\t<div class=\"elementor-container elementor-column-gap-default\">\n\t\t\t\t\t<div class=\"elementor-column elementor-col-100 elementor-top-column elementor-element elementor-element-99694e5\" data-id=\"99694e5\" data-element_type=\"column\">\n\t\t\t<div class=\"elementor-widget-wrap elementor-element-populated\">\n\t\t\t\t\t\t<div class=\"elementor-element elementor-element-f97ddb3 elementor-widget elementor-widget-heading\" data-id=\"f97ddb3\" data-element_type=\"widget\" data-widget_type=\"heading.default\">\n\t\t\t\t<div class=\"elementor-widget-container\">\n\t\t\t<h2 class=\"elementor-heading-title elementor-size-default\">[Vid\u00e9o] - La Neuroradiologie Interventionnelle au CHRU de Tours<\/h2>\t\t<\/div>\n\t\t\t\t<\/div>\n\t\t\t\t<div class=\"elementor-element elementor-element-bd3b337 elementor-widget elementor-widget-text-editor\" data-id=\"bd3b337\" data-element_type=\"widget\" data-widget_type=\"text-editor.default\">\n\t\t\t\t<div class=\"elementor-widget-container\">\n\t\t\t\t\t\t\t<p>La neuroradiologie interventionnelle est la discipline qui permet le traitement des pathologies vasculaires du cerveau et de la moelle \u00e9pini\u00e8re.<\/p><p>Deux salles biplans destin\u00e9es notamment \u00e0 la prise en charge des AVC ont \u00e9t\u00e9 inaugur\u00e9es le 10 mars 2023. Cet investissement de + de 4.5 millions d\u2019euros positionne le CHRU de Tours comme un centre de r\u00e9f\u00e9rence de premier plan.<\/p>\t\t\t\t\t\t<\/div>\n\t\t\t\t<\/div>\n\t\t\t\t<div class=\"elementor-element elementor-element-5de678d elementor-widget elementor-widget-video\" data-id=\"5de678d\" data-element_type=\"widget\" data-settings=\"{&quot;youtube_url&quot;:&quot;https:\\\/\\\/youtu.be\\\/LJWdIaPo-no&quot;,&quot;video_type&quot;:&quot;youtube&quot;,&quot;controls&quot;:&quot;yes&quot;}\" data-widget_type=\"video.default\">\n\t\t\t\t<div class=\"elementor-widget-container\">\n\t\t\t\t\t<div class=\"elementor-wrapper elementor-open-inline\">\n\t\t\t<div class=\"elementor-video\"><\/div>\t\t<\/div>\n\t\t\t\t<\/div>\n\t\t\t\t<\/div>\n\t\t\t\t\t<\/div>\n\t\t<\/div>\n\t\t\t\t\t<\/div>\n\t\t<\/section>\n\t\t\t\t<\/div>\n\t\t","protected":false},"excerpt":{"rendered":"<p>L&#8217;unit\u00e9 de Neuro-Radiologie Interventionnelle L\u2019unit\u00e9 de Neuroradiologie Interventionnelle (NRI) r\u00e9alise environ 1 900 proc\u00e9dures par an\u00a0: Environ 250 patients atteints d&#8217;an\u00e9vrismes intracr\u00e2niens, 40 patients atteints de malformations vasculaires intracr\u00e2niennes (malformations art\u00e9rio-veineuses, fistules durales), 90 patients atteints de malformations vasculaires extra-c\u00e9r\u00e9brales (angiomes), 25 patients pour un h\u00e9matome sous-dural chronique, 15 patients pour un stenting veineux (hypertension [&hellip;]<\/p>\n","protected":false},"author":4,"featured_media":0,"parent":0,"menu_order":0,"comment_status":"closed","ping_status":"closed","template":"","meta":{"_seopress_robots_primary_cat":"","_seopress_titles_title":"CHRU de Tours. Pr\u00e9sentation de l&#039;unit\u00e9 de Neuro-Radiologie Interventionnelle.","_seopress_titles_desc":"Pr\u00e9sentation de l&#039;unit\u00e9 de Neuro-Radiologie Interventionnelle du CHRU de Tours.","_seopress_robots_index":"","_exactmetrics_skip_tracking":false,"_exactmetrics_sitenote_active":false,"_exactmetrics_sitenote_note":"","_exactmetrics_sitenote_category":0,"_genesis_hide_title":false,"_genesis_hide_breadcrumbs":false,"_genesis_hide_singular_image":false,"_genesis_hide_footer_widgets":false,"_genesis_custom_body_class":"","_genesis_custom_post_class":"","_genesis_layout":"","footnotes":""},"publishpress_future_action":{"enabled":false,"date":"2026-05-19 22:11:45","action":"change-status","newStatus":"draft","terms":[],"taxonomy":""},"_links":{"self":[{"href":"https:\/\/www.chu-tours.fr\/nri\/wp-json\/wp\/v2\/pages\/12"}],"collection":[{"href":"https:\/\/www.chu-tours.fr\/nri\/wp-json\/wp\/v2\/pages"}],"about":[{"href":"https:\/\/www.chu-tours.fr\/nri\/wp-json\/wp\/v2\/types\/page"}],"author":[{"embeddable":true,"href":"https:\/\/www.chu-tours.fr\/nri\/wp-json\/wp\/v2\/users\/4"}],"replies":[{"embeddable":true,"href":"https:\/\/www.chu-tours.fr\/nri\/wp-json\/wp\/v2\/comments?post=12"}],"version-history":[{"count":20,"href":"https:\/\/www.chu-tours.fr\/nri\/wp-json\/wp\/v2\/pages\/12\/revisions"}],"predecessor-version":[{"id":1121,"href":"https:\/\/www.chu-tours.fr\/nri\/wp-json\/wp\/v2\/pages\/12\/revisions\/1121"}],"wp:attachment":[{"href":"https:\/\/www.chu-tours.fr\/nri\/wp-json\/wp\/v2\/media?parent=12"}],"curies":[{"name":"wp","href":"https:\/\/api.w.org\/{rel}","templated":true}]}}