{"id":6880,"date":"2026-04-16T15:23:58","date_gmt":"2026-04-16T13:23:58","guid":{"rendered":"https:\/\/www.chu-tours.fr\/ecoles-du-chru-de-tours\/?page_id=6880"},"modified":"2026-04-16T15:22:07","modified_gmt":"2026-04-16T13:22:07","slug":"resultats-admissibilite-formation-de-secretaire-medicale","status":"publish","type":"page","link":"https:\/\/www.chu-tours.fr\/ecoles-du-chru-de-tours\/resultats-admissibilite-formation-de-secretaire-medicale\/","title":{"rendered":"R\u00e9sultats d&#8217;admissibilit\u00e9 \u00e0 la formation de secr\u00e9taire m\u00e9dical &#8211; Avril 2026"},"content":{"rendered":"<p><a href=\"https:\/\/www.chu-tours.fr\/ecoles-du-chru-de-tours\/wp-content\/uploads\/sites\/10\/2026\/04\/LISTE_DES_ADMISSIBLES_FORMATION_SECRETAIRE_MEDICAL_2026-2027.pdf\">Liste des candidats admissibles \u00e0 la formation de secr\u00e9taire m\u00e9dical 2026-2027 du CFA Sant\u00e9 Centre-Val de Loire<\/a><\/p>\n","protected":false},"excerpt":{"rendered":"<p>Liste des candidats admissibles \u00e0 la formation de secr\u00e9taire m\u00e9dical 2026-2027 du CFA Sant\u00e9 Centre-Val de Loire<\/p>\n","protected":false},"author":18,"featured_media":0,"parent":0,"menu_order":0,"comment_status":"closed","ping_status":"closed","template":"","meta":{"_seopress_robots_primary_cat":"","_seopress_titles_title":"","_seopress_titles_desc":"","_seopress_robots_index":"","_exactmetrics_skip_tracking":false,"_exactmetrics_sitenote_active":false,"_exactmetrics_sitenote_note":"","_exactmetrics_sitenote_category":0,"_genesis_hide_title":false,"_genesis_hide_breadcrumbs":false,"_genesis_hide_singular_image":false,"_genesis_hide_footer_widgets":false,"_genesis_custom_body_class":"","_genesis_custom_post_class":"","_genesis_layout":"","footnotes":""},"publishpress_future_action":{"enabled":false,"date":"2026-05-19 22:56:06","action":"change-status","newStatus":"draft","terms":[],"taxonomy":""},"_links":{"self":[{"href":"https:\/\/www.chu-tours.fr\/ecoles-du-chru-de-tours\/wp-json\/wp\/v2\/pages\/6880"}],"collection":[{"href":"https:\/\/www.chu-tours.fr\/ecoles-du-chru-de-tours\/wp-json\/wp\/v2\/pages"}],"about":[{"href":"https:\/\/www.chu-tours.fr\/ecoles-du-chru-de-tours\/wp-json\/wp\/v2\/types\/page"}],"author":[{"embeddable":true,"href":"https:\/\/www.chu-tours.fr\/ecoles-du-chru-de-tours\/wp-json\/wp\/v2\/users\/18"}],"replies":[{"embeddable":true,"href":"https:\/\/www.chu-tours.fr\/ecoles-du-chru-de-tours\/wp-json\/wp\/v2\/comments?post=6880"}],"version-history":[{"count":3,"href":"https:\/\/www.chu-tours.fr\/ecoles-du-chru-de-tours\/wp-json\/wp\/v2\/pages\/6880\/revisions"}],"predecessor-version":[{"id":14304,"href":"https:\/\/www.chu-tours.fr\/ecoles-du-chru-de-tours\/wp-json\/wp\/v2\/pages\/6880\/revisions\/14304"}],"wp:attachment":[{"href":"https:\/\/www.chu-tours.fr\/ecoles-du-chru-de-tours\/wp-json\/wp\/v2\/media?parent=6880"}],"curies":[{"name":"wp","href":"https:\/\/api.w.org\/{rel}","templated":true}]}}