{"id":6588,"date":"2026-04-02T14:00:31","date_gmt":"2026-04-02T12:00:31","guid":{"rendered":"https:\/\/www.chu-tours.fr\/ecoles-du-chru-de-tours\/?page_id=6588"},"modified":"2026-04-01T11:01:35","modified_gmt":"2026-04-01T09:01:35","slug":"liste-admis-epreuves-selection-ecole-iade","status":"publish","type":"page","link":"https:\/\/www.chu-tours.fr\/ecoles-du-chru-de-tours\/liste-admis-epreuves-selection-ecole-iade\/","title":{"rendered":"Liste des r\u00e9sultats d&#8217;admission aux \u00e9preuves de s\u00e9lection IADE &#8211; Avril 2026"},"content":{"rendered":"<p><a href=\"https:\/\/www.chu-tours.fr\/ecoles-du-chru-de-tours\/wp-content\/uploads\/sites\/10\/2026\/04\/LISTE-PRINCIPALE-ADMISSION-IADE-INTERNET01042026100020.pdf\">Liste principale des admis aux \u00e9preuves de s\u00e9lection de l&#8217;\u00c9cole IADE- Avril 2026<\/a><\/p>\n<p><a href=\"https:\/\/www.chu-tours.fr\/ecoles-du-chru-de-tours\/wp-content\/uploads\/sites\/10\/2026\/04\/LISTE-COMPL-ADMISSION-IADE-INTERNET01042026100047.pdf\">Liste compl\u00e9mentaire des admis aux \u00e9preuves de s\u00e9lection de l&#8217;\u00c9cole IADE- Avril 2026<\/a><\/p>\n","protected":false},"excerpt":{"rendered":"<p>Liste principale des admis aux \u00e9preuves de s\u00e9lection de l&#8217;\u00c9cole IADE- Avril 2026 Liste compl\u00e9mentaire des admis aux \u00e9preuves de s\u00e9lection de l&#8217;\u00c9cole IADE- Avril 2026<\/p>\n","protected":false},"author":18,"featured_media":0,"parent":0,"menu_order":0,"comment_status":"closed","ping_status":"closed","template":"","meta":{"_seopress_robots_primary_cat":"","_seopress_titles_title":"","_seopress_titles_desc":"","_seopress_robots_index":"","_exactmetrics_skip_tracking":false,"_exactmetrics_sitenote_active":false,"_exactmetrics_sitenote_note":"","_exactmetrics_sitenote_category":0,"_genesis_hide_title":false,"_genesis_hide_breadcrumbs":false,"_genesis_hide_singular_image":false,"_genesis_hide_footer_widgets":false,"_genesis_custom_body_class":"","_genesis_custom_post_class":"","_genesis_layout":"","footnotes":""},"publishpress_future_action":{"enabled":false,"date":"2026-04-16 03:14:14","action":"change-status","newStatus":"draft","terms":[],"taxonomy":""},"_links":{"self":[{"href":"https:\/\/www.chu-tours.fr\/ecoles-du-chru-de-tours\/wp-json\/wp\/v2\/pages\/6588"}],"collection":[{"href":"https:\/\/www.chu-tours.fr\/ecoles-du-chru-de-tours\/wp-json\/wp\/v2\/pages"}],"about":[{"href":"https:\/\/www.chu-tours.fr\/ecoles-du-chru-de-tours\/wp-json\/wp\/v2\/types\/page"}],"author":[{"embeddable":true,"href":"https:\/\/www.chu-tours.fr\/ecoles-du-chru-de-tours\/wp-json\/wp\/v2\/users\/18"}],"replies":[{"embeddable":true,"href":"https:\/\/www.chu-tours.fr\/ecoles-du-chru-de-tours\/wp-json\/wp\/v2\/comments?post=6588"}],"version-history":[{"count":13,"href":"https:\/\/www.chu-tours.fr\/ecoles-du-chru-de-tours\/wp-json\/wp\/v2\/pages\/6588\/revisions"}],"predecessor-version":[{"id":14097,"href":"https:\/\/www.chu-tours.fr\/ecoles-du-chru-de-tours\/wp-json\/wp\/v2\/pages\/6588\/revisions\/14097"}],"wp:attachment":[{"href":"https:\/\/www.chu-tours.fr\/ecoles-du-chru-de-tours\/wp-json\/wp\/v2\/media?parent=6588"}],"curies":[{"name":"wp","href":"https:\/\/api.w.org\/{rel}","templated":true}]}}