{"id":6480,"date":"2023-03-31T09:06:07","date_gmt":"2023-03-31T07:06:07","guid":{"rendered":"https:\/\/www.chu-tours.fr\/ecoles-du-chru-de-tours\/?page_id=6480"},"modified":"2026-02-04T16:10:32","modified_gmt":"2026-02-04T15:10:32","slug":"acces-direct-en-l2-du-diplome-detat-infirmier","status":"publish","type":"page","link":"https:\/\/www.chu-tours.fr\/ecoles-du-chru-de-tours\/acces-direct-en-l2-du-diplome-detat-infirmier\/","title":{"rendered":"Acc\u00e8s direct en L2 du Dipl\u00f4me d&#8217;\u00c9tat Infirmier"},"content":{"rendered":"\t\t<div data-elementor-type=\"wp-page\" data-elementor-id=\"6480\" class=\"elementor elementor-6480\" data-elementor-post-type=\"page\">\n\t\t\t\t\t\t<section class=\"elementor-section elementor-top-section elementor-element elementor-element-c1444f0 elementor-section-boxed elementor-section-height-default elementor-section-height-default\" data-id=\"c1444f0\" data-element_type=\"section\">\n\t\t\t\t\t\t<div class=\"elementor-container elementor-column-gap-default\">\n\t\t\t\t\t<div class=\"elementor-column elementor-col-100 elementor-top-column elementor-element elementor-element-c82293f\" data-id=\"c82293f\" data-element_type=\"column\">\n\t\t\t<div class=\"elementor-widget-wrap elementor-element-populated\">\n\t\t\t\t\t\t<section class=\"elementor-section elementor-inner-section elementor-element elementor-element-67ec92d elementor-section-boxed elementor-section-height-default elementor-section-height-default\" data-id=\"67ec92d\" data-element_type=\"section\">\n\t\t\t\t\t\t<div class=\"elementor-container elementor-column-gap-default\">\n\t\t\t\t\t<div class=\"elementor-column elementor-col-50 elementor-inner-column elementor-element elementor-element-a5d8aa1\" data-id=\"a5d8aa1\" data-element_type=\"column\">\n\t\t\t<div class=\"elementor-widget-wrap elementor-element-populated\">\n\t\t\t\t\t\t<div class=\"elementor-element elementor-element-debc945 elementor-widget elementor-widget-image\" data-id=\"debc945\" data-element_type=\"widget\" data-widget_type=\"image.default\">\n\t\t\t\t<div class=\"elementor-widget-container\">\n\t\t\t\t\t\t\t\t\t\t\t\t\t<img fetchpriority=\"high\" decoding=\"async\" width=\"640\" height=\"480\" src=\"https:\/\/www.chu-tours.fr\/ecoles-du-chru-de-tours\/wp-content\/uploads\/sites\/10\/2021\/06\/CESA-2021.1.jpg\" class=\"attachment-large size-large wp-image-654\" alt=\"Ecoles du CHRU vu du ciel\" srcset=\"https:\/\/www.chu-tours.fr\/ecoles-du-chru-de-tours\/wp-content\/uploads\/sites\/10\/2021\/06\/CESA-2021.1.jpg 640w, https:\/\/www.chu-tours.fr\/ecoles-du-chru-de-tours\/wp-content\/uploads\/sites\/10\/2021\/06\/CESA-2021.1-300x225.jpg 300w, https:\/\/www.chu-tours.fr\/ecoles-du-chru-de-tours\/wp-content\/uploads\/sites\/10\/2021\/06\/CESA-2021.1-70x52.jpg 70w\" sizes=\"(max-width: 640px) 100vw, 640px\" \/>\t\t\t\t\t\t\t\t\t\t\t\t\t<\/div>\n\t\t\t\t<\/div>\n\t\t\t\t\t<\/div>\n\t\t<\/div>\n\t\t\t\t<div class=\"elementor-column elementor-col-50 elementor-inner-column elementor-element elementor-element-e2dcc44\" data-id=\"e2dcc44\" data-element_type=\"column\">\n\t\t\t<div class=\"elementor-widget-wrap elementor-element-populated\">\n\t\t\t\t\t\t<div class=\"elementor-element elementor-element-a73c968 elementor-widget elementor-widget-text-editor\" data-id=\"a73c968\" data-element_type=\"widget\" data-widget_type=\"text-editor.default\">\n\t\t\t\t<div class=\"elementor-widget-container\">\n\t\t\t\t\t\t\t<p><strong><span class=\"S1PPyQ\" style=\"font-size: 36pt\">35 PLACES<br \/><\/span><\/strong><strong><span style=\"color: #c62050\">10 POUR BLOIS CH,<\/span><\/strong><br \/><strong><span style=\"color: #c62050\">10 POUR ORL\u00c9ANS CHR,<\/span><\/strong><br \/><strong><span style=\"color: #c62050\">15 PLACES POUR TOURS CHRU<\/span><\/strong><\/p>\t\t\t\t\t\t<\/div>\n\t\t\t\t<\/div>\n\t\t\t\t<div class=\"elementor-element elementor-element-19461c3 elementor-widget elementor-widget-text-editor\" data-id=\"19461c3\" data-element_type=\"widget\" data-widget_type=\"text-editor.default\">\n\t\t\t\t<div class=\"elementor-widget-container\">\n\t\t\t\t\t\t\t<p><span class=\"S1PPyQ\">Ces modalit\u00e9s d\u2019inscription concernent exclusivement les instituts de formation en soins infirmiers (IFSI) de Blois, d&#8217;Orl\u00e9ans et de Tours CHRU pour les \u00e9tudiants de PASS ou de LAS<\/span><span class=\"S1PPyQ\">.<\/span><\/p><p><span style=\"font-size: 10pt\"><em><span class=\"S1PPyQ\">Arr\u00eat\u00e9 du 22 octobre 2021 modifiant l&#8217;arr\u00eat\u00e9 du 4 octobre 2019 relatif \u00e0 l&#8217;acc\u00e8s aux formations de m\u00e9decine, de pharmacie, d&#8217;odontologie et de ma\u00efeutique.<\/span> <\/em><\/span><\/p>\t\t\t\t\t\t<\/div>\n\t\t\t\t<\/div>\n\t\t\t\t\t<\/div>\n\t\t<\/div>\n\t\t\t\t\t<\/div>\n\t\t<\/section>\n\t\t\t\t<section class=\"elementor-section elementor-inner-section elementor-element elementor-element-3470f38 elementor-section-boxed elementor-section-height-default elementor-section-height-default\" data-id=\"3470f38\" data-element_type=\"section\">\n\t\t\t\t\t\t<div class=\"elementor-container elementor-column-gap-default\">\n\t\t\t\t\t<div class=\"elementor-column elementor-col-16 elementor-inner-column elementor-element elementor-element-32d824a\" data-id=\"32d824a\" data-element_type=\"column\">\n\t\t\t<div class=\"elementor-widget-wrap elementor-element-populated\">\n\t\t\t\t\t\t<div class=\"elementor-element elementor-element-1dba907 elementor-widget elementor-widget-image\" data-id=\"1dba907\" data-element_type=\"widget\" data-widget_type=\"image.default\">\n\t\t\t\t<div class=\"elementor-widget-container\">\n\t\t\t\t\t\t\t\t\t\t\t\t\t<img decoding=\"async\" width=\"663\" height=\"261\" src=\"https:\/\/www.chu-tours.fr\/ecoles-du-chru-de-tours\/wp-content\/uploads\/sites\/10\/2021\/07\/ecole-du-CHRU_RVB.png\" class=\"attachment-large size-large wp-image-958\" alt=\"Logo des \u00e9coles du CHRU de Tours\" srcset=\"https:\/\/www.chu-tours.fr\/ecoles-du-chru-de-tours\/wp-content\/uploads\/sites\/10\/2021\/07\/ecole-du-CHRU_RVB.png 663w, https:\/\/www.chu-tours.fr\/ecoles-du-chru-de-tours\/wp-content\/uploads\/sites\/10\/2021\/07\/ecole-du-CHRU_RVB-300x118.png 300w\" sizes=\"(max-width: 663px) 100vw, 663px\" \/>\t\t\t\t\t\t\t\t\t\t\t\t\t<\/div>\n\t\t\t\t<\/div>\n\t\t\t\t\t<\/div>\n\t\t<\/div>\n\t\t\t\t<div class=\"elementor-column elementor-col-16 elementor-inner-column elementor-element elementor-element-5440e3a\" data-id=\"5440e3a\" data-element_type=\"column\">\n\t\t\t<div class=\"elementor-widget-wrap elementor-element-populated\">\n\t\t\t\t\t\t<div class=\"elementor-element elementor-element-a40f8f9 elementor-widget elementor-widget-image\" data-id=\"a40f8f9\" data-element_type=\"widget\" data-widget_type=\"image.default\">\n\t\t\t\t<div class=\"elementor-widget-container\">\n\t\t\t\t\t\t\t\t\t\t\t\t\t<img decoding=\"async\" width=\"200\" height=\"100\" src=\"https:\/\/www.chu-tours.fr\/ecoles-du-chru-de-tours\/wp-content\/uploads\/sites\/10\/2023\/04\/logo-ifsifas.png\" class=\"attachment-large size-large wp-image-6781\" alt=\"\" \/>\t\t\t\t\t\t\t\t\t\t\t\t\t<\/div>\n\t\t\t\t<\/div>\n\t\t\t\t\t<\/div>\n\t\t<\/div>\n\t\t\t\t<div class=\"elementor-column elementor-col-16 elementor-inner-column elementor-element elementor-element-0f80bac\" data-id=\"0f80bac\" data-element_type=\"column\">\n\t\t\t<div class=\"elementor-widget-wrap elementor-element-populated\">\n\t\t\t\t\t\t<div class=\"elementor-element elementor-element-d1ab15e elementor-widget elementor-widget-image\" data-id=\"d1ab15e\" data-element_type=\"widget\" data-widget_type=\"image.default\">\n\t\t\t\t<div class=\"elementor-widget-container\">\n\t\t\t\t\t\t\t\t\t\t\t\t\t<img loading=\"lazy\" decoding=\"async\" width=\"1024\" height=\"587\" src=\"https:\/\/www.chu-tours.fr\/ecoles-du-chru-de-tours\/wp-content\/uploads\/sites\/10\/2023\/04\/2020_LOGO_IFPM_ADRESSE-SITE_transparent-1024x587.png\" class=\"attachment-large size-large wp-image-6780\" alt=\"\" srcset=\"https:\/\/www.chu-tours.fr\/ecoles-du-chru-de-tours\/wp-content\/uploads\/sites\/10\/2023\/04\/2020_LOGO_IFPM_ADRESSE-SITE_transparent-1024x587.png 1024w, https:\/\/www.chu-tours.fr\/ecoles-du-chru-de-tours\/wp-content\/uploads\/sites\/10\/2023\/04\/2020_LOGO_IFPM_ADRESSE-SITE_transparent-300x172.png 300w, https:\/\/www.chu-tours.fr\/ecoles-du-chru-de-tours\/wp-content\/uploads\/sites\/10\/2023\/04\/2020_LOGO_IFPM_ADRESSE-SITE_transparent-768x440.png 768w, https:\/\/www.chu-tours.fr\/ecoles-du-chru-de-tours\/wp-content\/uploads\/sites\/10\/2023\/04\/2020_LOGO_IFPM_ADRESSE-SITE_transparent.png 1442w\" sizes=\"(max-width: 1024px) 100vw, 1024px\" \/>\t\t\t\t\t\t\t\t\t\t\t\t\t<\/div>\n\t\t\t\t<\/div>\n\t\t\t\t\t<\/div>\n\t\t<\/div>\n\t\t\t\t<div class=\"elementor-column elementor-col-16 elementor-inner-column elementor-element elementor-element-b325c36\" data-id=\"b325c36\" data-element_type=\"column\">\n\t\t\t<div class=\"elementor-widget-wrap\">\n\t\t\t\t\t\t\t<\/div>\n\t\t<\/div>\n\t\t\t\t<div class=\"elementor-column elementor-col-16 elementor-inner-column elementor-element elementor-element-6a06859\" data-id=\"6a06859\" data-element_type=\"column\">\n\t\t\t<div class=\"elementor-widget-wrap\">\n\t\t\t\t\t\t\t<\/div>\n\t\t<\/div>\n\t\t\t\t<div class=\"elementor-column elementor-col-16 elementor-inner-column elementor-element elementor-element-3a9f0ef\" data-id=\"3a9f0ef\" data-element_type=\"column\">\n\t\t\t<div class=\"elementor-widget-wrap\">\n\t\t\t\t\t\t\t<\/div>\n\t\t<\/div>\n\t\t\t\t\t<\/div>\n\t\t<\/section>\n\t\t\t\t\t<\/div>\n\t\t<\/div>\n\t\t\t\t\t<\/div>\n\t\t<\/section>\n\t\t\t\t<section class=\"elementor-section elementor-top-section elementor-element elementor-element-298ccce elementor-section-boxed elementor-section-height-default elementor-section-height-default\" data-id=\"298ccce\" data-element_type=\"section\">\n\t\t\t\t\t\t<div class=\"elementor-container elementor-column-gap-default\">\n\t\t\t\t\t<div class=\"elementor-column elementor-col-100 elementor-top-column elementor-element elementor-element-b24816a\" data-id=\"b24816a\" data-element_type=\"column\">\n\t\t\t<div class=\"elementor-widget-wrap elementor-element-populated\">\n\t\t\t\t\t\t<div class=\"elementor-element elementor-element-8024403 elementor-widget elementor-widget-text-editor\" data-id=\"8024403\" data-element_type=\"widget\" data-widget_type=\"text-editor.default\">\n\t\t\t\t<div class=\"elementor-widget-container\">\n\t\t\t\t\t\t\t<h2>Conditions d&#8217;admission<\/h2><ul><li>Avoir obtenu 60 ECTS<\/li><li>Avoir d\u00fbment compl\u00e9t\u00e9 le dossier d\u2019inscription<\/li><li>Avoir un passeport m\u00e9dical complet<\/li><\/ul><h2>Dossier d&#8217;inscription<\/h2>\t\t\t\t\t\t<\/div>\n\t\t\t\t<\/div>\n\t\t\t\t<div class=\"elementor-element elementor-element-2f6ede5 elementor-cta--skin-cover elementor-animated-content elementor-bg-transform elementor-bg-transform-zoom-in elementor-widget elementor-widget-call-to-action\" data-id=\"2f6ede5\" data-element_type=\"widget\" data-widget_type=\"call-to-action.default\">\n\t\t\t\t<div class=\"elementor-widget-container\">\n\t\t\t\t\t<a class=\"elementor-cta\" href=\"https:\/\/www.chu-tours.fr\/ecoles-du-chru-de-tours\/rentree-ifsi-pass-las\/\">\n\t\t\t\t\t<div class=\"elementor-cta__bg-wrapper\">\n\t\t\t\t<div class=\"elementor-cta__bg elementor-bg\" style=\"background-image: url(https:\/\/www.chu-tours.fr\/ecoles-du-chru-de-tours\/wp-content\/uploads\/sites\/10\/2021\/09\/Carre-rose.png);\" role=\"img\" aria-label=\"Carr\u00e9 rose\"><\/div>\n\t\t\t\t<div class=\"elementor-cta__bg-overlay\"><\/div>\n\t\t\t<\/div>\n\t\t\t\t\t\t\t<div class=\"elementor-cta__content\">\n\t\t\t\t\n\t\t\t\t\t\t\t\t\t<h5 class=\"elementor-cta__title elementor-cta__content-item elementor-content-item elementor-animated-item--grow\">\n\t\t\t\t\t\tDossier d'inscription PASS-LAS\t\t\t\t\t<\/h5>\n\t\t\t\t\n\t\t\t\t\n\t\t\t\t\t\t\t\t\t<div class=\"elementor-cta__button-wrapper elementor-cta__content-item elementor-content-item elementor-animated-item--grow\">\n\t\t\t\t\t<span class=\"elementor-cta__button elementor-button elementor-size-\">\n\t\t\t\t\t\tJe me rends sur la page du dossier d'inscription\t\t\t\t\t<\/span>\n\t\t\t\t\t<\/div>\n\t\t\t\t\t\t\t<\/div>\n\t\t\t\t\t\t<\/a>\n\t\t\t\t<\/div>\n\t\t\t\t<\/div>\n\t\t\t\t<div class=\"elementor-element elementor-element-c1bf706 elementor-widget elementor-widget-text-editor\" data-id=\"c1bf706\" data-element_type=\"widget\" data-widget_type=\"text-editor.default\">\n\t\t\t\t<div class=\"elementor-widget-container\">\n\t\t\t\t\t\t\t<h2>DEP\u00d4T DU DOSSIER<\/h2><p>Le dossier doit \u00eatre <span style=\"color: #e51144\"><strong>imp\u00e9rativement \u00eatre d\u00e9pos\u00e9 ou post\u00e9 au plus tard avant le 10 juillet 2026<\/strong><\/span> (Respect strict des d\u00e9lais d\u2019inscription)<\/p><p><em>Cf. Dossier d\u2019inscription pour les modalit\u00e9s de d\u00e9p\u00f4t.<\/em><\/p>\t\t\t\t\t\t<\/div>\n\t\t\t\t<\/div>\n\t\t\t\t<div class=\"elementor-element elementor-element-3ec2e91 elementor-widget elementor-widget-text-editor\" data-id=\"3ec2e91\" data-element_type=\"widget\" data-widget_type=\"text-editor.default\">\n\t\t\t\t<div class=\"elementor-widget-container\">\n\t\t\t\t\t\t\t<h2>Dates-cl\u00e9s<\/h2>\t\t\t\t\t\t<\/div>\n\t\t\t\t<\/div>\n\t\t\t\t\t<\/div>\n\t\t<\/div>\n\t\t\t\t\t<\/div>\n\t\t<\/section>\n\t\t\t\t<section class=\"elementor-section elementor-top-section elementor-element elementor-element-ecd6264 elementor-section-boxed elementor-section-height-default elementor-section-height-default\" data-id=\"ecd6264\" data-element_type=\"section\">\n\t\t\t\t\t\t<div class=\"elementor-container elementor-column-gap-default\">\n\t\t\t\t\t<div class=\"elementor-column elementor-col-100 elementor-top-column elementor-element elementor-element-3218121\" data-id=\"3218121\" data-element_type=\"column\">\n\t\t\t<div class=\"elementor-widget-wrap elementor-element-populated\">\n\t\t\t\t\t\t<section class=\"elementor-section elementor-inner-section elementor-element elementor-element-2343559 elementor-section-boxed elementor-section-height-default elementor-section-height-default\" data-id=\"2343559\" data-element_type=\"section\">\n\t\t\t\t\t\t<div class=\"elementor-container elementor-column-gap-default\">\n\t\t\t\t\t<div class=\"elementor-column elementor-col-50 elementor-inner-column elementor-element elementor-element-3af99a7\" data-id=\"3af99a7\" data-element_type=\"column\">\n\t\t\t<div class=\"elementor-widget-wrap elementor-element-populated\">\n\t\t\t\t\t\t<div class=\"elementor-element elementor-element-b43e22d elementor-widget elementor-widget-text-editor\" data-id=\"b43e22d\" data-element_type=\"widget\" data-widget_type=\"text-editor.default\">\n\t\t\t\t<div class=\"elementor-widget-container\">\n\t\t\t\t\t\t\t<h3>PASS<\/h3><table style=\"border-collapse: collapse;width: 100%;height: 216px\"><tbody><tr style=\"height: 48px\"><td style=\"width: 50%;height: 48px\"><strong>Inscriptions \u00e0 l&#8217;IFSI en L2<\/strong><\/td><td style=\"width: 50%;height: 48px\">A partir du 1 mai 2026<\/td><\/tr><tr style=\"height: 72px\"><td style=\"width: 50%;height: 72px\"><strong>R\u00e9sultats du PASS au rattrapage<\/strong><\/td><td style=\"width: 50%;height: 72px\">Non communiqu\u00e9<\/td><\/tr><tr style=\"height: 24px\"><td style=\"width: 50%;height: 24px\"><strong>Rentr\u00e9e anticip\u00e9e en L2<\/strong><\/td><td style=\"width: 50%;height: 24px\">20 juillet 2026<\/td><\/tr><tr style=\"height: 24px\"><td style=\"width: 50%;height: 24px\"><strong>\u00a0Module distanciel &#8220;soins infirmiers&#8221;<\/strong><\/td><td style=\"width: 50%;height: 24px\">01 juin 2026<\/td><\/tr><tr style=\"height: 24px\"><td style=\"width: 50%;height: 24px\"><strong>\u00a0Stage de 5 semaines<\/strong><\/td><td style=\"width: 50%;height: 24px\">Du 20 juillet au 21 ao\u00fbt 2026<\/td><\/tr><tr style=\"height: 24px\"><td style=\"width: 50%;height: 24px\"><strong>\u00a0Section p\u00e9dagogique pour \u00e9tude de dispense de stage<\/strong><\/td><td style=\"width: 50%;height: 24px\">F\u00e9vrier 2027<\/td><\/tr><\/tbody><\/table>\t\t\t\t\t\t<\/div>\n\t\t\t\t<\/div>\n\t\t\t\t\t<\/div>\n\t\t<\/div>\n\t\t\t\t<div class=\"elementor-column elementor-col-50 elementor-inner-column elementor-element elementor-element-d75a9c5\" data-id=\"d75a9c5\" data-element_type=\"column\">\n\t\t\t<div class=\"elementor-widget-wrap elementor-element-populated\">\n\t\t\t\t\t\t<div class=\"elementor-element elementor-element-4a19df2 elementor-widget elementor-widget-text-editor\" data-id=\"4a19df2\" data-element_type=\"widget\" data-widget_type=\"text-editor.default\">\n\t\t\t\t<div class=\"elementor-widget-container\">\n\t\t\t\t\t\t\t<h3>LAS<\/h3><table style=\"border-collapse: collapse;width: 100%;height: 216px\"><tbody><tr style=\"height: 48px\"><td style=\"width: 50%;height: 48px\"><strong>R\u00e9sultats de la LAS<\/strong><\/td><td style=\"width: 50%;height: 48px\"><span data-olk-copy-source=\"MessageBody\">A partir du 1 mai 2026<\/span><\/td><\/tr><tr style=\"height: 72px\"><td style=\"width: 50%;height: 72px\"><strong>Inscriptions \u00e0 l&#8217;IFSI en L2<\/strong><\/td><td style=\"width: 50%;height: 72px\">Non communiqu\u00e9<\/td><\/tr><tr style=\"height: 24px\"><td style=\"width: 50%;height: 24px\"><strong>Rentr\u00e9e anticip\u00e9e en L2<\/strong><\/td><td style=\"width: 50%;height: 24px\">20 juillet 2026<\/td><\/tr><tr style=\"height: 24px\"><td style=\"width: 50%;height: 24px\"><strong>\u00a0Module distanciel &#8220;soins infirmiers&#8221;<\/strong><\/td><td style=\"width: 50%;height: 24px\">\u00a001 juin 2026<\/td><\/tr><tr style=\"height: 24px\"><td style=\"width: 50%;height: 24px\"><strong>\u00a0Stage obligatoire de 5 semaines<\/strong><\/td><td style=\"width: 50%;height: 24px\">Du 20 juillet au 21 ao\u00fbt 2026<\/td><\/tr><tr style=\"height: 24px\"><td style=\"width: 50%;height: 24px\"><strong>\u00a0Section p\u00e9dagogique pour \u00e9tude de dispense de stage<\/strong><\/td><td style=\"width: 50%;height: 24px\"><div><span data-olk-copy-source=\"MessageBody\">\u00a0<\/span>F\u00e9vrier 2027<\/div><div>\u00a0<\/div><\/td><\/tr><\/tbody><\/table>\t\t\t\t\t\t<\/div>\n\t\t\t\t<\/div>\n\t\t\t\t\t<\/div>\n\t\t<\/div>\n\t\t\t\t\t<\/div>\n\t\t<\/section>\n\t\t\t\t<div class=\"elementor-element elementor-element-b56c696 elementor-cta--skin-cover elementor-animated-content elementor-bg-transform elementor-bg-transform-zoom-in elementor-widget elementor-widget-call-to-action\" data-id=\"b56c696\" data-element_type=\"widget\" data-widget_type=\"call-to-action.default\">\n\t\t\t\t<div class=\"elementor-widget-container\">\n\t\t\t\t\t<a class=\"elementor-cta\" href=\"https:\/\/teams.microsoft.com\/l\/meetup-join\/19%3ameeting_MmYzOTFjYTgtYmM0ZS00NjgxLWI1Y2UtMWJiZTYzM2QwNDZj%40thread.v2\/0?context=%7b%22Tid%22%3a%2216150599-ebb0-4fcf-94a5-6010823c7bd5%22%2c%22Oid%22%3a%22824b014b-3d40-440d-bc4e-767e6f546f77%22%7d\">\n\t\t\t\t\t<div class=\"elementor-cta__bg-wrapper\">\n\t\t\t\t<div class=\"elementor-cta__bg elementor-bg\" style=\"background-image: url(https:\/\/www.chu-tours.fr\/ecoles-du-chru-de-tours\/wp-content\/uploads\/sites\/10\/2021\/09\/Carre-rose.png);\" role=\"img\" aria-label=\"Carr\u00e9 rose\"><\/div>\n\t\t\t\t<div class=\"elementor-cta__bg-overlay\"><\/div>\n\t\t\t<\/div>\n\t\t\t\t\t\t\t<div class=\"elementor-cta__content\">\n\t\t\t\t\n\t\t\t\t\t\t\t\t\t<h2 class=\"elementor-cta__title elementor-cta__content-item elementor-content-item elementor-animated-item--grow\">\n\t\t\t\t\t\tPr\u00e9sentation par l\u2019\u00e9quipe p\u00e9dagogique  le 21 Mai 2026 \u00e0 14h00 \t\t\t\t\t<\/h2>\n\t\t\t\t\n\t\t\t\t\n\t\t\t\t\t\t\t\t\t<div class=\"elementor-cta__button-wrapper elementor-cta__content-item elementor-content-item elementor-animated-item--grow\">\n\t\t\t\t\t<span class=\"elementor-cta__button elementor-button elementor-size-\">\n\t\t\t\t\t\tRejoindre la visio \t\t\t\t\t<\/span>\n\t\t\t\t\t<\/div>\n\t\t\t\t\t\t\t<\/div>\n\t\t\t\t\t\t<\/a>\n\t\t\t\t<\/div>\n\t\t\t\t<\/div>\n\t\t\t\t\t<\/div>\n\t\t<\/div>\n\t\t\t\t\t<\/div>\n\t\t<\/section>\n\t\t\t\t<section class=\"elementor-section elementor-top-section elementor-element elementor-element-1f1a75b elementor-section-boxed elementor-section-height-default elementor-section-height-default\" data-id=\"1f1a75b\" data-element_type=\"section\">\n\t\t\t\t\t\t<div class=\"elementor-container elementor-column-gap-default\">\n\t\t\t\t\t<div class=\"elementor-column elementor-col-100 elementor-top-column elementor-element elementor-element-11d38a0\" data-id=\"11d38a0\" data-element_type=\"column\">\n\t\t\t<div class=\"elementor-widget-wrap elementor-element-populated\">\n\t\t\t\t\t\t<div class=\"elementor-element elementor-element-1ca93c8 elementor-widget elementor-widget-text-editor\" data-id=\"1ca93c8\" data-element_type=\"widget\" data-widget_type=\"text-editor.default\">\n\t\t\t\t<div class=\"elementor-widget-container\">\n\t\t\t\t\t\t\t<h2>Contact<\/h2><p><strong>\u00a0<\/strong>\u2706 : 02 47 47 81 01<\/p><p><span style=\"font-family: Arial, Helvetica, sans-serif\">\ud83d\udd82 : <a href=\"mailto:dispositifpasserelle@chu-tours.fr\">dispositifpasserelle@chu-tours.fr<\/a><\/span><\/p>\t\t\t\t\t\t<\/div>\n\t\t\t\t<\/div>\n\t\t\t\t\t<\/div>\n\t\t<\/div>\n\t\t\t\t\t<\/div>\n\t\t<\/section>\n\t\t\t\t<section class=\"elementor-section elementor-top-section elementor-element elementor-element-fba4a98 elementor-section-boxed elementor-section-height-default elementor-section-height-default\" data-id=\"fba4a98\" data-element_type=\"section\">\n\t\t\t\t\t\t<div class=\"elementor-container elementor-column-gap-default\">\n\t\t\t\t\t<div class=\"elementor-column elementor-col-100 elementor-top-column elementor-element elementor-element-7072624\" data-id=\"7072624\" data-element_type=\"column\">\n\t\t\t<div class=\"elementor-widget-wrap elementor-element-populated\">\n\t\t\t\t\t\t<div class=\"elementor-element elementor-element-6f7f21e elementor-widget elementor-widget-text-editor\" data-id=\"6f7f21e\" data-element_type=\"widget\" data-widget_type=\"text-editor.default\">\n\t\t\t\t<div class=\"elementor-widget-container\">\n\t\t\t\t\t\t\t<p style=\"text-align: right\"><span style=\"font-size: 10pt\"><em>Mise \u00e0 jour : 04\/02\/2026<\/em><\/span><\/p>\t\t\t\t\t\t<\/div>\n\t\t\t\t<\/div>\n\t\t\t\t\t<\/div>\n\t\t<\/div>\n\t\t\t\t\t<\/div>\n\t\t<\/section>\n\t\t\t\t<\/div>\n\t\t","protected":false},"excerpt":{"rendered":"<p>35 PLACES10 POUR BLOIS CH,10 POUR ORL\u00c9ANS CHR,15 PLACES POUR TOURS CHRU Ces modalit\u00e9s d\u2019inscription concernent exclusivement les instituts de formation en soins infirmiers (IFSI) de Blois, d&#8217;Orl\u00e9ans et de Tours CHRU pour les \u00e9tudiants de PASS ou de LAS. Arr\u00eat\u00e9 du 22 octobre 2021 modifiant l&#8217;arr\u00eat\u00e9 du 4 octobre 2019 relatif \u00e0 l&#8217;acc\u00e8s aux [&hellip;]<\/p>\n","protected":false},"author":18,"featured_media":0,"parent":0,"menu_order":0,"comment_status":"closed","ping_status":"closed","template":"","meta":{"_seopress_robots_primary_cat":"","_seopress_titles_title":"","_seopress_titles_desc":"","_seopress_robots_index":"","_exactmetrics_skip_tracking":false,"_exactmetrics_sitenote_active":false,"_exactmetrics_sitenote_note":"","_exactmetrics_sitenote_category":0,"_genesis_hide_title":false,"_genesis_hide_breadcrumbs":false,"_genesis_hide_singular_image":false,"_genesis_hide_footer_widgets":false,"_genesis_custom_body_class":"","_genesis_custom_post_class":"","_genesis_layout":"","footnotes":""},"publishpress_future_action":{"enabled":false,"date":"2026-05-20 19:40:50","action":"change-status","newStatus":"draft","terms":[],"taxonomy":""},"_links":{"self":[{"href":"https:\/\/www.chu-tours.fr\/ecoles-du-chru-de-tours\/wp-json\/wp\/v2\/pages\/6480"}],"collection":[{"href":"https:\/\/www.chu-tours.fr\/ecoles-du-chru-de-tours\/wp-json\/wp\/v2\/pages"}],"about":[{"href":"https:\/\/www.chu-tours.fr\/ecoles-du-chru-de-tours\/wp-json\/wp\/v2\/types\/page"}],"author":[{"embeddable":true,"href":"https:\/\/www.chu-tours.fr\/ecoles-du-chru-de-tours\/wp-json\/wp\/v2\/users\/18"}],"replies":[{"embeddable":true,"href":"https:\/\/www.chu-tours.fr\/ecoles-du-chru-de-tours\/wp-json\/wp\/v2\/comments?post=6480"}],"version-history":[{"count":20,"href":"https:\/\/www.chu-tours.fr\/ecoles-du-chru-de-tours\/wp-json\/wp\/v2\/pages\/6480\/revisions"}],"predecessor-version":[{"id":13484,"href":"https:\/\/www.chu-tours.fr\/ecoles-du-chru-de-tours\/wp-json\/wp\/v2\/pages\/6480\/revisions\/13484"}],"wp:attachment":[{"href":"https:\/\/www.chu-tours.fr\/ecoles-du-chru-de-tours\/wp-json\/wp\/v2\/media?parent=6480"}],"curies":[{"name":"wp","href":"https:\/\/api.w.org\/{rel}","templated":true}]}}