{"id":3752,"date":"2022-02-02T14:34:20","date_gmt":"2022-02-02T13:34:20","guid":{"rendered":"https:\/\/www.chu-tours.fr\/ecoles-du-chru-de-tours\/?page_id=3752"},"modified":"2026-02-26T16:23:12","modified_gmt":"2026-02-26T15:23:12","slug":"preparateur-en-pharmacie-hospitaliere-via-la-validation-des-acquis-de-lexperience-vae","status":"publish","type":"page","link":"https:\/\/www.chu-tours.fr\/ecoles-du-chru-de-tours\/preparateur-en-pharmacie-hospitaliere-via-la-validation-des-acquis-de-lexperience-vae\/","title":{"rendered":"Pr\u00e9parateur en pharmacie hospitali\u00e8re via la Validation des Acquis de l&#8217;Exp\u00e9rience (VAE)"},"content":{"rendered":"\t\t<div data-elementor-type=\"wp-page\" data-elementor-id=\"3752\" class=\"elementor elementor-3752\" data-elementor-post-type=\"page\">\n\t\t\t\t\t\t<section class=\"elementor-section elementor-top-section elementor-element elementor-element-3303750 elementor-section-boxed elementor-section-height-default elementor-section-height-default\" data-id=\"3303750\" data-element_type=\"section\">\n\t\t\t\t\t\t<div class=\"elementor-container elementor-column-gap-default\">\n\t\t\t\t\t<div class=\"elementor-column elementor-col-100 elementor-top-column elementor-element elementor-element-84cc42b\" data-id=\"84cc42b\" data-element_type=\"column\">\n\t\t\t<div class=\"elementor-widget-wrap elementor-element-populated\">\n\t\t\t\t\t\t<div class=\"elementor-element elementor-element-daa04ed elementor-widget elementor-widget-text-editor\" data-id=\"daa04ed\" data-element_type=\"widget\" data-widget_type=\"text-editor.default\">\n\t\t\t\t<div class=\"elementor-widget-container\">\n\t\t\t\t\t\t\t<p>A\u00a0compter du 1<sup>er<\/sup>\u00a0janvier 2025, le dipl\u00f4me d\u2019Etat de pr\u00e9parateur en pharmacie hospitali\u00e8re (DEPPH) \u00a0relevant de l\u2019\u00a0<a href=\"https:\/\/urldefense.com\/v3\/__https:\/www.legifrance.gouv.fr\/jorf\/id\/JORFTEXT000050066720__;!!LBQIZUTCKxHDU1TivA!kXXJnX-8gsaX5z3m0tt57j7OO20xCUSHU43GRsL2BBV8q1JvDOb5D0kQmmjShg6vLuDXULZyZtVvpj6GxnMbUzPaOwM9AMsKoilKGBaptA$\">Arr\u00eat\u00e9 du 31 juillet 2024 relatif au dipl\u00f4me d&#8217;Etat de pr\u00e9parateur en pharmacie hospitali\u00e8re<\/a>\u00a0<em><u>sera d\u00e9livr\u00e9 par \u00a0les DREETS.<\/u><\/em><\/p><p>Le\u00a0\u00a0<a href=\"https:\/\/urldefense.com\/v3\/__https:\/www.legifrance.gouv.fr\/jorf\/id\/JORFTEXT000050066675*:*:text=Entr**Ae*20en*20vigueur*20*3A*20le*20texte,la*20rentr**Ae*20de*20septembre*202024.__;I37DqSUlJSUlJSXDqSUlJQ!!LBQIZUTCKxHDU1TivA!kXXJnX-8gsaX5z3m0tt57j7OO20xCUSHU43GRsL2BBV8q1JvDOb5D0kQmmjShg6vLuDXULZyZtVvpj6GxnMbUzPaOwM9AMsKoilafshI5g$\">D\u00e9cret n<sup>o<\/sup>\u00a02024-855 du 31 juillet 2024 attribuant le grade de licence aux titulaires du dipl\u00f4me d\u2019Etat de pr\u00e9parateur en pharmacie hospitali\u00e8re<\/a>\u00a0inscrit \u00e0 l\u2019article D. 636-69 du code de l\u2019\u00e9ducation le dipl\u00f4me parmi la liste des dipl\u00f4mes\u00a0<em><u>conf\u00e9rant le grade de licence<\/u><\/em>.<\/p><p>La validation des acquis d\u2019exp\u00e9rience (VAE) est pr\u00e9vue par l\u2019article 27 de l\u2019arr\u00eat\u00e9 pr\u00e9cit\u00e9.<\/p><p>Aussi,\u00a0l\u2019<a href=\"https:\/\/urldefense.com\/v3\/__https:\/www.legifrance.gouv.fr\/loda\/id\/LEGITEXT000006054217__;!!LBQIZUTCKxHDU1TivA!kXXJnX-8gsaX5z3m0tt57j7OO20xCUSHU43GRsL2BBV8q1JvDOb5D0kQmmjShg6vLuDXULZyZtVvpj6GxnMbUzPaOwM9AMsKoiloCn4lDw$\">arr\u00eat\u00e9 du 31 juillet 2006 relatif aux modalit\u00e9s d&#8217;organisation de la validation des acquis de l&#8217;exp\u00e9rience pour l&#8217;obtention du dipl\u00f4me de pr\u00e9parateur en pharmacie hospitali\u00e8re. &#8211; L\u00e9gifrance (legifrance.gouv.fr)<\/a>\u00a0<strong><em>est abrog\u00e9 par l\u2019article 28 de l\u2019arr\u00eat\u00e9 du 31 juillet 2024\u00a0relatif au dipl\u00f4me d&#8217;Etat de pr\u00e9parateur en pharmacie hospitali\u00e8re \u00e0 compter du 1<sup>er<\/sup>\u00a0janvier 2025<\/em><\/strong>.<\/p><p class=\"x_elementToProof\" data-olk-copy-source=\"MessageBody\">Les documents \u00e0 destination des candidats sont disponibles sur le site de l\u2019ASP par ce lien \u00a0<a id=\"LPlnkOWA8d2a9356-869c-71e1-e828-fb3ae8012022\" class=\"x_OWAAutoLink\" title=\"https:\/\/vae.asp-public.fr\/vaeinfo\/depph-telechargements\" href=\"https:\/\/vae.asp-public.fr\/vaeinfo\/depph-telechargements\" target=\"_blank\" rel=\"noopener noreferrer\" data-linkindex=\"1\" data-auth=\"NotApplicable\">DEPPH &#8211; T\u00e9l\u00e9chargements | VAEInfo<\/a><\/p><p><u>Pour rappel, l\u2019organisation des jurys de la VAE rel\u00e8ve de la DREETS et non du CFPPH de Tours.<\/u><\/p><p>Pour les candidats, souhaitant s\u2019inscrire \u00e0 une ou plusieurs Unit\u00e9s d\u2019enseignement dans le cadre de l\u2019obtention du DEPPH (arr\u00eat\u00e9 du 31\/07\/2024) par la voie de la VAE doivent t\u00e9l\u00e9charger les dossiers d\u2019inscription.<\/p>\t\t\t\t\t\t<\/div>\n\t\t\t\t<\/div>\n\t\t\t\t<div class=\"elementor-element elementor-element-c84dbbe elementor-widget elementor-widget-text-editor\" data-id=\"c84dbbe\" data-element_type=\"widget\" data-widget_type=\"text-editor.default\">\n\t\t\t\t<div class=\"elementor-widget-container\">\n\t\t\t\t\t\t\t<h2><strong>Dossiers d&#8217;inscription VAE 2026 &#8211; 2027 <\/strong><\/h2><p><strong>T\u00e9l\u00e9chargez les dossiers d\u2019inscription VAE 2026-2027\u00a0<\/strong><\/p><ul><li><a href=\"https:\/\/www.chu-tours.fr\/ecoles-du-chru-de-tours\/wp-content\/uploads\/sites\/10\/2026\/02\/VAE-inscription-2026-2027-Domaine-1.pdf\">Domaine 1 : D\u00e9livrer des produits de sant\u00e9 apr\u00e8s analyse des ordonnances ou des demandes en lien avec les activit\u00e9s de la pharmacie \u00e0 usage int\u00e9rieur en transmettant des informations et des conseils n\u00e9cessaires \u00e0 leur bon usage et en coop\u00e9rant avec les autres professionnels de sant\u00e9<\/a><\/li><li><a href=\"https:\/\/www.chu-tours.fr\/ecoles-du-chru-de-tours\/wp-content\/uploads\/sites\/10\/2026\/02\/VAE-inscription-2026-2027-Domaine-2.pdf\">Domaine 2 : R\u00e9aliser des pr\u00e9parations dans un cadre hospitalier dans le respect de la r\u00e9glementation, des proc\u00e9dures, des consignes d&#8217;hygi\u00e8ne, de s\u00e9curit\u00e9, de radioprotection et de l&#8217;environnement<\/a><\/li><li><a href=\"https:\/\/www.chu-tours.fr\/ecoles-du-chru-de-tours\/wp-content\/uploads\/sites\/10\/2026\/02\/VAE-inscription-2026-2027-Domaine-3.pdf\">Domaine 3 : Mettre \u00e0 disposition des dispositifs m\u00e9dicaux st\u00e9riles et implantables dans le respect de la r\u00e9glementation, des proc\u00e9dures, des consignes d&#8217;hygi\u00e8ne et de s\u00e9curit\u00e9<\/a><\/li><li><a href=\"https:\/\/www.chu-tours.fr\/ecoles-du-chru-de-tours\/wp-content\/uploads\/sites\/10\/2026\/02\/VAE-inscription-2026-2027-Domaine-4.pdf\">Domaine 4 : Travailler au sein d&#8217;une \u00e9quipe pluri professionnelle dans un but de coop\u00e9ration, d&#8217;organisation et de continuit\u00e9 de service<\/a>\u00a0<\/li><li><a href=\"https:\/\/www.chu-tours.fr\/ecoles-du-chru-de-tours\/wp-content\/uploads\/sites\/10\/2026\/02\/VAE-inscription-2026-2027-Domaine-5.pdf\">Domaine 5 : Mettre en \u0153uvre des travaux de recherche et des actions de d\u00e9veloppement de comp\u00e9tences dans le cadre de d\u00e9marche d&#8217;am\u00e9lioration continue des pratiques professionnelles<\/a><\/li><\/ul>\t\t\t\t\t\t<\/div>\n\t\t\t\t<\/div>\n\t\t\t\t<div class=\"elementor-element elementor-element-735a6af elementor-widget elementor-widget-text-editor\" data-id=\"735a6af\" data-element_type=\"widget\" data-widget_type=\"text-editor.default\">\n\t\t\t\t<div class=\"elementor-widget-container\">\n\t\t\t\t\t\t\t<p><strong>Transmettre au CFPPH par courrier postal uniquement, le dossier d\u2019inscription complet et sign\u00e9 accompagn\u00e9 des pi\u00e8ces justificatives\u00a0<\/strong>:<\/p><ul><li>1 copie de la Notification Jury DREETS<\/li><li>1 copie du dipl\u00f4me du BP ou DEUST<\/li><li>1 copie de l\u2019attestation AFGSU Niveau II valide<\/li><li>1 copie de l\u2019attestation CPAM<\/li><li>1 photo d\u2019identit\u00e9<\/li><li>1 copie de la carte d\u2019identit\u00e9 en cours de validit\u00e9 (recto-verso)<\/li><li>1 copie autres attestations en lien avec les EU<\/li><\/ul><p>Adresse d\u2019envoi :<\/p><p><strong>CFPPH du CHRU de Tours<\/strong><br \/>Site IFPS du CHRU de Tours<br \/>37044 Tours Cedex 9<\/p><p>Les 2 crit\u00e8res d\u2019inscription aux unit\u00e9s d\u2019enseignement retenus par le CFPPH de l\u2019inter-r\u00e9gion Bretagne, Centre-Val de Loire et Pays de Loire et act\u00e9s par les membres du jury VAE sont la <strong>date\u00b9\u00a0de r\u00e9ception des dossiers complets\u00b2\u00a0sur le CFPPH et la capacit\u00e9 d\u2019accueil du CFPPH de Tours. <\/strong><\/p><p><em>\u00b9\u00a0Date : classement par ordre d\u2019arriv\u00e9e r\u00e9pondant au droit d\u2019ant\u00e9riorit\u00e9<\/em><\/p><p><em>\u00b2\u00a0Complet : dossier totalement renseign\u00e9, dat\u00e9, sign\u00e9 accompagn\u00e9 de l\u2019attestation de prise en charge financi\u00e8re de ou des unit\u00e9s d\u2019enseignement concern\u00e9e : soit par le contractant lui-m\u00eame soit par l\u2019\u00e9tablissement employeur.<\/em><\/p><p><u>Retour des dossiers<\/u>\u00a0:\u00a0<strong>avant la date de cl\u00f4ture des inscriptions aux domaines de comp\u00e9tences<\/strong><\/p><p><u>Dates des sessions<\/u>\u00a0: tableau Session VAE (concordance UE\/MODULES VAE et P\u00e9riodes de formation en CFPPH)<\/p><ul><li><a href=\"https:\/\/www.chu-tours.fr\/ecoles-du-chru-de-tours\/wp-content\/uploads\/sites\/10\/2024\/11\/PPH-tableau-de-correspondance_RF_V10.pdf\" target=\"_blank\" rel=\"noopener\">T\u00e9l\u00e9chargez le tableau de concordance des r\u00e9f\u00e9rentiels de formation des arr\u00eat\u00e9s du 31 juillet 2024 relatif au DE PPH et du 2 ao\u00fbt 2024 relatif au DPPH de la DGOS<\/a><\/li><li><a href=\"https:\/\/www.chu-tours.fr\/ecoles-du-chru-de-tours\/wp-content\/uploads\/sites\/10\/2024\/11\/INTERNET-SESSIONS-VAE-2025.pdf\" target=\"_blank\" rel=\"noopener\">T\u00e9l\u00e9chargez le tableau des sessions VAE en CFPPH<\/a><\/li><\/ul>\t\t\t\t\t\t<\/div>\n\t\t\t\t<\/div>\n\t\t\t\t\t<\/div>\n\t\t<\/div>\n\t\t\t\t\t<\/div>\n\t\t<\/section>\n\t\t\t\t<section class=\"elementor-section elementor-top-section elementor-element elementor-element-14ff5ec elementor-section-boxed elementor-section-height-default elementor-section-height-default\" data-id=\"14ff5ec\" data-element_type=\"section\">\n\t\t\t\t\t\t<div class=\"elementor-container elementor-column-gap-default\">\n\t\t\t\t\t<div class=\"elementor-column elementor-col-100 elementor-top-column elementor-element elementor-element-370cb72\" data-id=\"370cb72\" data-element_type=\"column\">\n\t\t\t<div class=\"elementor-widget-wrap elementor-element-populated\">\n\t\t\t\t\t\t<section class=\"elementor-section elementor-inner-section elementor-element elementor-element-849ef22 elementor-section-boxed elementor-section-height-default elementor-section-height-default\" data-id=\"849ef22\" data-element_type=\"section\">\n\t\t\t\t\t\t<div class=\"elementor-container elementor-column-gap-default\">\n\t\t\t\t\t<div class=\"elementor-column elementor-col-33 elementor-inner-column elementor-element elementor-element-27cef92\" data-id=\"27cef92\" data-element_type=\"column\">\n\t\t\t<div class=\"elementor-widget-wrap elementor-element-populated\">\n\t\t\t\t\t\t<div class=\"elementor-element elementor-element-2222c1a elementor-cta--skin-cover elementor-animated-content elementor-bg-transform elementor-bg-transform-zoom-in elementor-widget elementor-widget-call-to-action\" data-id=\"2222c1a\" data-element_type=\"widget\" data-widget_type=\"call-to-action.default\">\n\t\t\t\t<div class=\"elementor-widget-container\">\n\t\t\t\t\t<a class=\"elementor-cta\" href=\"https:\/\/www.chu-tours.fr\/ecoles-du-chru-de-tours\/wp-content\/uploads\/sites\/10\/2025\/08\/VAE-DEPPH-Regions-de-rattachement-des-candidats-VAE.pdf\" target=\"_blank\">\n\t\t\t\t\t<div class=\"elementor-cta__bg-wrapper\">\n\t\t\t\t<div class=\"elementor-cta__bg elementor-bg\" style=\"background-image: url(https:\/\/www.chu-tours.fr\/ecoles-du-chru-de-tours\/wp-content\/uploads\/sites\/10\/2021\/09\/Carre-vert.png);\" role=\"img\" aria-label=\"Carr\u00e9 vert\"><\/div>\n\t\t\t\t<div class=\"elementor-cta__bg-overlay\"><\/div>\n\t\t\t<\/div>\n\t\t\t\t\t\t\t<div class=\"elementor-cta__content\">\n\t\t\t\t\n\t\t\t\t\t\t\t\t\t<h5 class=\"elementor-cta__title elementor-cta__content-item elementor-content-item elementor-animated-item--grow\">\n\t\t\t\t\t\tR\u00e9gions de rattachement des candidats \u00e0 la VAE DEPPH\t\t\t\t\t<\/h5>\n\t\t\t\t\n\t\t\t\t\n\t\t\t\t\t\t\t\t\t<div class=\"elementor-cta__button-wrapper elementor-cta__content-item elementor-content-item elementor-animated-item--grow\">\n\t\t\t\t\t<span class=\"elementor-cta__button elementor-button elementor-size-\">\n\t\t\t\t\t\tT\u00e9l\u00e9charger ici\t\t\t\t\t<\/span>\n\t\t\t\t\t<\/div>\n\t\t\t\t\t\t\t<\/div>\n\t\t\t\t\t\t<\/a>\n\t\t\t\t<\/div>\n\t\t\t\t<\/div>\n\t\t\t\t\t<\/div>\n\t\t<\/div>\n\t\t\t\t<div class=\"elementor-column elementor-col-33 elementor-inner-column elementor-element elementor-element-ff4ec5f\" data-id=\"ff4ec5f\" data-element_type=\"column\">\n\t\t\t<div class=\"elementor-widget-wrap\">\n\t\t\t\t\t\t\t<\/div>\n\t\t<\/div>\n\t\t\t\t<div class=\"elementor-column elementor-col-33 elementor-inner-column elementor-element elementor-element-8e4e04a\" data-id=\"8e4e04a\" data-element_type=\"column\">\n\t\t\t<div class=\"elementor-widget-wrap\">\n\t\t\t\t\t\t\t<\/div>\n\t\t<\/div>\n\t\t\t\t\t<\/div>\n\t\t<\/section>\n\t\t\t\t\t<\/div>\n\t\t<\/div>\n\t\t\t\t\t<\/div>\n\t\t<\/section>\n\t\t\t\t<section class=\"elementor-section elementor-top-section elementor-element elementor-element-379ef33 elementor-section-boxed elementor-section-height-default elementor-section-height-default\" data-id=\"379ef33\" data-element_type=\"section\">\n\t\t\t\t\t\t<div class=\"elementor-container elementor-column-gap-default\">\n\t\t\t\t\t<div class=\"elementor-column elementor-col-100 elementor-top-column elementor-element elementor-element-947d51b\" data-id=\"947d51b\" data-element_type=\"column\">\n\t\t\t<div class=\"elementor-widget-wrap elementor-element-populated\">\n\t\t\t\t\t\t<div class=\"elementor-element elementor-element-b1fe4a2 elementor-widget elementor-widget-text-editor\" data-id=\"b1fe4a2\" data-element_type=\"widget\" data-widget_type=\"text-editor.default\">\n\t\t\t\t<div class=\"elementor-widget-container\">\n\t\t\t\t\t\t\t<p style=\"text-align: right\"><span style=\"font-size: 8pt\">Date de mise \u00e0 jour : 26\/02\/2026<\/span><\/p>\t\t\t\t\t\t<\/div>\n\t\t\t\t<\/div>\n\t\t\t\t\t<\/div>\n\t\t<\/div>\n\t\t\t\t\t<\/div>\n\t\t<\/section>\n\t\t\t\t<\/div>\n\t\t","protected":false},"excerpt":{"rendered":"<p>A\u00a0compter du 1er\u00a0janvier 2025, le dipl\u00f4me d\u2019Etat de pr\u00e9parateur en pharmacie hospitali\u00e8re (DEPPH) \u00a0relevant de l\u2019\u00a0Arr\u00eat\u00e9 du 31 juillet 2024 relatif au dipl\u00f4me d&#8217;Etat de pr\u00e9parateur en pharmacie hospitali\u00e8re\u00a0sera d\u00e9livr\u00e9 par \u00a0les DREETS. Le\u00a0\u00a0D\u00e9cret no\u00a02024-855 du 31 juillet 2024 attribuant le grade de licence aux titulaires du dipl\u00f4me d\u2019Etat de pr\u00e9parateur en pharmacie hospitali\u00e8re\u00a0inscrit \u00e0 [&hellip;]<\/p>\n","protected":false},"author":18,"featured_media":0,"parent":0,"menu_order":0,"comment_status":"closed","ping_status":"closed","template":"","meta":{"_seopress_robots_primary_cat":"","_seopress_titles_title":"","_seopress_titles_desc":"","_seopress_robots_index":"","_exactmetrics_skip_tracking":false,"_exactmetrics_sitenote_active":false,"_exactmetrics_sitenote_note":"","_exactmetrics_sitenote_category":0,"_genesis_hide_title":false,"_genesis_hide_breadcrumbs":false,"_genesis_hide_singular_image":false,"_genesis_hide_footer_widgets":false,"_genesis_custom_body_class":"","_genesis_custom_post_class":"","_genesis_layout":"","footnotes":""},"publishpress_future_action":{"enabled":false,"date":"2026-05-08 18:10:02","action":"change-status","newStatus":"draft","terms":[],"taxonomy":""},"_links":{"self":[{"href":"https:\/\/www.chu-tours.fr\/ecoles-du-chru-de-tours\/wp-json\/wp\/v2\/pages\/3752"}],"collection":[{"href":"https:\/\/www.chu-tours.fr\/ecoles-du-chru-de-tours\/wp-json\/wp\/v2\/pages"}],"about":[{"href":"https:\/\/www.chu-tours.fr\/ecoles-du-chru-de-tours\/wp-json\/wp\/v2\/types\/page"}],"author":[{"embeddable":true,"href":"https:\/\/www.chu-tours.fr\/ecoles-du-chru-de-tours\/wp-json\/wp\/v2\/users\/18"}],"replies":[{"embeddable":true,"href":"https:\/\/www.chu-tours.fr\/ecoles-du-chru-de-tours\/wp-json\/wp\/v2\/comments?post=3752"}],"version-history":[{"count":20,"href":"https:\/\/www.chu-tours.fr\/ecoles-du-chru-de-tours\/wp-json\/wp\/v2\/pages\/3752\/revisions"}],"predecessor-version":[{"id":13764,"href":"https:\/\/www.chu-tours.fr\/ecoles-du-chru-de-tours\/wp-json\/wp\/v2\/pages\/3752\/revisions\/13764"}],"wp:attachment":[{"href":"https:\/\/www.chu-tours.fr\/ecoles-du-chru-de-tours\/wp-json\/wp\/v2\/media?parent=3752"}],"curies":[{"name":"wp","href":"https:\/\/api.w.org\/{rel}","templated":true}]}}