{"id":13713,"date":"2026-02-10T09:04:55","date_gmt":"2026-02-10T08:04:55","guid":{"rendered":"https:\/\/www.chu-tours.fr\/ecoles-du-chru-de-tours\/?page_id=13713"},"modified":"2026-02-20T12:27:08","modified_gmt":"2026-02-20T11:27:08","slug":"retour-sur-les-jpo-2026","status":"publish","type":"page","link":"https:\/\/www.chu-tours.fr\/ecoles-du-chru-de-tours\/retour-sur-les-jpo-2026\/","title":{"rendered":"Retour sur&#8230; les JPO 2026"},"content":{"rendered":"\t\t<div data-elementor-type=\"wp-page\" data-elementor-id=\"13713\" class=\"elementor elementor-13713\" data-elementor-post-type=\"page\">\n\t\t\t\t\t\t<section class=\"elementor-section elementor-top-section elementor-element elementor-element-e0f28d0 elementor-section-boxed elementor-section-height-default elementor-section-height-default\" data-id=\"e0f28d0\" data-element_type=\"section\">\n\t\t\t\t\t\t<div class=\"elementor-container elementor-column-gap-default\">\n\t\t\t\t\t<div class=\"elementor-column elementor-col-100 elementor-top-column elementor-element elementor-element-4be572a\" data-id=\"4be572a\" data-element_type=\"column\">\n\t\t\t<div class=\"elementor-widget-wrap elementor-element-populated\">\n\t\t\t\t\t\t<div class=\"elementor-element elementor-element-6f493c3 elementor-widget elementor-widget-text-editor\" data-id=\"6f493c3\" data-element_type=\"widget\" data-widget_type=\"text-editor.default\">\n\t\t\t\t<div class=\"elementor-widget-container\">\n\t\t\t\t\t\t\t<h2 data-start=\"393\" data-end=\"427\">Journ\u00e9es Portes Ouvertes 2026<\/h2><h3 data-start=\"428\" data-end=\"479\">Une immersion concr\u00e8te dans les m\u00e9tiers du soin<\/h3><p data-start=\"481\" data-end=\"850\">Le <strong data-start=\"484\" data-end=\"497\">7 f\u00e9vrier<\/strong>, les \u00c9coles du CHRU de Tours ont ouvert leurs portes au grand public sur les sites de <strong data-start=\"584\" data-end=\"606\">Chambray-l\u00e8s-Tours<\/strong>, <strong data-start=\"608\" data-end=\"622\">Bretonneau<\/strong> et <strong data-start=\"626\" data-end=\"638\">La Riche<\/strong>, dans le cadre des Journ\u00e9es Portes Ouvertes. Cet \u00e9v\u00e9nement s\u2019inscrivait dans une d\u00e9marche d\u2019information et d\u2019orientation, permettant aux visiteurs de d\u00e9couvrir concr\u00e8tement les formations et les m\u00e9tiers du soin.<\/p><p data-start=\"852\" data-end=\"1113\">En compl\u00e9ment, des <strong data-start=\"871\" data-end=\"910\">Journ\u00e9es Portes Ouvertes virtuelles<\/strong>, organis\u00e9es du <strong data-start=\"926\" data-end=\"944\">2 au 5 f\u00e9vrier<\/strong>, ont permis \u00e0 des participants venus de toute la France d\u2019\u00e9changer \u00e0 distance avec les \u00e9quipes p\u00e9dagogiques et d\u2019obtenir des informations sur les parcours de formation.<\/p><h3 data-start=\"1115\" data-end=\"1158\">D\u00e9couvrir les m\u00e9tiers du soin autrement<\/h3><p data-start=\"1160\" data-end=\"1390\">Lors des JPO en pr\u00e9sentiel, pr\u00e8s de <strong data-start=\"1196\" data-end=\"1215\">1 000 visiteurs<\/strong> ont \u00e9t\u00e9 accueillis et accompagn\u00e9s par les \u00e9tudiants et les formateurs. L\u2019objectif \u00e9tait clair : proposer une approche concr\u00e8te et r\u00e9aliste des m\u00e9tiers, loin des id\u00e9es re\u00e7ues.<\/p><p data-start=\"1392\" data-end=\"1650\">Les visiteurs ont ainsi pu participer \u00e0 :<br data-start=\"1433\" data-end=\"1436\" \/>\u2022 des <strong data-start=\"1442\" data-end=\"1477\">visites de salles de simulation<\/strong><br data-start=\"1477\" data-end=\"1480\" \/>\u2022 des <strong data-start=\"1486\" data-end=\"1525\">mises en situation professionnelles<\/strong><br data-start=\"1525\" data-end=\"1528\" \/>\u2022 des d\u00e9monstrations de <strong data-start=\"1552\" data-end=\"1581\">gestes et soins d\u2019urgence<\/strong><br data-start=\"1581\" data-end=\"1584\" \/>\u2022 des \u00e9changes autour des parcours de formation et des d\u00e9bouch\u00e9s<\/p><p data-start=\"1652\" data-end=\"1877\">Certaines animations permettaient de se mettre \u00e0 la place des patients, notamment gr\u00e2ce \u00e0 des dispositifs p\u00e9dagogiques immersifs, afin de mieux comprendre les r\u00e9alit\u00e9s du soin et de l\u2019accompagnement des personnes vuln\u00e9rables.<\/p><h3 data-start=\"1879\" data-end=\"1919\">Faire un choix d\u2019orientation \u00e9clair\u00e9<\/h3><p data-start=\"1921\" data-end=\"2262\">Les Journ\u00e9es Portes Ouvertes ont \u00e9galement \u00e9t\u00e9 l\u2019occasion d\u2019\u00e9changer avec des <strong data-start=\"1999\" data-end=\"2030\">\u00e9tudiants et des formateurs<\/strong>, venus partager leur exp\u00e9rience, leur parcours et leur vision des m\u00e9tiers du soin. Cette proximit\u00e9 permet aux futurs candidats de mieux appr\u00e9hender les exigences des formations, mais aussi les valeurs humaines qui les sous-tendent.<\/p><p data-start=\"2264\" data-end=\"2636\">Les \u00c9coles du CHRU de Tours forment chaque ann\u00e9e <strong data-start=\"2313\" data-end=\"2340\">environ 1 200 \u00e9tudiants<\/strong> et proposent des formations dans <strong data-start=\"2374\" data-end=\"2389\">10 fili\u00e8res<\/strong>, principalement param\u00e9dicales, ainsi qu\u2019une formation m\u00e9dicale en ma\u00efeutique. Elles recrutent <strong data-start=\"2484\" data-end=\"2517\">600 nouveaux \u00e9tudiants par an<\/strong>, dans des secteurs o\u00f9 les besoins en professionnels de sant\u00e9 restent importants.<\/p><h3 data-start=\"2638\" data-end=\"2675\">Un temps fort relay\u00e9 par France 3<\/h3><p data-start=\"2677\" data-end=\"2981\">Les Journ\u00e9es Portes Ouvertes ont fait l\u2019objet d\u2019un <strong data-start=\"2728\" data-end=\"2782\">reportage diffus\u00e9 sur France 3 Centre-Val de Loire<\/strong>, mettant en lumi\u00e8re l\u2019engagement des \u00e9quipes, la richesse des formations propos\u00e9es et l\u2019importance de permettre aux futurs \u00e9tudiants de d\u00e9couvrir les m\u00e9tiers du soin de mani\u00e8re concr\u00e8te et r\u00e9aliste.<\/p><p data-start=\"2983\" data-end=\"3028\">\ud83d\udc49 <em data-start=\"2986\" data-end=\"3028\">Le reportage est \u00e0 retrouver ci-dessous.<\/em><\/p>\t\t\t\t\t\t<\/div>\n\t\t\t\t<\/div>\n\t\t\t\t<div class=\"elementor-element elementor-element-2448fcc elementor-widget elementor-widget-video\" data-id=\"2448fcc\" data-element_type=\"widget\" data-settings=\"{&quot;youtube_url&quot;:&quot;https:\\\/\\\/youtu.be\\\/lNComKB1-mE&quot;,&quot;video_type&quot;:&quot;youtube&quot;,&quot;controls&quot;:&quot;yes&quot;}\" data-widget_type=\"video.default\">\n\t\t\t\t<div class=\"elementor-widget-container\">\n\t\t\t\t\t<div class=\"elementor-wrapper elementor-open-inline\">\n\t\t\t<div class=\"elementor-video\"><\/div>\t\t<\/div>\n\t\t\t\t<\/div>\n\t\t\t\t<\/div>\n\t\t\t\t\t<\/div>\n\t\t<\/div>\n\t\t\t\t\t<\/div>\n\t\t<\/section>\n\t\t\t\t<\/div>\n\t\t","protected":false},"excerpt":{"rendered":"<p>Journ\u00e9es Portes Ouvertes 2026 Une immersion concr\u00e8te dans les m\u00e9tiers du soin Le 7 f\u00e9vrier, les \u00c9coles du CHRU de Tours ont ouvert leurs portes au grand public sur les sites de Chambray-l\u00e8s-Tours, Bretonneau et La Riche, dans le cadre des Journ\u00e9es Portes Ouvertes. Cet \u00e9v\u00e9nement s\u2019inscrivait dans une d\u00e9marche d\u2019information et d\u2019orientation, permettant aux [&hellip;]<\/p>\n","protected":false},"author":18,"featured_media":13720,"parent":0,"menu_order":0,"comment_status":"closed","ping_status":"closed","template":"","meta":{"_seopress_robots_primary_cat":"","_seopress_titles_title":"","_seopress_titles_desc":"","_seopress_robots_index":"","_exactmetrics_skip_tracking":false,"_exactmetrics_sitenote_active":false,"_exactmetrics_sitenote_note":"","_exactmetrics_sitenote_category":0,"_genesis_hide_title":false,"_genesis_hide_breadcrumbs":false,"_genesis_hide_singular_image":false,"_genesis_hide_footer_widgets":false,"_genesis_custom_body_class":"","_genesis_custom_post_class":"","_genesis_layout":"","footnotes":""},"publishpress_future_action":{"enabled":false,"date":"2026-04-14 11:00:25","action":"change-status","newStatus":"draft","terms":[],"taxonomy":""},"_links":{"self":[{"href":"https:\/\/www.chu-tours.fr\/ecoles-du-chru-de-tours\/wp-json\/wp\/v2\/pages\/13713"}],"collection":[{"href":"https:\/\/www.chu-tours.fr\/ecoles-du-chru-de-tours\/wp-json\/wp\/v2\/pages"}],"about":[{"href":"https:\/\/www.chu-tours.fr\/ecoles-du-chru-de-tours\/wp-json\/wp\/v2\/types\/page"}],"author":[{"embeddable":true,"href":"https:\/\/www.chu-tours.fr\/ecoles-du-chru-de-tours\/wp-json\/wp\/v2\/users\/18"}],"replies":[{"embeddable":true,"href":"https:\/\/www.chu-tours.fr\/ecoles-du-chru-de-tours\/wp-json\/wp\/v2\/comments?post=13713"}],"version-history":[{"count":10,"href":"https:\/\/www.chu-tours.fr\/ecoles-du-chru-de-tours\/wp-json\/wp\/v2\/pages\/13713\/revisions"}],"predecessor-version":[{"id":13731,"href":"https:\/\/www.chu-tours.fr\/ecoles-du-chru-de-tours\/wp-json\/wp\/v2\/pages\/13713\/revisions\/13731"}],"wp:featuredmedia":[{"embeddable":true,"href":"https:\/\/www.chu-tours.fr\/ecoles-du-chru-de-tours\/wp-json\/wp\/v2\/media\/13720"}],"wp:attachment":[{"href":"https:\/\/www.chu-tours.fr\/ecoles-du-chru-de-tours\/wp-json\/wp\/v2\/media?parent=13713"}],"curies":[{"name":"wp","href":"https:\/\/api.w.org\/{rel}","templated":true}]}}