{"id":126,"date":"2021-06-01T12:06:54","date_gmt":"2021-06-01T10:06:54","guid":{"rendered":"https:\/\/www.chu-tours.fr\/ecoles-du-chru-de-tours\/?page_id=126"},"modified":"2025-08-26T10:56:04","modified_gmt":"2025-08-26T08:56:04","slug":"logement","status":"publish","type":"page","link":"https:\/\/www.chu-tours.fr\/ecoles-du-chru-de-tours\/logement\/","title":{"rendered":"Logement"},"content":{"rendered":"\t\t<div data-elementor-type=\"wp-page\" data-elementor-id=\"126\" class=\"elementor elementor-126\" data-elementor-post-type=\"page\">\n\t\t\t\t\t\t<section class=\"elementor-section elementor-top-section elementor-element elementor-element-133f252 elementor-section-boxed elementor-section-height-default elementor-section-height-default\" data-id=\"133f252\" data-element_type=\"section\">\n\t\t\t\t\t\t<div class=\"elementor-container elementor-column-gap-default\">\n\t\t\t\t\t<div class=\"elementor-column elementor-col-100 elementor-top-column elementor-element elementor-element-5ea6937\" data-id=\"5ea6937\" data-element_type=\"column\">\n\t\t\t<div class=\"elementor-widget-wrap elementor-element-populated\">\n\t\t\t\t\t\t<div class=\"elementor-element elementor-element-656c0e1 elementor-widget elementor-widget-text-editor\" data-id=\"656c0e1\" data-element_type=\"widget\" data-widget_type=\"text-editor.default\">\n\t\t\t\t<div class=\"elementor-widget-container\">\n\t\t\t\t\t\t\t<p>Les \u00c9coles du CHRU de Tours ne disposent pas d&#8217;internat pour les \u00e9tudiants qui y sont inscrits. Les \u00e9tudiants doivent donc trouver un logement par eux-m\u00eames pour pouvoir suivre leur formation dans de bonnes conditions.<\/p><p>La ville de Tours dispose d&#8217;un march\u00e9 locatif dynamique, avec une offre de logements diversifi\u00e9e, adapt\u00e9e \u00e0 tous les budgets et toutes les envies. Les \u00e9tudiants peuvent ainsi trouver facilement un logement qui leur convient, que ce soit une chambre en colocation, un studio ou un appartement.<\/p><h3><span style=\"font-weight: bolder\">\u00c9tudiants : logement en r\u00e9sidence ou via un propri\u00e9taire<\/span><\/h3><div><h3><span style=\"color: #0d3182;font-size: 1rem\">Pour acc\u00e9der aux r\u00e9sidences du Crous vous devrez remplir en amont\u00a0<\/span><a style=\"background-color: #ffffff;font-size: 1rem\" href=\"https:\/\/www.messervices.etudiant.gouv.fr\/envole\/\">le Dossier\u00a0Social de l&#8217;Etudiant (DSE)<\/a><span style=\"color: #0d3182;font-size: 1rem\">. Ce dossier du Crous vous permettra d&#8217;acc\u00e9der, une\u00a0fois\u00a0valid\u00e9, aux diff\u00e9rentes plateformes du Crous et de ses r\u00e9sidences pour trouver l&#8217;appartement en fonction de vos crit\u00e8res.<\/span><\/h3><p>Pour rappel, si vous passez par la location traditionnelle, vous pourrez \u00e9galement faire les demandes pour les aides \u00e9tudiantes classiques de la CAF.<\/p><h3>Comment obtenir la garantie Visale pour un logement ?<\/h3><p>La garantie Visale se porte garante pour le locataire, couvrant jusqu&#8217;\u00e0 trois ans de loyer en cas d&#8217;impay\u00e9. Ce dispositif est destin\u00e9 aux jeunes de 18 \u00e0 30 ans, aux b\u00e9n\u00e9ficiaires du bail mobilit\u00e9, ainsi qu&#8217;aux salari\u00e9s en situation professionnelle pr\u00e9caire (gagnant moins de 1 500 \u20ac\/mois ou embauch\u00e9s depuis moins de six mois). Pour en b\u00e9n\u00e9ficier, il faut d\u00e9poser une demande en ligne plusieurs jours avant la signature du bail. Une fois l&#8217;accord obtenu, le propri\u00e9taire doit valider la garantie sur son espace bailleur pour finaliser le contrat de location. Il est important de rappeler que cette caution ne dispense pas le locataire de payer son loyer. Il est donc essentiel de s&#8217;assurer que ses revenus couvrent le loyer ainsi que les charges du logement (\u00e9lectricit\u00e9, eau, internet, assurance habitation, etc.). Pour \u00e9conomiser sur l&#8217;assurance habitation, il est possible d&#8217;opter pour une couverture des risques locatifs avec une franchise plus \u00e9lev\u00e9e. Pour plus d\u2019informations,\u00a0<a href=\"https:\/\/www.smeno.com\/assurances\/assurance-habitation\/\">consultez le site de SMENO<\/a>.<\/p><\/div>\t\t\t\t\t\t<\/div>\n\t\t\t\t<\/div>\n\t\t\t\t\t<\/div>\n\t\t<\/div>\n\t\t\t\t\t<\/div>\n\t\t<\/section>\n\t\t\t\t<section class=\"elementor-section elementor-top-section elementor-element elementor-element-3e311bd elementor-section-boxed elementor-section-height-default elementor-section-height-default\" data-id=\"3e311bd\" data-element_type=\"section\">\n\t\t\t\t\t\t<div class=\"elementor-container elementor-column-gap-default\">\n\t\t\t\t\t<div class=\"elementor-column elementor-col-100 elementor-top-column elementor-element elementor-element-220b512\" data-id=\"220b512\" data-element_type=\"column\">\n\t\t\t<div class=\"elementor-widget-wrap elementor-element-populated\">\n\t\t\t\t\t\t<div class=\"elementor-element elementor-element-fc263dc elementor-widget elementor-widget-text-editor\" data-id=\"fc263dc\" data-element_type=\"widget\" data-widget_type=\"text-editor.default\">\n\t\t\t\t<div class=\"elementor-widget-container\">\n\t\t\t\t\t\t\t<p style=\"text-align: right\"><em><span style=\"font-size: 8pt\">Date de mise \u00e0 jour : 26\/08\/2024<\/span><\/em><\/p>\t\t\t\t\t\t<\/div>\n\t\t\t\t<\/div>\n\t\t\t\t\t<\/div>\n\t\t<\/div>\n\t\t\t\t\t<\/div>\n\t\t<\/section>\n\t\t\t\t<\/div>\n\t\t","protected":false},"excerpt":{"rendered":"<p>Les \u00c9coles du CHRU de Tours ne disposent pas d&#8217;internat pour les \u00e9tudiants qui y sont inscrits. Les \u00e9tudiants doivent donc trouver un logement par eux-m\u00eames pour pouvoir suivre leur formation dans de bonnes conditions. La ville de Tours dispose d&#8217;un march\u00e9 locatif dynamique, avec une offre de logements diversifi\u00e9e, adapt\u00e9e \u00e0 tous les budgets [&hellip;]<\/p>\n","protected":false},"author":18,"featured_media":0,"parent":0,"menu_order":0,"comment_status":"closed","ping_status":"closed","template":"","meta":{"_seopress_robots_primary_cat":"","_seopress_titles_title":"","_seopress_titles_desc":"","_seopress_robots_index":"","_exactmetrics_skip_tracking":false,"_exactmetrics_sitenote_active":false,"_exactmetrics_sitenote_note":"","_exactmetrics_sitenote_category":0,"_genesis_hide_title":false,"_genesis_hide_breadcrumbs":false,"_genesis_hide_singular_image":false,"_genesis_hide_footer_widgets":false,"_genesis_custom_body_class":"","_genesis_custom_post_class":"","_genesis_layout":"","footnotes":""},"publishpress_future_action":{"enabled":false,"date":"2026-05-06 00:19:51","action":"change-status","newStatus":"draft","terms":[],"taxonomy":""},"_links":{"self":[{"href":"https:\/\/www.chu-tours.fr\/ecoles-du-chru-de-tours\/wp-json\/wp\/v2\/pages\/126"}],"collection":[{"href":"https:\/\/www.chu-tours.fr\/ecoles-du-chru-de-tours\/wp-json\/wp\/v2\/pages"}],"about":[{"href":"https:\/\/www.chu-tours.fr\/ecoles-du-chru-de-tours\/wp-json\/wp\/v2\/types\/page"}],"author":[{"embeddable":true,"href":"https:\/\/www.chu-tours.fr\/ecoles-du-chru-de-tours\/wp-json\/wp\/v2\/users\/18"}],"replies":[{"embeddable":true,"href":"https:\/\/www.chu-tours.fr\/ecoles-du-chru-de-tours\/wp-json\/wp\/v2\/comments?post=126"}],"version-history":[{"count":20,"href":"https:\/\/www.chu-tours.fr\/ecoles-du-chru-de-tours\/wp-json\/wp\/v2\/pages\/126\/revisions"}],"predecessor-version":[{"id":12339,"href":"https:\/\/www.chu-tours.fr\/ecoles-du-chru-de-tours\/wp-json\/wp\/v2\/pages\/126\/revisions\/12339"}],"wp:attachment":[{"href":"https:\/\/www.chu-tours.fr\/ecoles-du-chru-de-tours\/wp-json\/wp\/v2\/media?parent=126"}],"curies":[{"name":"wp","href":"https:\/\/api.w.org\/{rel}","templated":true}]}}

<div data-elementor-type="wp-page" data-elementor-id="126" class="elementor elementor-126" data-elementor-post-type="page">
						<section class="elementor-section elementor-top-section elementor-element elementor-element-133f252 elementor-section-boxed elementor-section-height-default elementor-section-height-default" data-id="133f252" data-element_type="section">
						<div class="elementor-container elementor-column-gap-default">
					<div class="elementor-column elementor-col-100 elementor-top-column elementor-element elementor-element-5ea6937" data-id="5ea6937" data-element_type="column">
			<div class="elementor-widget-wrap elementor-element-populated">
						<div class="elementor-element elementor-element-656c0e1 elementor-widget elementor-widget-text-editor" data-id="656c0e1" data-element_type="widget" data-widget_type="text-editor.default">
				<div class="elementor-widget-container">
							<p>Les Écoles du CHRU de Tours ne disposent pas d&#8217;internat pour les étudiants qui y sont inscrits. Les étudiants doivent donc trouver un logement par eux-mêmes pour pouvoir suivre leur formation dans de bonnes conditions.</p><p>La ville de Tours dispose d&#8217;un marché locatif dynamique, avec une offre de logements diversifiée, adaptée à tous les budgets et toutes les envies. Les étudiants peuvent ainsi trouver facilement un logement qui leur convient, que ce soit une chambre en colocation, un studio ou un appartement.</p><h3><span style="font-weight: bolder">Étudiants : logement en résidence ou via un propriétaire</span></h3><div><h3><span style="color: #0d3182;font-size: 1rem">Pour accéder aux résidences du Crous vous devrez remplir en amont </span><a style="background-color: #ffffff;font-size: 1rem" href="https://www.messervices.etudiant.gouv.fr/envole/">le Dossier Social de l&#8217;Etudiant (DSE)</a><span style="color: #0d3182;font-size: 1rem">. Ce dossier du Crous vous permettra d&#8217;accéder, une fois validé, aux différentes plateformes du Crous et de ses résidences pour trouver l&#8217;appartement en fonction de vos critères.</span></h3><p>Pour rappel, si vous passez par la location traditionnelle, vous pourrez également faire les demandes pour les aides étudiantes classiques de la CAF.</p><h3>Comment obtenir la garantie Visale pour un logement ?</h3><p>La garantie Visale se porte garante pour le locataire, couvrant jusqu&#8217;à trois ans de loyer en cas d&#8217;impayé. Ce dispositif est destiné aux jeunes de 18 à 30 ans, aux bénéficiaires du bail mobilité, ainsi qu&#8217;aux salariés en situation professionnelle précaire (gagnant moins de 1 500 €/mois ou embauchés depuis moins de six mois). Pour en bénéficier, il faut déposer une demande en ligne plusieurs jours avant la signature du bail. Une fois l&#8217;accord obtenu, le propriétaire doit valider la garantie sur son espace bailleur pour finaliser le contrat de location. Il est important de rappeler que cette caution ne dispense pas le locataire de payer son loyer. Il est donc essentiel de s&#8217;assurer que ses revenus couvrent le loyer ainsi que les charges du logement (électricité, eau, internet, assurance habitation, etc.). Pour économiser sur l&#8217;assurance habitation, il est possible d&#8217;opter pour une couverture des risques locatifs avec une franchise plus élevée. Pour plus d’informations, <a href="https://www.smeno.com/assurances/assurance-habitation/">consultez le site de SMENO</a>.</p></div>						</div>
				</div>
					</div>
		</div>
					</div>
		</section>
				<section class="elementor-section elementor-top-section elementor-element elementor-element-3e311bd elementor-section-boxed elementor-section-height-default elementor-section-height-default" data-id="3e311bd" data-element_type="section">
						<div class="elementor-container elementor-column-gap-default">
					<div class="elementor-column elementor-col-100 elementor-top-column elementor-element elementor-element-220b512" data-id="220b512" data-element_type="column">
			<div class="elementor-widget-wrap elementor-element-populated">
						<div class="elementor-element elementor-element-fc263dc elementor-widget elementor-widget-text-editor" data-id="fc263dc" data-element_type="widget" data-widget_type="text-editor.default">
				<div class="elementor-widget-container">
							<p style="text-align: right"><em><span style="font-size: 8pt">Date de mise à jour : 26/08/2024</span></em></p>						</div>
				</div>
					</div>
		</div>
					</div>
		</section>
				</div>

<p>Les Écoles du CHRU de Tours ne disposent pas d&#8217;internat pour les étudiants qui y sont inscrits. Les étudiants doivent donc trouver un logement par eux-mêmes pour pouvoir suivre leur formation dans de bonnes conditions. La ville de Tours dispose d&#8217;un marché locatif dynamique, avec une offre de logements diversifiée, adaptée à tous les budgets [&hellip;]</p>
