{"id":55,"date":"2024-06-21T11:13:18","date_gmt":"2024-06-21T09:13:18","guid":{"rendered":"https:\/\/www.chu-tours.fr\/cmrr\/?page_id=55"},"modified":"2024-12-11T11:24:24","modified_gmt":"2024-12-11T10:24:24","slug":"themes-de-recherche","status":"publish","type":"page","link":"https:\/\/www.chu-tours.fr\/cmrr\/themes-de-recherche\/","title":{"rendered":"Th\u00e8mes de recherche"},"content":{"rendered":"\t\t<div data-elementor-type=\"wp-page\" data-elementor-id=\"55\" class=\"elementor elementor-55\" data-elementor-post-type=\"page\">\n\t\t\t\t\t\t<section class=\"elementor-section elementor-top-section elementor-element elementor-element-920c7a8 elementor-section-boxed elementor-section-height-default elementor-section-height-default\" data-id=\"920c7a8\" data-element_type=\"section\">\n\t\t\t\t\t\t<div class=\"elementor-container elementor-column-gap-default\">\n\t\t\t\t\t<div class=\"elementor-column elementor-col-100 elementor-top-column elementor-element elementor-element-cfd733b\" data-id=\"cfd733b\" data-element_type=\"column\">\n\t\t\t<div class=\"elementor-widget-wrap elementor-element-populated\">\n\t\t\t\t\t\t<div class=\"elementor-element elementor-element-e8e0b06 elementor-widget elementor-widget-text-editor\" data-id=\"e8e0b06\" data-element_type=\"widget\" data-widget_type=\"text-editor.default\">\n\t\t\t\t<div class=\"elementor-widget-container\">\n\t\t\t<style>\/*! elementor - v3.23.0 - 15-07-2024 *\/\n.elementor-widget-text-editor.elementor-drop-cap-view-stacked .elementor-drop-cap{background-color:#69727d;color:#fff}.elementor-widget-text-editor.elementor-drop-cap-view-framed .elementor-drop-cap{color:#69727d;border:3px solid;background-color:transparent}.elementor-widget-text-editor:not(.elementor-drop-cap-view-default) .elementor-drop-cap{margin-top:8px}.elementor-widget-text-editor:not(.elementor-drop-cap-view-default) .elementor-drop-cap-letter{width:1em;height:1em}.elementor-widget-text-editor .elementor-drop-cap{float:left;text-align:center;line-height:1;font-size:50px}.elementor-widget-text-editor .elementor-drop-cap-letter{display:inline-block}<\/style>\t\t\t\t<p>Le CMRR de la r\u00e9gion Centre s\u2019inscrit dans le <strong>r\u00e9seau national de la F\u00e9d\u00e9ration Nationale des CMRR<\/strong>, participe \u00e0 des essais m\u00e9dicamenteux et d\u00e9veloppe des travaux de recherche clinique et fondamentale.<\/p><p>L\u2019activit\u00e9 de recherche de l\u2019unit\u00e9 se fait en partenariat avec l\u2019unit\u00e9 Inserm UMR1253 Imagerie et cerveau-IBrain. La th\u00e9matique principale est \u00ab\u00a0la neuropsychiatrie et le d\u00e9veloppement technologique\u00a0\u00bb.<\/p><p>La r\u00e9alisation des projets de recherche clinique b\u00e9n\u00e9ficie du support du CIC (Centre d\u2019Investigation Clinique). L\u2019ensemble des structures\u00a0est situ\u00e9 sur un<strong> site unique<\/strong>\u00a0: l\u2019h\u00f4pital Bretonneau.<\/p><p>\u00a0<\/p><p><strong><u>Th\u00e9matiques de recherche privil\u00e9gi\u00e9es du centre de Tours\u00a0:\u00a0 <\/u><\/strong><\/p><p>Concernant le d\u00e9veloppement de l\u2019activit\u00e9 de recherche au sein du CMRR, il existe un certain nombre d\u2019axes privil\u00e9gi\u00e9s, tenant compte de l\u2019expertise de l\u2019\u00e9quipe dans ces domaines\u00a0:<\/p><ul><li>D\u00e9veloppement d\u2019outils de diagnostic pr\u00e9coce de la maladie d\u2019Alzheimer par imagerie mol\u00e9culaire (TEP amylo\u00efde, TEP neuroinflammation, TEP Tau, biomarqueurs LCR)<\/li><li>Langage et pathologies d\u00e9g\u00e9n\u00e9ratives<\/li><li>D\u00e9mences et syndromes extra pyramidaux<\/li><li>Sympt\u00f4mes pr\u00e9coces non cognitifs, en particulier psychiatriques, dans les maladies neurod\u00e9g\u00e9n\u00e9ratives<\/li><\/ul><p>D\u00e9veloppement d\u2019outils d\u2019aide au diagnostic clinique et d\u2019intervention cognitive pour l\u2019accompagnement des patients et des aidants.<\/p>\t\t\t\t\t\t<\/div>\n\t\t\t\t<\/div>\n\t\t\t\t\t<\/div>\n\t\t<\/div>\n\t\t\t\t\t<\/div>\n\t\t<\/section>\n\t\t\t\t<section class=\"elementor-section elementor-top-section elementor-element elementor-element-8d792eb elementor-section-boxed elementor-section-height-default elementor-section-height-default\" data-id=\"8d792eb\" data-element_type=\"section\">\n\t\t\t\t\t\t<div class=\"elementor-container elementor-column-gap-default\">\n\t\t\t\t\t<div class=\"elementor-column elementor-col-100 elementor-top-column elementor-element elementor-element-bd425ca\" data-id=\"bd425ca\" data-element_type=\"column\">\n\t\t\t<div class=\"elementor-widget-wrap elementor-element-populated\">\n\t\t\t\t\t\t<div class=\"elementor-element elementor-element-7dd0809 elementor-widget elementor-widget-image\" data-id=\"7dd0809\" data-element_type=\"widget\" data-widget_type=\"image.default\">\n\t\t\t\t<div class=\"elementor-widget-container\">\n\t\t\t<style>\/*! elementor - v3.23.0 - 15-07-2024 *\/\n.elementor-widget-image{text-align:center}.elementor-widget-image a{display:inline-block}.elementor-widget-image a img[src$=\".svg\"]{width:48px}.elementor-widget-image img{vertical-align:middle;display:inline-block}<\/style>\t\t\t\t\t\t\t\t\t\t<img fetchpriority=\"high\" decoding=\"async\" width=\"768\" height=\"513\" src=\"https:\/\/www.chu-tours.fr\/cmrr\/wp-content\/uploads\/sites\/16\/2024\/07\/chercheuse-microscope-768x513.jpg\" class=\"attachment-medium_large size-medium_large wp-image-380\" alt=\"Le CMRR de la r\u00e9gion Centre s\u2019inscrit dans le r\u00e9seau national de la F\u00e9d\u00e9ration Nationale des CMRR, participe \u00e0 des essais m\u00e9dicamenteux et d\u00e9veloppe des travaux de recherche clinique et fondamentale.\" srcset=\"https:\/\/www.chu-tours.fr\/cmrr\/wp-content\/uploads\/sites\/16\/2024\/07\/chercheuse-microscope-768x513.jpg 768w, https:\/\/www.chu-tours.fr\/cmrr\/wp-content\/uploads\/sites\/16\/2024\/07\/chercheuse-microscope-300x200.jpg 300w, https:\/\/www.chu-tours.fr\/cmrr\/wp-content\/uploads\/sites\/16\/2024\/07\/chercheuse-microscope-1024x684.jpg 1024w, https:\/\/www.chu-tours.fr\/cmrr\/wp-content\/uploads\/sites\/16\/2024\/07\/chercheuse-microscope.jpg 1444w\" sizes=\"(max-width: 768px) 100vw, 768px\" \/>\t\t\t\t\t\t\t\t\t\t\t\t\t<\/div>\n\t\t\t\t<\/div>\n\t\t\t\t\t<\/div>\n\t\t<\/div>\n\t\t\t\t\t<\/div>\n\t\t<\/section>\n\t\t\t\t<section class=\"elementor-section elementor-top-section elementor-element elementor-element-98dd855 elementor-section-boxed elementor-section-height-default elementor-section-height-default\" data-id=\"98dd855\" data-element_type=\"section\">\n\t\t\t\t\t\t<div class=\"elementor-container elementor-column-gap-default\">\n\t\t\t\t\t<div class=\"elementor-column elementor-col-100 elementor-top-column elementor-element elementor-element-52fe5ec\" data-id=\"52fe5ec\" data-element_type=\"column\">\n\t\t\t<div class=\"elementor-widget-wrap elementor-element-populated\">\n\t\t\t\t\t\t<div class=\"elementor-element elementor-element-f358f28 elementor-align-right elementor-widget elementor-widget-global elementor-global-481 elementor-widget-post-info\" data-id=\"f358f28\" data-element_type=\"widget\" data-widget_type=\"post-info.default\">\n\t\t\t\t<div class=\"elementor-widget-container\">\n\t\t\t<link rel=\"stylesheet\" href=\"https:\/\/www.chu-tours.fr\/cmrr\/wp-content\/plugins\/elementor\/assets\/css\/widget-icon-list.min.css\"><link rel=\"stylesheet\" href=\"https:\/\/www.chu-tours.fr\/cmrr\/wp-content\/plugins\/elementor-pro\/assets\/css\/widget-theme-elements.min.css?ver=1721310483\">\t\t<ul class=\"elementor-inline-items elementor-icon-list-items elementor-post-info\">\n\t\t\t\t\t\t\t\t<li class=\"elementor-icon-list-item elementor-repeater-item-6146a60 elementor-inline-item\">\n\t\t\t\t\t\t\t\t\t\t<span class=\"elementor-icon-list-icon\">\n\t\t\t\t\t\t\t\t<i aria-hidden=\"true\" class=\"far fa-calendar-check\"><\/i>\t\t\t\t\t\t\t<\/span>\n\t\t\t\t\t\t\t\t\t<span class=\"elementor-icon-list-text elementor-post-info__item elementor-post-info__item--type-custom\">\n\t\t\t\t\t\t\t\t\t\tMis \u00e0 jour le 11 d\u00e9cembre 2024\t\t\t\t\t<\/span>\n\t\t\t\t\t\t\t\t<\/li>\n\t\t\t\t<\/ul>\n\t\t\t\t<\/div>\n\t\t\t\t<\/div>\n\t\t\t\t\t<\/div>\n\t\t<\/div>\n\t\t\t\t\t<\/div>\n\t\t<\/section>\n\t\t\t\t<\/div>\n\t\t","protected":false},"excerpt":{"rendered":"<p>Le CMRR de la r\u00e9gion Centre s\u2019inscrit dans le r\u00e9seau national de la F\u00e9d\u00e9ration Nationale des CMRR, participe \u00e0 des essais m\u00e9dicamenteux et d\u00e9veloppe des travaux de recherche clinique et fondamentale. L\u2019activit\u00e9 de recherche de l\u2019unit\u00e9 se fait en partenariat avec l\u2019unit\u00e9 Inserm UMR1253 Imagerie et cerveau-IBrain. La th\u00e9matique principale est \u00ab\u00a0la neuropsychiatrie et le [&hellip;]<\/p>\n","protected":false},"author":4,"featured_media":0,"parent":0,"menu_order":0,"comment_status":"closed","ping_status":"closed","template":"","meta":{"_seopress_robots_primary_cat":"","_seopress_titles_title":"Centre M\u00e9moire Ressources et Recherche. Th\u00e8mes de recherche.","_seopress_titles_desc":"Le CMRR de la r\u00e9gion Centre s\u2019inscrit dans le r\u00e9seau national de la F\u00e9d\u00e9ration Nationale des CMRR, participe \u00e0 des essais m\u00e9dicamenteux et d\u00e9veloppe des travaux de recherche clinique et fondamentale.","_seopress_robots_index":"","_exactmetrics_skip_tracking":false,"_exactmetrics_sitenote_active":false,"_exactmetrics_sitenote_note":"","_exactmetrics_sitenote_category":0,"_genesis_hide_title":false,"_genesis_hide_breadcrumbs":false,"_genesis_hide_singular_image":false,"_genesis_hide_footer_widgets":false,"_genesis_custom_body_class":"","_genesis_custom_post_class":"","_genesis_layout":"","footnotes":""},"publishpress_future_action":{"enabled":false,"date":"2026-05-20 18:58:02","action":"change-status","newStatus":"draft","terms":[],"taxonomy":""},"_links":{"self":[{"href":"https:\/\/www.chu-tours.fr\/cmrr\/wp-json\/wp\/v2\/pages\/55"}],"collection":[{"href":"https:\/\/www.chu-tours.fr\/cmrr\/wp-json\/wp\/v2\/pages"}],"about":[{"href":"https:\/\/www.chu-tours.fr\/cmrr\/wp-json\/wp\/v2\/types\/page"}],"author":[{"embeddable":true,"href":"https:\/\/www.chu-tours.fr\/cmrr\/wp-json\/wp\/v2\/users\/4"}],"replies":[{"embeddable":true,"href":"https:\/\/www.chu-tours.fr\/cmrr\/wp-json\/wp\/v2\/comments?post=55"}],"version-history":[{"count":20,"href":"https:\/\/www.chu-tours.fr\/cmrr\/wp-json\/wp\/v2\/pages\/55\/revisions"}],"predecessor-version":[{"id":620,"href":"https:\/\/www.chu-tours.fr\/cmrr\/wp-json\/wp\/v2\/pages\/55\/revisions\/620"}],"wp:attachment":[{"href":"https:\/\/www.chu-tours.fr\/cmrr\/wp-json\/wp\/v2\/media?parent=55"}],"curies":[{"name":"wp","href":"https:\/\/api.w.org\/{rel}","templated":true}]}}