{"id":454,"date":"2020-10-28T09:56:29","date_gmt":"2020-10-28T08:56:29","guid":{"rendered":"https:\/\/www.chu-tours.fr\/cancerologie\/?page_id=454"},"modified":"2020-10-28T09:59:15","modified_gmt":"2020-10-28T08:59:15","slug":"soins-de-support-prise-en-charge-de-la-douleur","status":"publish","type":"page","link":"https:\/\/www.chu-tours.fr\/cancerologie\/les-soins-de-supports\/soins-de-support-prise-en-charge-de-la-douleur\/","title":{"rendered":"Soins de support &#8211; Prise en charge de la douleur"},"content":{"rendered":"\t\t<div data-elementor-type=\"wp-page\" data-elementor-id=\"454\" class=\"elementor elementor-454\" data-elementor-post-type=\"page\">\n\t\t\t\t\t\t<section class=\"elementor-section elementor-top-section elementor-element elementor-element-7c511dd elementor-section-boxed elementor-section-height-default elementor-section-height-default\" data-id=\"7c511dd\" data-element_type=\"section\">\n\t\t\t\t\t\t<div class=\"elementor-container elementor-column-gap-default\">\n\t\t\t\t\t<div class=\"elementor-column elementor-col-100 elementor-top-column elementor-element elementor-element-e8e687f\" data-id=\"e8e687f\" data-element_type=\"column\">\n\t\t\t<div class=\"elementor-widget-wrap\">\n\t\t\t\t\t\t\t<\/div>\n\t\t<\/div>\n\t\t\t\t\t<\/div>\n\t\t<\/section>\n\t\t\t\t<section class=\"elementor-section elementor-top-section elementor-element elementor-element-5e03a25 elementor-section-boxed elementor-section-height-default elementor-section-height-default\" data-id=\"5e03a25\" data-element_type=\"section\">\n\t\t\t\t\t\t<div class=\"elementor-container elementor-column-gap-default\">\n\t\t\t\t\t<div class=\"elementor-column elementor-col-100 elementor-top-column elementor-element elementor-element-8b4e8c2\" data-id=\"8b4e8c2\" data-element_type=\"column\">\n\t\t\t<div class=\"elementor-widget-wrap elementor-element-populated\">\n\t\t\t\t\t\t<div class=\"elementor-element elementor-element-fbbd485 elementor-widget elementor-widget-text-editor\" data-id=\"fbbd485\" data-element_type=\"widget\" data-widget_type=\"text-editor.default\">\n\t\t\t\t<div class=\"elementor-widget-container\">\n\t\t\t\t\t\t\t<blockquote><p>Une douleur peut appara\u00eetre au cours de la prise en charge de la pathologie canc\u00e9reuse. Ces douleurs peuvent survenir au d\u00e9but de la maladie ou plus tard au cours de l\u2019\u00e9volution. Ce n\u2019est pas une fatalit\u00e9. On peut les pr\u00e9venir et le traiter du mieux que possible.<\/p><\/blockquote>\t\t\t\t\t\t<\/div>\n\t\t\t\t<\/div>\n\t\t\t\t\t<\/div>\n\t\t<\/div>\n\t\t\t\t\t<\/div>\n\t\t<\/section>\n\t\t\t\t<section class=\"elementor-section elementor-top-section elementor-element elementor-element-5e14ddb elementor-section-boxed elementor-section-height-default elementor-section-height-default\" data-id=\"5e14ddb\" data-element_type=\"section\">\n\t\t\t\t\t\t<div class=\"elementor-container elementor-column-gap-default\">\n\t\t\t\t\t<div class=\"elementor-column elementor-col-50 elementor-top-column elementor-element elementor-element-b6d4d38\" data-id=\"b6d4d38\" data-element_type=\"column\">\n\t\t\t<div class=\"elementor-widget-wrap elementor-element-populated\">\n\t\t\t\t\t\t<div class=\"elementor-element elementor-element-68706a02 elementor-widget elementor-widget-text-editor\" data-id=\"68706a02\" data-element_type=\"widget\" data-widget_type=\"text-editor.default\">\n\t\t\t\t<div class=\"elementor-widget-container\">\n\t\t\t\t\t\t\t<p>Au CHRU de TOURS, les \u00e9quipes soignantes s\u2019engagent \u00e0 prendre en charge votre douleur durant\u00a0 votre hospitalisation et \u00e0 vous donner toutes les informations utiles \u00e0 ce sujet. Par ailleurs, le CHRU de Tours dispose de plusieurs structures de prise en charge de la douleur qui sont l\u00e0 pour\u00a0 les aider si besoin.<\/p><p>La douleur n\u2019existe pas sans raison, ne la laissez pas s\u2019installer. N\u2019h\u00e9sitez pas \u00e0 en parler, votre m\u00e9decin en cherchera la ou les causes.<\/p><p>Il n\u2019y a pas une, mais des douleurs qui se distinguent par leur origine, leur dur\u00e9e, leur intensit\u00e9. Tout le monde ne r\u00e9agit pas de la m\u00eame fa\u00e7on face \u00e0 la douleur. Traiter votre douleur c\u2019est possible mais rien ne pourra se faire sans vous\u00a0: Parlez-en.<\/p><p>Supporter la douleur ne permet pas de mieux lui r\u00e9sister. Les douleurs alt\u00e8rent le\u00a0 confort et la qualit\u00e9 de vie. Elles diminuent votre \u00e9nergie et retentissent sur votre vie quotidienne\u00a0: Parlez-en.<\/p><p>Les m\u00e9dicaments sont propos\u00e9s en fonction de la nature et de l\u2019intensit\u00e9 de votre douleur. Ils la soulagent m\u00eame si ils ne la suppriment pas toujours compl\u00e8tement. Votre m\u00e9decin vous prescrira un traitement adapt\u00e9. Celui-ci sera ajust\u00e9 en fonction de l\u2019\u00e9valuation r\u00e9guli\u00e8re de vos douleurs.<\/p><p>D\u2019autres moyens peuvent \u00eatre employ\u00e9s pour r\u00e9duire les douleurs, am\u00e9liorer votre confort et votre bien \u00eatre : l\u2019hypnose, la relaxation, la sophrologie, la m\u00e9ditation, l\u2019application de froid ou de chaud, l\u2019acupuncture, la stimulation \u00e9lectrique transcutan\u00e9e. Comme les m\u00e9dicaments, ils seront adapt\u00e9s \u00e0 votre cas.<\/p>\t\t\t\t\t\t<\/div>\n\t\t\t\t<\/div>\n\t\t\t\t\t<\/div>\n\t\t<\/div>\n\t\t\t\t<div class=\"elementor-column elementor-col-50 elementor-top-column elementor-element elementor-element-4a57214\" data-id=\"4a57214\" data-element_type=\"column\">\n\t\t\t<div class=\"elementor-widget-wrap\">\n\t\t\t\t\t\t\t<\/div>\n\t\t<\/div>\n\t\t\t\t\t<\/div>\n\t\t<\/section>\n\t\t\t\t<\/div>\n\t\t","protected":false},"excerpt":{"rendered":"<p>Home Une douleur peut appara\u00eetre au cours de la prise en charge de la pathologie canc\u00e9reuse. Ces douleurs peuvent survenir au d\u00e9but de la maladie ou plus tard au cours de l\u2019\u00e9volution. Ce n\u2019est pas une fatalit\u00e9. On peut les pr\u00e9venir et le traiter du mieux que possible. Au CHRU de TOURS, les \u00e9quipes soignantes [&hellip;]<\/p>\n","protected":false},"author":4,"featured_media":0,"parent":377,"menu_order":0,"comment_status":"closed","ping_status":"closed","template":"","meta":{"_seopress_robots_primary_cat":"","_seopress_titles_title":"CHRU de Tours. Canc\u00e9rologie. Les soins de supports. Prise en charge de la douleur.","_seopress_titles_desc":"Une douleur peut appara\u00eetre au cours de la prise en charge de la pathologie canc\u00e9reuse. Ces douleurs peuvent survenir au d\u00e9but de la maladie ou plus tard au cours de l\u2019\u00e9volution. Ce n\u2019est pas une fatalit\u00e9. On peut les pr\u00e9venir et le traiter du mieux que possible.","_seopress_robots_index":"","_exactmetrics_skip_tracking":false,"_exactmetrics_sitenote_active":false,"_exactmetrics_sitenote_note":"","_exactmetrics_sitenote_category":0,"_genesis_hide_title":false,"_genesis_hide_breadcrumbs":false,"_genesis_hide_singular_image":false,"_genesis_hide_footer_widgets":false,"_genesis_custom_body_class":"","_genesis_custom_post_class":"","_genesis_layout":"","footnotes":""},"publishpress_future_action":{"enabled":false,"date":"2026-05-06 22:00:56","action":"change-status","newStatus":"draft","terms":[],"taxonomy":""},"_links":{"self":[{"href":"https:\/\/www.chu-tours.fr\/cancerologie\/wp-json\/wp\/v2\/pages\/454"}],"collection":[{"href":"https:\/\/www.chu-tours.fr\/cancerologie\/wp-json\/wp\/v2\/pages"}],"about":[{"href":"https:\/\/www.chu-tours.fr\/cancerologie\/wp-json\/wp\/v2\/types\/page"}],"author":[{"embeddable":true,"href":"https:\/\/www.chu-tours.fr\/cancerologie\/wp-json\/wp\/v2\/users\/4"}],"replies":[{"embeddable":true,"href":"https:\/\/www.chu-tours.fr\/cancerologie\/wp-json\/wp\/v2\/comments?post=454"}],"version-history":[{"count":3,"href":"https:\/\/www.chu-tours.fr\/cancerologie\/wp-json\/wp\/v2\/pages\/454\/revisions"}],"predecessor-version":[{"id":457,"href":"https:\/\/www.chu-tours.fr\/cancerologie\/wp-json\/wp\/v2\/pages\/454\/revisions\/457"}],"up":[{"embeddable":true,"href":"https:\/\/www.chu-tours.fr\/cancerologie\/wp-json\/wp\/v2\/pages\/377"}],"wp:attachment":[{"href":"https:\/\/www.chu-tours.fr\/cancerologie\/wp-json\/wp\/v2\/media?parent=454"}],"curies":[{"name":"wp","href":"https:\/\/api.w.org\/{rel}","templated":true}]}}