{"id":433,"date":"2020-10-27T16:35:04","date_gmt":"2020-10-27T15:35:04","guid":{"rendered":"https:\/\/www.chu-tours.fr\/cancerologie\/?page_id=433"},"modified":"2020-10-27T16:46:41","modified_gmt":"2020-10-27T15:46:41","slug":"soins-de-support-lhypnose","status":"publish","type":"page","link":"https:\/\/www.chu-tours.fr\/cancerologie\/les-soins-de-supports\/soins-de-support-lhypnose\/","title":{"rendered":"Soins de support &#8211; L&#8217;hypnose"},"content":{"rendered":"\t\t<div data-elementor-type=\"wp-page\" data-elementor-id=\"433\" class=\"elementor elementor-433\" data-elementor-post-type=\"page\">\n\t\t\t\t\t\t<section class=\"elementor-section elementor-top-section elementor-element elementor-element-7c511dd elementor-section-boxed elementor-section-height-default elementor-section-height-default\" data-id=\"7c511dd\" data-element_type=\"section\">\n\t\t\t\t\t\t<div class=\"elementor-container elementor-column-gap-default\">\n\t\t\t\t\t<div class=\"elementor-column elementor-col-100 elementor-top-column elementor-element elementor-element-e8e687f\" data-id=\"e8e687f\" data-element_type=\"column\">\n\t\t\t<div class=\"elementor-widget-wrap\">\n\t\t\t\t\t\t\t<\/div>\n\t\t<\/div>\n\t\t\t\t\t<\/div>\n\t\t<\/section>\n\t\t\t\t<section class=\"elementor-section elementor-top-section elementor-element elementor-element-5e03a25 elementor-section-boxed elementor-section-height-default elementor-section-height-default\" data-id=\"5e03a25\" data-element_type=\"section\">\n\t\t\t\t\t\t<div class=\"elementor-container elementor-column-gap-default\">\n\t\t\t\t\t<div class=\"elementor-column elementor-col-100 elementor-top-column elementor-element elementor-element-8b4e8c2\" data-id=\"8b4e8c2\" data-element_type=\"column\">\n\t\t\t<div class=\"elementor-widget-wrap elementor-element-populated\">\n\t\t\t\t\t\t<div class=\"elementor-element elementor-element-fbbd485 elementor-widget elementor-widget-text-editor\" data-id=\"fbbd485\" data-element_type=\"widget\" data-widget_type=\"text-editor.default\">\n\t\t\t\t<div class=\"elementor-widget-container\">\n\t\t\t\t\t\t\t<blockquote><p>L\u2019hypnose est un \u00e9tat de conscience que nous exp\u00e9rimentons quotidiennement \u00a0le plus souvent \u00e0 notre insu et qui, peut \u00e9galement \u00eatre provoqu\u00e9 \u00e0 des fins distractives (hypnose de spectacle), ou, dans un but th\u00e9rapeutique\u00a0: on parle alors d\u2019hypnose m\u00e9dicale. Cette derni\u00e8re est pratiqu\u00e9e au CHU de Tours, et tout particuli\u00e8rement, au sein du p\u00f4le de canc\u00e9rologie depuis une dizaine d\u2019ann\u00e9es.<\/p><\/blockquote>\t\t\t\t\t\t<\/div>\n\t\t\t\t<\/div>\n\t\t\t\t\t<\/div>\n\t\t<\/div>\n\t\t\t\t\t<\/div>\n\t\t<\/section>\n\t\t\t\t<section class=\"elementor-section elementor-top-section elementor-element elementor-element-5e14ddb elementor-section-boxed elementor-section-height-default elementor-section-height-default\" data-id=\"5e14ddb\" data-element_type=\"section\">\n\t\t\t\t\t\t<div class=\"elementor-container elementor-column-gap-default\">\n\t\t\t\t\t<div class=\"elementor-column elementor-col-50 elementor-top-column elementor-element elementor-element-b6d4d38\" data-id=\"b6d4d38\" data-element_type=\"column\">\n\t\t\t<div class=\"elementor-widget-wrap elementor-element-populated\">\n\t\t\t\t\t\t<div class=\"elementor-element elementor-element-68706a02 elementor-widget elementor-widget-text-editor\" data-id=\"68706a02\" data-element_type=\"widget\" data-widget_type=\"text-editor.default\">\n\t\t\t\t<div class=\"elementor-widget-container\">\n\t\t\t\t\t\t\t<h2>L\u2019hypnose m\u00e9dicale, qu\u2019est-ce que c\u2019est ?<\/h2><p>L\u2019hypnose m\u00e9dicale est avant tout une rencontre entre deux personnes :<\/p><ul><li>un patient rencontre un soignant qui l\u2019invite \u00e0 parler, s\u2019il le souhaite, de ses ressentis, de son histoire, de ce qu\u2019il aime, de ce qu\u2019il aime moins, des \u00e9ventuelles difficult\u00e9s qu\u2019il a rencontr\u00e9es au cours de sa maladie.<\/li><li>face \u00e0 lui, un hypnopraticien rencontre \u00e9galement une personne et une histoire de vie.<\/li><\/ul><p>La communication hypnotique permet une \u00e9coute active qui, gr\u00e2ce entre autre \u00e0 des reformulations, aide le patient \u00e0 porter, si possible, un autre regard sur ce qu\u2019il traverse. Divers outils sont \u00e9galement propos\u00e9s \u00e0 chacun selon ses besoins, parfois de la d\u00e9tente, parfois le recours \u00e0 des images positives, r\u00e9elles ou imaginaires afin de se d\u00e9tacher d\u2019un pr\u00e9sent difficile\u2026<\/p><p>C\u2019est surtout la motivation \u00e0 changer quelque chose en soi qui importe. Ainsi, le but est d\u2019aider le patient \u00e0 red\u00e9couvrir et \u00e0 utiliser ses propres ressources.<\/p><p>Un tel \u00e9change n\u2019est bien s\u00fbr possible que si le patient se sent en confiance et rassur\u00e9\u00a0: c\u2019est pourquoi, \u00e0 tout moment il lui est possible de choisir d\u2019interrompre le soin. Une participation libre et volontaire est le pr\u00e9 requis \u00e0 toute s\u00e9ance d\u2019hypnose.<\/p><h2>A qui s\u2019adresse l\u2019hypnose, en canc\u00e9rologie ?<\/h2><p>L\u2019hypnose m\u00e9dicale est un outil utilisable \u00e0 tous les stades de la maladie : lors de \u00a0l\u2019annonce, pendant les diff\u00e9rents stades de traitement (chirurgie, chimioth\u00e9rapie et ses effets secondaires, radioth\u00e9rapie\u2026.), lors de la phase qui suit l\u2019arr\u00eat du traitement et lors du \u00ab retour \u00e0 la vie courante \u00bb.<\/p><p>Elle peut \u00e9galement \u00eatre une aide pr\u00e9cieuse pour les proches du patient.<\/p><h2>Que peut-on en attendre ?<\/h2><p>Elle peut aider \u00e0 :<\/p><ul><li>apaiser des douleurs, l\u2019anxi\u00e9t\u00e9 et ses manifestations, des troubles du sommeil, des naus\u00e9es\u2026<\/li><li>mieux supporter les traitements\u00a0<\/li><li>activer les ressources propres \u00e0 chaque individu.<\/li><li>s\u2019adapter au plus pr\u00e8s, \u00e0 la demande et aux difficult\u00e9s de chacun.<\/li><li>d\u00e9couvrir et \u00e0 apprendre l\u2019auto hypnose<\/li><\/ul><p>Ainsi elle permet \u00e0 chaque patient d\u2019\u00eatre davantage acteur dans son parcours de soin.<\/p><h2>Que se passe-t\u2019il pendant une s\u00e9ance d\u2019hypnose ?<\/h2><p>L\u2019\u00e9tat hypnotique peut \u00eatre d\u00e9crit comme un \u00e9tat d\u2019absorption de la conscience, de focalisation de l\u2019attention qui nous met \u00e0 distance de ce qui se passe autour de nous : notre corps est ici pendant que notre \u00ab esprit \u00bb est ailleurs ; mais cet \u00e9tat de conscience n\u2019est pas du sommeil.<\/p><p>Cette dissociation permet de trouver de la d\u00e9tente, un rel\u00e2chement, un soulagement ou autre chose\u2026<\/p><ul><li>La premi\u00e8re s\u00e9ance est un temps de rencontre o\u00f9 le patient raconte ce qui est important pour lui et, o\u00f9 lui et son th\u00e9rapeute font connaissance. Pass\u00e9 ce temps d\u2019\u00e9change vient l\u2019exp\u00e9rience hypnotique qui peut rev\u00eatir divers aspects selon la probl\u00e9matique du jour: relaxation, travail sur le ressenti corporel et sur les cinq sens, travail sur la respiration, visualisation guid\u00e9e avec construction d\u2019un lieu int\u00e9rieur de s\u00e9curit\u00e9, imagerie positive&#8230;<\/li><li>Au cours des s\u00e9ances suivantes, il y a toujours un temps d\u2019\u00e9change pour revenir sur les changements observ\u00e9s, ou pas, et sur les probl\u00e8mes \u00e0 l\u2019ordre du jour ; puis le patient d\u00e9couvre une nouvelle technique, un nouvel outil; certains lui conviendront mieux que d\u2019autres : \u00e0 lui de choisir.<\/li><\/ul><p>A chaque fois nous invitons le patient \u00e0 retravailler les exercices propos\u00e9s, r\u00e9guli\u00e8rement, que ce soit en hospitalisation ou \u00e0 domicile.<\/p><p>En effet, le but ultime du soin hypnotique est l\u2019enseignement de l\u2019auto hypnose. Comme tout apprentissage, celui-ci\u00a0 n\u00e9cessite un investissement personnel et r\u00e9gulier : plus le patient s\u2019entra\u00eene et pratique, plus l\u2019hypnose lui sera utile, et lui rendra service aussi bien au cours de la maladie que par la suite, \u00e0 n\u2019importe quel autre moment de sa vie.<\/p><h2>En pratique, o\u00f9 ont lieu les s\u00e9ances d\u2019hypnose ?<\/h2><p>Plusieurs possibilit\u00e9s existent :<\/p><ul><li>Le patient est vu dans sa chambre, en s\u00e9ance individuelle, au cours d\u2019une hospitalisation (compl\u00e8te, de jour, secteur st\u00e9rile\u2026)<\/li><li>Le patient est vu en consultation externe, dans le b\u00e2timent B3 des consultations externes du CHRU Bretonneau, au niveau des consultations d\u2019anesth\u00e9sie.<\/li><\/ul><p>\u00e0 partir de septembre 2017, des s\u00e9ances de groupe seront propos\u00e9es tous les mercredis en d\u00e9but d\u2019apr\u00e8s-midi dans la salle de r\u00e9union du service d\u2019h\u00e9matologie\u00a0: ces s\u00e9ances s\u2019adresseront aux patients ainsi qu\u2019\u00e0 leurs accompagnants s\u2019ils le souhaitent. Divers th\u00e8mes pourront y \u00eatre abord\u00e9s.<\/p><p>Le recours aux techniques hypnotiques \u00e0 des fins th\u00e9rapeutiques est connu depuis la plus haute antiquit\u00e9\u00a0; aujourd\u2019hui elles s\u2019int\u00e8grent parfaitement aux soins de support qui accompagnent le parcours des patients, afin d\u2019am\u00e9liorer leur qualit\u00e9 de vie tant sur un plan physique que sur un plan psychologique, en s\u2019adaptant au plus pr\u00e8s aux besoins de chacun.<\/p>\t\t\t\t\t\t<\/div>\n\t\t\t\t<\/div>\n\t\t\t\t\t<\/div>\n\t\t<\/div>\n\t\t\t\t<div class=\"elementor-column elementor-col-50 elementor-top-column elementor-element elementor-element-4a57214\" data-id=\"4a57214\" data-element_type=\"column\">\n\t\t\t<div class=\"elementor-widget-wrap elementor-element-populated\">\n\t\t\t\t\t\t<div class=\"elementor-element elementor-element-93f4885 elementor-icon-list--layout-traditional elementor-list-item-link-full_width elementor-widget elementor-widget-icon-list\" data-id=\"93f4885\" data-element_type=\"widget\" data-widget_type=\"icon-list.default\">\n\t\t\t\t<div class=\"elementor-widget-container\">\n\t\t\t\t\t<ul class=\"elementor-icon-list-items\">\n\t\t\t\t\t\t\t<li class=\"elementor-icon-list-item\">\n\t\t\t\t\t\t\t\t\t\t\t<span class=\"elementor-icon-list-icon\">\n\t\t\t\t\t\t\t<i aria-hidden=\"true\" class=\"fas fa-phone-volume\"><\/i>\t\t\t\t\t\t<\/span>\n\t\t\t\t\t\t\t\t\t\t<span class=\"elementor-icon-list-text\">Contacter le service<\/span>\n\t\t\t\t\t\t\t\t\t<\/li>\n\t\t\t\t\t\t<\/ul>\n\t\t\t\t<\/div>\n\t\t\t\t<\/div>\n\t\t\t\t<div class=\"elementor-element elementor-element-9128be3 elementor-widget elementor-widget-text-editor\" data-id=\"9128be3\" data-element_type=\"widget\" data-widget_type=\"text-editor.default\">\n\t\t\t\t<div class=\"elementor-widget-container\">\n\t\t\t\t\t\t\t<p>Consultations externes\u00a0<span style=\"font-weight: var( --e-global-typography-text-font-weight ); font-size: 1rem;\">d\u2019Anesth\u00e9sie\u00a0<\/span><span style=\"font-weight: var( --e-global-typography-text-font-weight ); font-size: 1rem;\">du CHRU Bretonneau.<\/span><\/p><ul><li><strong>Prise de rendez-vous :\u00a0<\/strong><br \/><strong><span style=\"color: #ed1164;\">02 18 37 06 00<\/span><\/strong><\/li><\/ul>\t\t\t\t\t\t<\/div>\n\t\t\t\t<\/div>\n\t\t\t\t\t<\/div>\n\t\t<\/div>\n\t\t\t\t\t<\/div>\n\t\t<\/section>\n\t\t\t\t<section class=\"elementor-section elementor-top-section elementor-element elementor-element-2ae285f elementor-section-boxed elementor-section-height-default elementor-section-height-default\" data-id=\"2ae285f\" data-element_type=\"section\">\n\t\t\t\t\t\t<div class=\"elementor-container elementor-column-gap-default\">\n\t\t\t\t\t<div class=\"elementor-column elementor-col-100 elementor-top-column elementor-element elementor-element-7a24067\" data-id=\"7a24067\" data-element_type=\"column\">\n\t\t\t<div class=\"elementor-widget-wrap elementor-element-populated\">\n\t\t\t\t\t\t<div class=\"elementor-element elementor-element-d661d30 elementor-widget elementor-widget-heading\" data-id=\"d661d30\" data-element_type=\"widget\" data-widget_type=\"heading.default\">\n\t\t\t\t<div class=\"elementor-widget-container\">\n\t\t\t<h2 class=\"elementor-heading-title elementor-size-default\">Ce sont les patients qui en parlent le mieux<\/h2>\t\t<\/div>\n\t\t\t\t<\/div>\n\t\t\t\t<div class=\"elementor-element elementor-element-323a493 elementor-testimonial--skin-default elementor-testimonial--layout-image_inline elementor-testimonial--align-center elementor-arrows-yes elementor-pagination-type-bullets elementor-widget elementor-widget-testimonial-carousel\" data-id=\"323a493\" data-element_type=\"widget\" data-settings=\"{&quot;show_arrows&quot;:&quot;yes&quot;,&quot;pagination&quot;:&quot;bullets&quot;,&quot;speed&quot;:500,&quot;autoplay&quot;:&quot;yes&quot;,&quot;autoplay_speed&quot;:5000,&quot;loop&quot;:&quot;yes&quot;,&quot;pause_on_hover&quot;:&quot;yes&quot;,&quot;pause_on_interaction&quot;:&quot;yes&quot;,&quot;space_between&quot;:{&quot;unit&quot;:&quot;px&quot;,&quot;size&quot;:10,&quot;sizes&quot;:[]},&quot;space_between_tablet&quot;:{&quot;unit&quot;:&quot;px&quot;,&quot;size&quot;:10,&quot;sizes&quot;:[]},&quot;space_between_mobile&quot;:{&quot;unit&quot;:&quot;px&quot;,&quot;size&quot;:10,&quot;sizes&quot;:[]}}\" data-widget_type=\"testimonial-carousel.default\">\n\t\t\t\t<div class=\"elementor-widget-container\">\n\t\t\t\t\t<div class=\"elementor-swiper\">\n\t\t\t<div class=\"elementor-main-swiper swiper\">\n\t\t\t\t<div class=\"swiper-wrapper\">\n\t\t\t\t\t\t\t\t\t\t\t<div class=\"swiper-slide\">\n\t\t\t\t\t\t\t\t\t<div class=\"elementor-testimonial\">\n\t\t\t\t\t\t\t<div class=\"elementor-testimonial__content\">\n\t\t\t\t\t<div class=\"elementor-testimonial__text\">\n\t\t\t\t\t\t\"J'avais assist\u00e9 \u00e0 des exercices d'hypnose en tant que professionnelle lors d'accouchements (je suis sage-femme) mais j'ai personnellement d\u00e9couvert sa pratique au travers de mon combat contre le cancer.\n\nC'est devenu une aide quasi quotidienne.\n\nJe pratique diff\u00e9rents exercices afin de soulager des douleurs physiques mais \u00e9galement morales.\n\nJe l'utilise aussi pendant mes s\u00e9ances de chimio qui sont plus qu'\u00e9prouvantes. Cela m'apporte de l'apaisement.\n\nCes derniers temps c'est une aide psychologique importante. Cela me permet de m'\u00e9vader lors d'angoisses importantes ou d'attaques de panique, de partir dans un lieu plus paisible, de me recentrer sur le moment pr\u00e9sent.\n\nJ'apprends \u00e0 restructurer mes pens\u00e9es n\u00e9gatives en pens\u00e9es plus positives ou simplement neutres.\n\nJe m'\u00e9coute plus. . Cela change progressivement ma vision de la maladie, de mon corps. Il m'arrive bien s\u00fbr de perdre confiance puisque j'encha\u00eene les chimios depuis un an et demi mais gr\u00e2ce \u00e0 tout ce travail, je repars au combat.\"\t\t\t\t\t<\/div>\n\t\t\t\t\t\t\t\t\t<\/div>\n\t\t\t\t\t\t<div class=\"elementor-testimonial__footer\">\n\t\t\t\t\t\t\t\t\t<div class=\"elementor-testimonial__image\">\n\t\t\t\t\t\t<img decoding=\"async\" src=\"https:\/\/www.chu-tours.fr\/cancerologie\/wp-content\/plugins\/elementor\/assets\/images\/placeholder.png\" alt=\"A...\">\n\t\t\t\t\t\t\t\t\t\t\t<\/div>\n\t\t\t\t\t\t\t\t<cite class=\"elementor-testimonial__cite\"><span class=\"elementor-testimonial__name\">A...<\/span><span class=\"elementor-testimonial__title\">32 ans<\/span><\/cite>\t\t\t<\/div>\n\t\t<\/div>\n\t\t\t\t\t\t\t\t<\/div>\n\t\t\t\t\t\t\t\t\t\t\t<div class=\"swiper-slide\">\n\t\t\t\t\t\t\t\t\t<div class=\"elementor-testimonial\">\n\t\t\t\t\t\t\t<div class=\"elementor-testimonial__content\">\n\t\t\t\t\t<div class=\"elementor-testimonial__text\">\n\t\t\t\t\t\tJ\u2019ai eu une leuc\u00e9mie. J\u2019avais 5 semaines d\u2019hospitalisation et j\u2019\u00e9tais tr\u00e8s stress\u00e9e, angoiss\u00e9e par la maladie. Les infirmi\u00e8res et la psychologue m\u2019ont parl\u00e9 de l\u2019hypnose.\n\nJ\u2019ai eu 2 s\u00e9ances. J\u2019\u00e9tais terrifi\u00e9e par la pose de la chambre implantable et l\u00e0 je me suis souvenue de ma derni\u00e8re s\u00e9ance : j\u2019ai essay\u00e9 d\u2019aller l\u00e0 o\u00f9 j\u2019\u00e9tais all\u00e9e \u00e0 ma deuxi\u00e8me s\u00e9ance : au  d\u00e9but j\u2019ai travaill\u00e9 sur ma respiration, je me suis d\u00e9tendue et apr\u00e8s je suis \u00ab sortie de mon corps \u00bb, je suis all\u00e9e en haut sur la terrasse puis sur le dos d\u2019un bel oiseau avec de belles couleurs, qui m\u2019a emport\u00e9 jusqu\u2019\u00e0 mes enfants ; je pouvais les voir et c\u2019\u00e9tait super. Puis je suis repartie doucement \u00e0 l\u2019int\u00e9rieur de mon corps et la pose de la chambre \u00e9tait presque finie.\n\nGr\u00e2ce \u00e0 l\u2019auto hypnose j\u2019\u00e9tais moins angoiss\u00e9e. \u00c7a m\u2019a aid\u00e9 pour mon hospitalisation et \u00e7a m\u2019aidera dans mon quotidien avec mes enfants, dans ma vie, dans mon stress.\"\t\t\t\t\t<\/div>\n\t\t\t\t\t\t\t\t\t<\/div>\n\t\t\t\t\t\t<div class=\"elementor-testimonial__footer\">\n\t\t\t\t\t\t\t\t\t<div class=\"elementor-testimonial__image\">\n\t\t\t\t\t\t<img decoding=\"async\" src=\"https:\/\/www.chu-tours.fr\/cancerologie\/wp-content\/plugins\/elementor\/assets\/images\/placeholder.png\" alt=\"B\">\n\t\t\t\t\t\t\t\t\t\t\t<\/div>\n\t\t\t\t\t\t\t\t<cite class=\"elementor-testimonial__cite\"><span class=\"elementor-testimonial__name\">B<\/span><span class=\"elementor-testimonial__title\">40 ans<\/span><\/cite>\t\t\t<\/div>\n\t\t<\/div>\n\t\t\t\t\t\t\t\t<\/div>\n\t\t\t\t\t\t\t\t\t<\/div>\n\t\t\t\t\t\t\t\t\t\t\t\t\t\t\t<div class=\"swiper-pagination\"><\/div>\n\t\t\t\t\t\t\t\t\t\t\t\t\t\t\t\t<div class=\"elementor-swiper-button elementor-swiper-button-prev\" role=\"button\" tabindex=\"0\">\n\t\t\t\t\t\t\t<i aria-hidden=\"true\" class=\"eicon-chevron-left\"><\/i>\t\t\t\t\t\t\t<span class=\"elementor-screen-only\">Pr\u00e9c\u00e9dent<\/span>\n\t\t\t\t\t\t<\/div>\n\t\t\t\t\t\t<div class=\"elementor-swiper-button elementor-swiper-button-next\" role=\"button\" tabindex=\"0\">\n\t\t\t\t\t\t\t<i aria-hidden=\"true\" class=\"eicon-chevron-right\"><\/i>\t\t\t\t\t\t\t<span class=\"elementor-screen-only\">Suivant<\/span>\n\t\t\t\t\t\t<\/div>\n\t\t\t\t\t\t\t\t\t\t\t\t<\/div>\n\t\t<\/div>\n\t\t\t\t<\/div>\n\t\t\t\t<\/div>\n\t\t\t\t\t<\/div>\n\t\t<\/div>\n\t\t\t\t\t<\/div>\n\t\t<\/section>\n\t\t\t\t<\/div>\n\t\t","protected":false},"excerpt":{"rendered":"<p>Home L\u2019hypnose est un \u00e9tat de conscience que nous exp\u00e9rimentons quotidiennement \u00a0le plus souvent \u00e0 notre insu et qui, peut \u00e9galement \u00eatre provoqu\u00e9 \u00e0 des fins distractives (hypnose de spectacle), ou, dans un but th\u00e9rapeutique\u00a0: on parle alors d\u2019hypnose m\u00e9dicale. Cette derni\u00e8re est pratiqu\u00e9e au CHU de Tours, et tout particuli\u00e8rement, au sein du p\u00f4le [&hellip;]<\/p>\n","protected":false},"author":4,"featured_media":0,"parent":377,"menu_order":0,"comment_status":"closed","ping_status":"closed","template":"","meta":{"_seopress_robots_primary_cat":"","_seopress_titles_title":"CHRU de Tours. Canc\u00e9rologie. Les soins de supports. L&#039;hypnose.","_seopress_titles_desc":"L\u2019hypnose est un \u00e9tat de conscience que nous exp\u00e9rimentons quotidiennement  le plus souvent \u00e0 notre insu et qui, peut \u00e9galement \u00eatre provoqu\u00e9 \u00e0 des fins distractives (hypnose de spectacle), ou, dans un but th\u00e9rapeutique : on parle alors d\u2019hypnose m\u00e9dicale. Cette derni\u00e8re est pratiqu\u00e9e au CHU de Tours, et tout particuli\u00e8rement, au sein du p\u00f4le de canc\u00e9rologie depuis une dizaine d\u2019ann\u00e9es.","_seopress_robots_index":"","_exactmetrics_skip_tracking":false,"_exactmetrics_sitenote_active":false,"_exactmetrics_sitenote_note":"","_exactmetrics_sitenote_category":0,"_genesis_hide_title":false,"_genesis_hide_breadcrumbs":false,"_genesis_hide_singular_image":false,"_genesis_hide_footer_widgets":false,"_genesis_custom_body_class":"","_genesis_custom_post_class":"","_genesis_layout":"","footnotes":""},"publishpress_future_action":{"enabled":false,"date":"2026-05-20 19:46:47","action":"change-status","newStatus":"draft","terms":[],"taxonomy":""},"_links":{"self":[{"href":"https:\/\/www.chu-tours.fr\/cancerologie\/wp-json\/wp\/v2\/pages\/433"}],"collection":[{"href":"https:\/\/www.chu-tours.fr\/cancerologie\/wp-json\/wp\/v2\/pages"}],"about":[{"href":"https:\/\/www.chu-tours.fr\/cancerologie\/wp-json\/wp\/v2\/types\/page"}],"author":[{"embeddable":true,"href":"https:\/\/www.chu-tours.fr\/cancerologie\/wp-json\/wp\/v2\/users\/4"}],"replies":[{"embeddable":true,"href":"https:\/\/www.chu-tours.fr\/cancerologie\/wp-json\/wp\/v2\/comments?post=433"}],"version-history":[{"count":7,"href":"https:\/\/www.chu-tours.fr\/cancerologie\/wp-json\/wp\/v2\/pages\/433\/revisions"}],"predecessor-version":[{"id":440,"href":"https:\/\/www.chu-tours.fr\/cancerologie\/wp-json\/wp\/v2\/pages\/433\/revisions\/440"}],"up":[{"embeddable":true,"href":"https:\/\/www.chu-tours.fr\/cancerologie\/wp-json\/wp\/v2\/pages\/377"}],"wp:attachment":[{"href":"https:\/\/www.chu-tours.fr\/cancerologie\/wp-json\/wp\/v2\/media?parent=433"}],"curies":[{"name":"wp","href":"https:\/\/api.w.org\/{rel}","templated":true}]}}