{"id":387,"date":"2020-10-27T15:17:32","date_gmt":"2020-10-27T14:17:32","guid":{"rendered":"https:\/\/www.chu-tours.fr\/cancerologie\/?page_id=387"},"modified":"2020-10-27T16:16:32","modified_gmt":"2020-10-27T15:16:32","slug":"soins-de-support-activites-physiques-adaptees","status":"publish","type":"page","link":"https:\/\/www.chu-tours.fr\/cancerologie\/les-soins-de-supports\/soins-de-support-activites-physiques-adaptees\/","title":{"rendered":"Soins de support &#8211; Activit\u00e9s physiques adapt\u00e9es"},"content":{"rendered":"\t\t<div data-elementor-type=\"wp-page\" data-elementor-id=\"387\" class=\"elementor elementor-387\" data-elementor-post-type=\"page\">\n\t\t\t\t\t\t<section class=\"elementor-section elementor-top-section elementor-element elementor-element-03aa1b6 elementor-section-boxed elementor-section-height-default elementor-section-height-default\" data-id=\"03aa1b6\" data-element_type=\"section\">\n\t\t\t\t\t\t<div class=\"elementor-container elementor-column-gap-default\">\n\t\t\t\t\t<div class=\"elementor-column elementor-col-100 elementor-top-column elementor-element elementor-element-bc57bb8\" data-id=\"bc57bb8\" data-element_type=\"column\">\n\t\t\t<div class=\"elementor-widget-wrap\">\n\t\t\t\t\t\t\t<\/div>\n\t\t<\/div>\n\t\t\t\t\t<\/div>\n\t\t<\/section>\n\t\t\t\t<section class=\"elementor-section elementor-top-section elementor-element elementor-element-5e14ddb elementor-section-boxed elementor-section-height-default elementor-section-height-default\" data-id=\"5e14ddb\" data-element_type=\"section\">\n\t\t\t\t\t\t<div class=\"elementor-container elementor-column-gap-default\">\n\t\t\t\t\t<div class=\"elementor-column elementor-col-50 elementor-top-column elementor-element elementor-element-b6d4d38\" data-id=\"b6d4d38\" data-element_type=\"column\">\n\t\t\t<div class=\"elementor-widget-wrap elementor-element-populated\">\n\t\t\t\t\t\t<div class=\"elementor-element elementor-element-68706a02 elementor-widget elementor-widget-text-editor\" data-id=\"68706a02\" data-element_type=\"widget\" data-widget_type=\"text-editor.default\">\n\t\t\t\t<div class=\"elementor-widget-container\">\n\t\t\t\t\t\t\t<p>Les donn\u00e9es actuelles issues de diff\u00e9rents essais permettent d\u2019affirmer que l\u2019<strong>A<\/strong>ctivit\u00e9\u00a0<strong>P<\/strong>hysique\u00a0<strong>A<\/strong>dapt\u00e9e r\u00e9guli\u00e8re est b\u00e9n\u00e9fique d\u00e8s le d\u00e9but de la prise en charge d\u2019un patient atteint de cancer par son r\u00f4le sur\u00a0<em>la\u00a0<\/em><strong>qualit\u00e9 de vie<\/strong>,\u00a0<em>la\u00a0<\/em><strong>r\u00e9duction des effets secondaires<\/strong>\u00a0des traitements, et\u00a0<strong>la pr\u00e9vention des r\u00e9cidives<\/strong>\u00a0(donc sur la dur\u00e9e de vie).<\/p><p>C\u2019est pourquoi le Plan Cancer 2014\/2019 encourage l\u2019activit\u00e9 physique adapt\u00e9e afin de r\u00e9duire le risque de survenue et\/ou de r\u00e9cidive d\u2019un cancer.<\/p><p>Lorsqu\u2019un programme d\u2019activit\u00e9 physique est propos\u00e9 avec un soutien logistique (information, kin\u00e9sith\u00e9rapeute, di\u00e9t\u00e9ticienne, \u00e9valuation,..) l\u2019adh\u00e9sion des patients est importante.<\/p>\t\t\t\t\t\t<\/div>\n\t\t\t\t<\/div>\n\t\t\t\t\t<\/div>\n\t\t<\/div>\n\t\t\t\t<div class=\"elementor-column elementor-col-50 elementor-top-column elementor-element elementor-element-4a57214\" data-id=\"4a57214\" data-element_type=\"column\">\n\t\t\t<div class=\"elementor-widget-wrap elementor-element-populated\">\n\t\t\t\t\t\t<div class=\"elementor-element elementor-element-c93ad75 elementor-widget elementor-widget-image\" data-id=\"c93ad75\" data-element_type=\"widget\" data-widget_type=\"image.default\">\n\t\t\t\t<div class=\"elementor-widget-container\">\n\t\t\t\t\t\t\t\t\t\t<figure class=\"wp-caption\">\n\t\t\t\t\t\t\t\t\t\t\t<a href=\"https:\/\/www.chu-tours.fr\/cancerologie\/wp-content\/uploads\/sites\/4\/2020\/10\/activite-physique-02.jpg\" data-elementor-open-lightbox=\"yes\" data-elementor-lightbox-title=\"Photo r\u00e9union APA\" data-e-action-hash=\"#elementor-action%3Aaction%3Dlightbox%26settings%3DeyJpZCI6MzkwLCJ1cmwiOiJodHRwczpcL1wvd3d3LmNodS10b3Vycy5mclwvY2FuY2Vyb2xvZ2llXC93cC1jb250ZW50XC91cGxvYWRzXC9zaXRlc1wvNFwvMjAyMFwvMTBcL2FjdGl2aXRlLXBoeXNpcXVlLTAyLmpwZyJ9\">\n\t\t\t\t\t\t\t<img fetchpriority=\"high\" decoding=\"async\" width=\"300\" height=\"200\" src=\"https:\/\/www.chu-tours.fr\/cancerologie\/wp-content\/uploads\/sites\/4\/2020\/10\/activite-physique-02-300x200.jpg\" class=\"attachment-medium size-medium wp-image-390\" alt=\"Photo r\u00e9union APA\" srcset=\"https:\/\/www.chu-tours.fr\/cancerologie\/wp-content\/uploads\/sites\/4\/2020\/10\/activite-physique-02-300x200.jpg 300w, https:\/\/www.chu-tours.fr\/cancerologie\/wp-content\/uploads\/sites\/4\/2020\/10\/activite-physique-02.jpg 500w\" sizes=\"(max-width: 300px) 100vw, 300px\" \/>\t\t\t\t\t\t\t\t<\/a>\n\t\t\t\t\t\t\t\t\t\t\t<figcaption class=\"widget-image-caption wp-caption-text\">Photo r\u00e9union APA<\/figcaption>\n\t\t\t\t\t\t\t\t\t\t<\/figure>\n\t\t\t\t\t\t\t<\/div>\n\t\t\t\t<\/div>\n\t\t\t\t\t<\/div>\n\t\t<\/div>\n\t\t\t\t\t<\/div>\n\t\t<\/section>\n\t\t\t\t<section class=\"elementor-section elementor-top-section elementor-element elementor-element-79190f5 elementor-section-boxed elementor-section-height-default elementor-section-height-default\" data-id=\"79190f5\" data-element_type=\"section\">\n\t\t\t\t\t\t<div class=\"elementor-container elementor-column-gap-default\">\n\t\t\t\t\t<div class=\"elementor-column elementor-col-50 elementor-top-column elementor-element elementor-element-eb43005\" data-id=\"eb43005\" data-element_type=\"column\">\n\t\t\t<div class=\"elementor-widget-wrap elementor-element-populated\">\n\t\t\t\t\t\t<div class=\"elementor-element elementor-element-d7472c8 elementor-widget elementor-widget-text-editor\" data-id=\"d7472c8\" data-element_type=\"widget\" data-widget_type=\"text-editor.default\">\n\t\t\t\t<div class=\"elementor-widget-container\">\n\t\t\t\t\t\t\t<p>Pour les&nbsp;personnes atteintes de <b>maladies chroniques stabilis\u00e9es<\/b>,&nbsp;l\u2019activit\u00e9 physique est une activit\u00e9 adapt\u00e9e aux besoins sp\u00e9cifiques li\u00e9s \u00e0 la pratique et \u00e0 la personne&nbsp;:<\/p>\n<ul>\n<li><u>r\u00e9guli\u00e8re<\/u> : chaque semaine<\/li>\n<li><u>s\u00e9curis\u00e9e<\/u> : pr\u00e9cautions pour la pathologie, animateur form\u00e9, conditions de pratique<\/li>\n<li><u>progressive<\/u> : individualis\u00e9e<\/li>\n<li><u>\u00e9quilibr\u00e9e<\/u> : d\u00e9velopper \/ renforcer les composantes de la condition physique<\/li>\n<\/ul>\n<p>L\u2019offre actuelle d\u2019APA dans la r\u00e9gion repose sur des activit\u00e9s organis\u00e9es par :<\/p>\n<ul>\n<li>la&nbsp;<strong>ville de Tours<\/strong> : possibilit\u00e9 de 2 activit\u00e9s par semaine, activit\u00e9s multiples, dans les sites sportifs de la ville, anim\u00e9s par des \u00e9ducateurs sportifs form\u00e9s par des m\u00e9decins du CHRU.<\/li>\n<li>la <strong>Ligue contre le Cancer<\/strong>, anim\u00e9s par des \u00e9ducateurs dans leurs locaux.<\/li>\n<li>le <strong>r\u00e9seau ONCO37<\/strong>&nbsp; sous forme de partenariat avec des clubs locaux.<\/li>\n<\/ul>\n<p><em>Un programme de formation sp\u00e9cifique est en cours d\u2019\u00e9laboration avec la direction d\u00e9partementale \u00e0 la jeunesse et au sport qui permettra aux \u00e9ducateurs sportifs de la r\u00e9gion d\u2019avoir une formation en canc\u00e9rologie.<\/em><\/p>\t\t\t\t\t\t<\/div>\n\t\t\t\t<\/div>\n\t\t\t\t\t<\/div>\n\t\t<\/div>\n\t\t\t\t<div class=\"elementor-column elementor-col-50 elementor-top-column elementor-element elementor-element-f5cca79\" data-id=\"f5cca79\" data-element_type=\"column\">\n\t\t\t<div class=\"elementor-widget-wrap elementor-element-populated\">\n\t\t\t\t\t\t<div class=\"elementor-element elementor-element-bc35e93 elementor-widget elementor-widget-image\" data-id=\"bc35e93\" data-element_type=\"widget\" data-widget_type=\"image.default\">\n\t\t\t\t<div class=\"elementor-widget-container\">\n\t\t\t\t\t\t\t\t\t\t<figure class=\"wp-caption\">\n\t\t\t\t\t\t\t\t\t\t\t<a href=\"https:\/\/www.chu-tours.fr\/cancerologie\/wp-content\/uploads\/sites\/4\/2020\/10\/activite-physique-01.jpg\" data-elementor-open-lightbox=\"yes\" data-elementor-lightbox-title=\"APA canc\u00e9rologie Tours\" data-e-action-hash=\"#elementor-action%3Aaction%3Dlightbox%26settings%3DeyJpZCI6Mzg5LCJ1cmwiOiJodHRwczpcL1wvd3d3LmNodS10b3Vycy5mclwvY2FuY2Vyb2xvZ2llXC93cC1jb250ZW50XC91cGxvYWRzXC9zaXRlc1wvNFwvMjAyMFwvMTBcL2FjdGl2aXRlLXBoeXNpcXVlLTAxLmpwZyJ9\">\n\t\t\t\t\t\t\t<img decoding=\"async\" width=\"300\" height=\"200\" src=\"https:\/\/www.chu-tours.fr\/cancerologie\/wp-content\/uploads\/sites\/4\/2020\/10\/activite-physique-01-300x200.jpg\" class=\"attachment-medium size-medium wp-image-389\" alt=\"APA canc\u00e9rologie Tours\" srcset=\"https:\/\/www.chu-tours.fr\/cancerologie\/wp-content\/uploads\/sites\/4\/2020\/10\/activite-physique-01-300x200.jpg 300w, https:\/\/www.chu-tours.fr\/cancerologie\/wp-content\/uploads\/sites\/4\/2020\/10\/activite-physique-01.jpg 500w\" sizes=\"(max-width: 300px) 100vw, 300px\" \/>\t\t\t\t\t\t\t\t<\/a>\n\t\t\t\t\t\t\t\t\t\t\t<figcaption class=\"widget-image-caption wp-caption-text\">APA canc\u00e9rologie Tours<\/figcaption>\n\t\t\t\t\t\t\t\t\t\t<\/figure>\n\t\t\t\t\t\t\t<\/div>\n\t\t\t\t<\/div>\n\t\t\t\t\t<\/div>\n\t\t<\/div>\n\t\t\t\t\t<\/div>\n\t\t<\/section>\n\t\t\t\t<\/div>\n\t\t","protected":false},"excerpt":{"rendered":"<p>Home Les donn\u00e9es actuelles issues de diff\u00e9rents essais permettent d\u2019affirmer que l\u2019Activit\u00e9\u00a0Physique\u00a0Adapt\u00e9e r\u00e9guli\u00e8re est b\u00e9n\u00e9fique d\u00e8s le d\u00e9but de la prise en charge d\u2019un patient atteint de cancer par son r\u00f4le sur\u00a0la\u00a0qualit\u00e9 de vie,\u00a0la\u00a0r\u00e9duction des effets secondaires\u00a0des traitements, et\u00a0la pr\u00e9vention des r\u00e9cidives\u00a0(donc sur la dur\u00e9e de vie). C\u2019est pourquoi le Plan Cancer 2014\/2019 encourage l\u2019activit\u00e9 [&hellip;]<\/p>\n","protected":false},"author":4,"featured_media":0,"parent":377,"menu_order":0,"comment_status":"closed","ping_status":"closed","template":"","meta":{"_seopress_robots_primary_cat":"","_seopress_titles_title":"CHRU de Tours. Canc\u00e9rologie. Les soins de supports. Activit\u00e9s physiques adapt\u00e9es.","_seopress_titles_desc":"Lorsqu\u2019un programme d\u2019activit\u00e9 physique est propos\u00e9 avec un soutien logistique (information, kin\u00e9sith\u00e9rapeute, di\u00e9t\u00e9ticienne, \u00e9valuation,..) l\u2019adh\u00e9sion des patients est importante.","_seopress_robots_index":"","_exactmetrics_skip_tracking":false,"_exactmetrics_sitenote_active":false,"_exactmetrics_sitenote_note":"","_exactmetrics_sitenote_category":0,"_genesis_hide_title":false,"_genesis_hide_breadcrumbs":false,"_genesis_hide_singular_image":false,"_genesis_hide_footer_widgets":false,"_genesis_custom_body_class":"","_genesis_custom_post_class":"","_genesis_layout":"","footnotes":""},"publishpress_future_action":{"enabled":false,"date":"2026-05-07 21:22:50","action":"change-status","newStatus":"draft","terms":[],"taxonomy":""},"_links":{"self":[{"href":"https:\/\/www.chu-tours.fr\/cancerologie\/wp-json\/wp\/v2\/pages\/387"}],"collection":[{"href":"https:\/\/www.chu-tours.fr\/cancerologie\/wp-json\/wp\/v2\/pages"}],"about":[{"href":"https:\/\/www.chu-tours.fr\/cancerologie\/wp-json\/wp\/v2\/types\/page"}],"author":[{"embeddable":true,"href":"https:\/\/www.chu-tours.fr\/cancerologie\/wp-json\/wp\/v2\/users\/4"}],"replies":[{"embeddable":true,"href":"https:\/\/www.chu-tours.fr\/cancerologie\/wp-json\/wp\/v2\/comments?post=387"}],"version-history":[{"count":10,"href":"https:\/\/www.chu-tours.fr\/cancerologie\/wp-json\/wp\/v2\/pages\/387\/revisions"}],"predecessor-version":[{"id":420,"href":"https:\/\/www.chu-tours.fr\/cancerologie\/wp-json\/wp\/v2\/pages\/387\/revisions\/420"}],"up":[{"embeddable":true,"href":"https:\/\/www.chu-tours.fr\/cancerologie\/wp-json\/wp\/v2\/pages\/377"}],"wp:attachment":[{"href":"https:\/\/www.chu-tours.fr\/cancerologie\/wp-json\/wp\/v2\/media?parent=387"}],"curies":[{"name":"wp","href":"https:\/\/api.w.org\/{rel}","templated":true}]}}

Soins de support &#8211; Activités physiques adaptées

<div data-elementor-type="wp-page" data-elementor-id="387" class="elementor elementor-387" data-elementor-post-type="page">
						<section class="elementor-section elementor-top-section elementor-element elementor-element-03aa1b6 elementor-section-boxed elementor-section-height-default elementor-section-height-default" data-id="03aa1b6" data-element_type="section">
						<div class="elementor-container elementor-column-gap-default">
					<div class="elementor-column elementor-col-100 elementor-top-column elementor-element elementor-element-bc57bb8" data-id="bc57bb8" data-element_type="column">
			<div class="elementor-widget-wrap">
							</div>
		</div>
					</div>
		</section>
				<section class="elementor-section elementor-top-section elementor-element elementor-element-5e14ddb elementor-section-boxed elementor-section-height-default elementor-section-height-default" data-id="5e14ddb" data-element_type="section">
						<div class="elementor-container elementor-column-gap-default">
					<div class="elementor-column elementor-col-50 elementor-top-column elementor-element elementor-element-b6d4d38" data-id="b6d4d38" data-element_type="column">
			<div class="elementor-widget-wrap elementor-element-populated">
						<div class="elementor-element elementor-element-68706a02 elementor-widget elementor-widget-text-editor" data-id="68706a02" data-element_type="widget" data-widget_type="text-editor.default">
				<div class="elementor-widget-container">
							<p>Les données actuelles issues de différents essais permettent d’affirmer que l’<strong>A</strong>ctivité <strong>P</strong>hysique <strong>A</strong>daptée régulière est bénéfique dès le début de la prise en charge d’un patient atteint de cancer par son rôle sur <em>la </em><strong>qualité de vie</strong>, <em>la </em><strong>réduction des effets secondaires</strong> des traitements, et <strong>la prévention des récidives</strong> (donc sur la durée de vie).</p><p>C’est pourquoi le Plan Cancer 2014/2019 encourage l’activité physique adaptée afin de réduire le risque de survenue et/ou de récidive d’un cancer.</p><p>Lorsqu’un programme d’activité physique est proposé avec un soutien logistique (information, kinésithérapeute, diététicienne, évaluation,..) l’adhésion des patients est importante.</p>						</div>
				</div>
					</div>
		</div>
				<div class="elementor-column elementor-col-50 elementor-top-column elementor-element elementor-element-4a57214" data-id="4a57214" data-element_type="column">
			<div class="elementor-widget-wrap elementor-element-populated">
						<div class="elementor-element elementor-element-c93ad75 elementor-widget elementor-widget-image" data-id="c93ad75" data-element_type="widget" data-widget_type="image.default">
				<div class="elementor-widget-container">
										<figure class="wp-caption">
											<a href="https://www.chu-tours.fr/cancerologie/wp-content/uploads/sites/4/2020/10/activite-physique-02.jpg" data-elementor-open-lightbox="yes" data-elementor-lightbox-title="Photo réunion APA" data-e-action-hash="#elementor-action%3Aaction%3Dlightbox%26settings%3DeyJpZCI6MzkwLCJ1cmwiOiJodHRwczpcL1wvd3d3LmNodS10b3Vycy5mclwvY2FuY2Vyb2xvZ2llXC93cC1jb250ZW50XC91cGxvYWRzXC9zaXRlc1wvNFwvMjAyMFwvMTBcL2FjdGl2aXRlLXBoeXNpcXVlLTAyLmpwZyJ9">
							<img fetchpriority="high" decoding="async" width="300" height="200" src="https://www.chu-tours.fr/cancerologie/wp-content/uploads/sites/4/2020/10/activite-physique-02-300x200.jpg" class="attachment-medium size-medium wp-image-390" alt="Photo réunion APA" srcset="https://www.chu-tours.fr/cancerologie/wp-content/uploads/sites/4/2020/10/activite-physique-02-300x200.jpg 300w, https://www.chu-tours.fr/cancerologie/wp-content/uploads/sites/4/2020/10/activite-physique-02.jpg 500w" sizes="(max-width: 300px) 100vw, 300px" />								</a>
											<figcaption class="widget-image-caption wp-caption-text">Photo réunion APA</figcaption>
										</figure>
							</div>
				</div>
					</div>
		</div>
					</div>
		</section>
				<section class="elementor-section elementor-top-section elementor-element elementor-element-79190f5 elementor-section-boxed elementor-section-height-default elementor-section-height-default" data-id="79190f5" data-element_type="section">
						<div class="elementor-container elementor-column-gap-default">
					<div class="elementor-column elementor-col-50 elementor-top-column elementor-element elementor-element-eb43005" data-id="eb43005" data-element_type="column">
			<div class="elementor-widget-wrap elementor-element-populated">
						<div class="elementor-element elementor-element-d7472c8 elementor-widget elementor-widget-text-editor" data-id="d7472c8" data-element_type="widget" data-widget_type="text-editor.default">
				<div class="elementor-widget-container">
							<p>Pour les&nbsp;personnes atteintes de <b>maladies chroniques stabilisées</b>,&nbsp;l’activité physique est une activité adaptée aux besoins spécifiques liés à la pratique et à la personne&nbsp;:</p>
<ul>
<li><u>régulière</u> : chaque semaine</li>
<li><u>sécurisée</u> : précautions pour la pathologie, animateur formé, conditions de pratique</li>
<li><u>progressive</u> : individualisée</li>
<li><u>équilibrée</u> : développer / renforcer les composantes de la condition physique</li>
</ul>
<p>L’offre actuelle d’APA dans la région repose sur des activités organisées par :</p>
<ul>
<li>la&nbsp;<strong>ville de Tours</strong> : possibilité de 2 activités par semaine, activités multiples, dans les sites sportifs de la ville, animés par des éducateurs sportifs formés par des médecins du CHRU.</li>
<li>la <strong>Ligue contre le Cancer</strong>, animés par des éducateurs dans leurs locaux.</li>
<li>le <strong>réseau ONCO37</strong>&nbsp; sous forme de partenariat avec des clubs locaux.</li>
</ul>
<p><em>Un programme de formation spécifique est en cours d’élaboration avec la direction départementale à la jeunesse et au sport qui permettra aux éducateurs sportifs de la région d’avoir une formation en cancérologie.</em></p>						</div>
				</div>
					</div>
		</div>
				<div class="elementor-column elementor-col-50 elementor-top-column elementor-element elementor-element-f5cca79" data-id="f5cca79" data-element_type="column">
			<div class="elementor-widget-wrap elementor-element-populated">
						<div class="elementor-element elementor-element-bc35e93 elementor-widget elementor-widget-image" data-id="bc35e93" data-element_type="widget" data-widget_type="image.default">
				<div class="elementor-widget-container">
										<figure class="wp-caption">
											<a href="https://www.chu-tours.fr/cancerologie/wp-content/uploads/sites/4/2020/10/activite-physique-01.jpg" data-elementor-open-lightbox="yes" data-elementor-lightbox-title="APA cancérologie Tours" data-e-action-hash="#elementor-action%3Aaction%3Dlightbox%26settings%3DeyJpZCI6Mzg5LCJ1cmwiOiJodHRwczpcL1wvd3d3LmNodS10b3Vycy5mclwvY2FuY2Vyb2xvZ2llXC93cC1jb250ZW50XC91cGxvYWRzXC9zaXRlc1wvNFwvMjAyMFwvMTBcL2FjdGl2aXRlLXBoeXNpcXVlLTAxLmpwZyJ9">
							<img decoding="async" width="300" height="200" src="https://www.chu-tours.fr/cancerologie/wp-content/uploads/sites/4/2020/10/activite-physique-01-300x200.jpg" class="attachment-medium size-medium wp-image-389" alt="APA cancérologie Tours" srcset="https://www.chu-tours.fr/cancerologie/wp-content/uploads/sites/4/2020/10/activite-physique-01-300x200.jpg 300w, https://www.chu-tours.fr/cancerologie/wp-content/uploads/sites/4/2020/10/activite-physique-01.jpg 500w" sizes="(max-width: 300px) 100vw, 300px" />								</a>
											<figcaption class="widget-image-caption wp-caption-text">APA cancérologie Tours</figcaption>
										</figure>
							</div>
				</div>
					</div>
		</div>
					</div>
		</section>
				</div>

<p>Home Les données actuelles issues de différents essais permettent d’affirmer que l’Activité Physique Adaptée régulière est bénéfique dès le début de la prise en charge d’un patient atteint de cancer par son rôle sur la qualité de vie, la réduction des effets secondaires des traitements, et la prévention des récidives (donc sur la durée de vie). C’est pourquoi le Plan Cancer 2014/2019 encourage l’activité [&hellip;]</p>

CHRU de Tours. Cancérologie. Les soins de supports. Activités physiques adaptées.

Lorsqu’un programme d’activité physique est proposé avec un soutien logistique (information, kinésithérapeute, diététicienne, évaluation,..) l’adhésion des patients est importante.
