{"id":212,"date":"2020-10-09T17:01:24","date_gmt":"2020-10-09T15:01:24","guid":{"rendered":"https:\/\/www.chu-tours.fr\/cancerologie\/?page_id=212"},"modified":"2020-10-29T09:54:35","modified_gmt":"2020-10-29T08:54:35","slug":"les-cancers-orl","status":"publish","type":"page","link":"https:\/\/www.chu-tours.fr\/cancerologie\/les-cancers-orl\/","title":{"rendered":"Les cancers ORL"},"content":{"rendered":"\t\t<div data-elementor-type=\"wp-page\" data-elementor-id=\"212\" class=\"elementor elementor-212\" data-elementor-post-type=\"page\">\n\t\t\t\t\t\t<section class=\"elementor-section elementor-top-section elementor-element elementor-element-d4cd5b3 elementor-section-boxed elementor-section-height-default elementor-section-height-default\" data-id=\"d4cd5b3\" data-element_type=\"section\">\n\t\t\t\t\t\t<div class=\"elementor-container elementor-column-gap-default\">\n\t\t\t\t\t<div class=\"elementor-column elementor-col-100 elementor-top-column elementor-element elementor-element-ecb5ce6\" data-id=\"ecb5ce6\" data-element_type=\"column\">\n\t\t\t<div class=\"elementor-widget-wrap\">\n\t\t\t\t\t\t\t<\/div>\n\t\t<\/div>\n\t\t\t\t\t<\/div>\n\t\t<\/section>\n\t\t\t\t<section class=\"elementor-section elementor-top-section elementor-element elementor-element-717eb6eb elementor-section-boxed elementor-section-height-default elementor-section-height-default\" data-id=\"717eb6eb\" data-element_type=\"section\">\n\t\t\t\t\t\t<div class=\"elementor-container elementor-column-gap-default\">\n\t\t\t\t\t<div class=\"elementor-column elementor-col-100 elementor-top-column elementor-element elementor-element-6a5b6d50\" data-id=\"6a5b6d50\" data-element_type=\"column\">\n\t\t\t<div class=\"elementor-widget-wrap elementor-element-populated\">\n\t\t\t\t\t\t<div class=\"elementor-element elementor-element-1ab1a69d elementor-widget elementor-widget-heading\" data-id=\"1ab1a69d\" data-element_type=\"widget\" data-widget_type=\"heading.default\">\n\t\t\t\t<div class=\"elementor-widget-container\">\n\t\t\t<h2 class=\"elementor-heading-title elementor-size-default\">Pr\u00e9sentation des cancers des voies a\u00e9ro-digestives sup\u00e9rieures<\/h2>\t\t<\/div>\n\t\t\t\t<\/div>\n\t\t\t\t\t<\/div>\n\t\t<\/div>\n\t\t\t\t\t<\/div>\n\t\t<\/section>\n\t\t\t\t<section class=\"elementor-section elementor-top-section elementor-element elementor-element-2b56a478 elementor-section-boxed elementor-section-height-default elementor-section-height-default\" data-id=\"2b56a478\" data-element_type=\"section\">\n\t\t\t\t\t\t<div class=\"elementor-container elementor-column-gap-default\">\n\t\t\t\t\t<div class=\"elementor-column elementor-col-100 elementor-top-column elementor-element elementor-element-2a73e70c\" data-id=\"2a73e70c\" data-element_type=\"column\">\n\t\t\t<div class=\"elementor-widget-wrap elementor-element-populated\">\n\t\t\t\t\t\t<div class=\"elementor-element elementor-element-68706a02 elementor-widget elementor-widget-text-editor\" data-id=\"68706a02\" data-element_type=\"widget\" data-widget_type=\"text-editor.default\">\n\t\t\t\t<div class=\"elementor-widget-container\">\n\t\t\t\t\t\t\t<p>Les cancers des voies a\u00e9ro-digestives sup\u00e9rieurs (VADS) concernent les tumeurs malignes de la cavit\u00e9 buccale, du pharynx, du larynx, des fosses nasales, des glandes salivaires et du cou. Plus de 15 000 nouveaux cas de cancer des VADS sont diagnostiqu\u00e9s chaque ann\u00e9e en France.<\/p><p>Au CHU de Tours, entre 350 et 450 patients sont pris en charge chaque ann\u00e9e pour le traitement de ces pathologies. Les facteurs de risque principaux sont la consommation d&#8217;alcool et de tabac ainsi que l&#8217;infection par le papilloma virus qui est un facteur de risque \u00e9mergeant depuis une quinzaine d&#8217;ann\u00e9es.<\/p><p>Les \u00e9quipes impliqu\u00e9es dans la prise en charge de ces cancers des VADS sont :<\/p><ul><li>le service d&#8217;O.R.L. du CHU Bretonneau,<\/li><li>le service de chirurgie maxillo-faciale du C.H.U. Trousseau,<\/li><li>le service de radioth\u00e9rapie et de chimioth\u00e9rapie du C.H.U. Bretonneau.<\/li><\/ul><p>Nous disposons de moyens techniques \u00e0 vis\u00e9e diagnostique et th\u00e9rapeutique innovants et nous sommes \u00e0 la pointe dans la prise en charge de cette pathologie sur le plan national. En effet sur le plan chirurgical nous avons \u00e9t\u00e9 les premiers \u00e0 r\u00e9aliser des chirurgies d&#8217;ex\u00e9r\u00e8se de tumeur pharyng\u00e9e \u00e0 l&#8217;aide du robot chirurgical et ce depuis 2008 (cf photo). Plus de 150 patients ont pu \u00eatre trait\u00e9s par cette technique en 8 ans. Le taux de trach\u00e9otomie a \u00e9t\u00e9 diminu\u00e9 de 80% gr\u00e2ce \u00e0 cette technique et la dur\u00e9e moyenne hospitalisation a \u00e9t\u00e9 r\u00e9duite d&#8217;1 semaine. La reconstruction apr\u00e8s chirurgie est tr\u00e8s importante et elle est r\u00e9alis\u00e9e gr\u00e2ce \u00e0 l&#8217;utilisation de lambeaux libres en collaboration avec le service de chirurgie maxillo-faciale. Ces lambeaux sont pr\u00e9lev\u00e9s \u00e0 distance du cou, au niveau du thorax, du bras ou de la jambe. Ils apportent ainsi du tissus sains (peau, muscle, os) pour reconstruire la r\u00e9gion ou il y avait la tumeur canc\u00e9reuse et permettre une bonne cicatrisation et un meilleur r\u00e9sultat esth\u00e9tique et fonctionnel.<\/p><p>Le service de radioth\u00e9rapie dispose de moyens de traitements comme le cyberknife ou la tomoth\u00e9rapie qui permettent d\u2019avoir une grande pr\u00e9cision sur les zones \u00e0 traiter en limitant ainsi le plus possible l\u2019irradiation des tissus sains. L\u2019utilisation de nouvelles chimioth\u00e9rapies et plus r\u00e9cemment d&#8217;immunoth\u00e9rapies ont permis de mieux prendre en charge les patients notamment dans le cadre de \u00a0protocole de pr\u00e9servation laryng\u00e9e qui ont diminu\u00e9 le nombre de patients larungectomis\u00e9s.<\/p><p>La r\u00e9\u00e9ducation de la voix est de la d\u00e9glutition apr\u00e8s chirurgie et\/ou radioth\u00e9rapie d&#8217;un cancer des VADS est \u00a0r\u00e9alis\u00e9e gr\u00e2ce \u00e0 la pr\u00e9sence des orthophonistes. La prise en charge psychologique est aussi possible afin d&#8217;assurer un soutien optimal des patients pendant et apr\u00e8s le traitement de leur cancer des VADS.<\/p>\t\t\t\t\t\t<\/div>\n\t\t\t\t<\/div>\n\t\t\t\t\t<\/div>\n\t\t<\/div>\n\t\t\t\t\t<\/div>\n\t\t<\/section>\n\t\t\t\t<section class=\"elementor-section elementor-top-section elementor-element elementor-element-5202cdbd elementor-section-boxed elementor-section-height-default elementor-section-height-default\" data-id=\"5202cdbd\" data-element_type=\"section\">\n\t\t\t\t\t\t<div class=\"elementor-container elementor-column-gap-default\">\n\t\t\t\t\t<div class=\"elementor-column elementor-col-100 elementor-top-column elementor-element elementor-element-73c96869\" data-id=\"73c96869\" data-element_type=\"column\">\n\t\t\t<div class=\"elementor-widget-wrap elementor-element-populated\">\n\t\t\t\t\t\t<div class=\"elementor-element elementor-element-50377336 elementor-widget elementor-widget-image\" data-id=\"50377336\" data-element_type=\"widget\" data-widget_type=\"image.default\">\n\t\t\t\t<div class=\"elementor-widget-container\">\n\t\t\t\t\t\t\t\t\t\t<figure class=\"wp-caption\">\n\t\t\t\t\t\t\t\t\t\t<img decoding=\"async\" width=\"169\" height=\"107\" src=\"https:\/\/www.chu-tours.fr\/cancerologie\/wp-content\/uploads\/sites\/4\/2020\/10\/img-chirurgie-cancer-orl.jpg\" class=\"attachment-medium size-medium wp-image-159\" alt=\"\" \/>\t\t\t\t\t\t\t\t\t\t\t<figcaption class=\"widget-image-caption wp-caption-text\">Chirurgie transorale \u00e0 l\u2019aide du robot chirurgical.<br \/>Les bras du robot et la cam\u00e9ra, guid\u00e9s par le chirurgien,  sont plac\u00e9s dans la gorge du patient  pour op\u00e9rer un cancer du pharynx et du larynx en \u00e9vitant une grande cicatrice<\/figcaption>\n\t\t\t\t\t\t\t\t\t\t<\/figure>\n\t\t\t\t\t\t\t<\/div>\n\t\t\t\t<\/div>\n\t\t\t\t\t<\/div>\n\t\t<\/div>\n\t\t\t\t\t<\/div>\n\t\t<\/section>\n\t\t\t\t<\/div>\n\t\t","protected":false},"excerpt":{"rendered":"<p>Home Pr\u00e9sentation des cancers des voies a\u00e9ro-digestives sup\u00e9rieures Les cancers des voies a\u00e9ro-digestives sup\u00e9rieurs (VADS) concernent les tumeurs malignes de la cavit\u00e9 buccale, du pharynx, du larynx, des fosses nasales, des glandes salivaires et du cou. Plus de 15 000 nouveaux cas de cancer des VADS sont diagnostiqu\u00e9s chaque ann\u00e9e en France. Au CHU de [&hellip;]<\/p>\n","protected":false},"author":4,"featured_media":0,"parent":0,"menu_order":0,"comment_status":"closed","ping_status":"closed","template":"","meta":{"_seopress_robots_primary_cat":"","_seopress_titles_title":"CHRU de Tours. Pr\u00e9sentation des cancers ORL.","_seopress_titles_desc":"Les cancers des voies a\u00e9ro-digestives sup\u00e9rieurs (VADS) concernent les tumeurs malignes de la cavit\u00e9 buccale, du pharynx, du larynx, des fosses nasales, des glandes salivaires et du cou. ","_seopress_robots_index":"","_exactmetrics_skip_tracking":false,"_exactmetrics_sitenote_active":false,"_exactmetrics_sitenote_note":"","_exactmetrics_sitenote_category":0,"_genesis_hide_title":false,"_genesis_hide_breadcrumbs":false,"_genesis_hide_singular_image":false,"_genesis_hide_footer_widgets":false,"_genesis_custom_body_class":"","_genesis_custom_post_class":"","_genesis_layout":"","footnotes":""},"publishpress_future_action":{"enabled":false,"date":"2026-05-07 20:09:16","action":"change-status","newStatus":"draft","terms":[],"taxonomy":""},"_links":{"self":[{"href":"https:\/\/www.chu-tours.fr\/cancerologie\/wp-json\/wp\/v2\/pages\/212"}],"collection":[{"href":"https:\/\/www.chu-tours.fr\/cancerologie\/wp-json\/wp\/v2\/pages"}],"about":[{"href":"https:\/\/www.chu-tours.fr\/cancerologie\/wp-json\/wp\/v2\/types\/page"}],"author":[{"embeddable":true,"href":"https:\/\/www.chu-tours.fr\/cancerologie\/wp-json\/wp\/v2\/users\/4"}],"replies":[{"embeddable":true,"href":"https:\/\/www.chu-tours.fr\/cancerologie\/wp-json\/wp\/v2\/comments?post=212"}],"version-history":[{"count":5,"href":"https:\/\/www.chu-tours.fr\/cancerologie\/wp-json\/wp\/v2\/pages\/212\/revisions"}],"predecessor-version":[{"id":589,"href":"https:\/\/www.chu-tours.fr\/cancerologie\/wp-json\/wp\/v2\/pages\/212\/revisions\/589"}],"wp:attachment":[{"href":"https:\/\/www.chu-tours.fr\/cancerologie\/wp-json\/wp\/v2\/media?parent=212"}],"curies":[{"name":"wp","href":"https:\/\/api.w.org\/{rel}","templated":true}]}}

<div data-elementor-type="wp-page" data-elementor-id="212" class="elementor elementor-212" data-elementor-post-type="page">
						<section class="elementor-section elementor-top-section elementor-element elementor-element-d4cd5b3 elementor-section-boxed elementor-section-height-default elementor-section-height-default" data-id="d4cd5b3" data-element_type="section">
						<div class="elementor-container elementor-column-gap-default">
					<div class="elementor-column elementor-col-100 elementor-top-column elementor-element elementor-element-ecb5ce6" data-id="ecb5ce6" data-element_type="column">
			<div class="elementor-widget-wrap">
							</div>
		</div>
					</div>
		</section>
				<section class="elementor-section elementor-top-section elementor-element elementor-element-717eb6eb elementor-section-boxed elementor-section-height-default elementor-section-height-default" data-id="717eb6eb" data-element_type="section">
						<div class="elementor-container elementor-column-gap-default">
					<div class="elementor-column elementor-col-100 elementor-top-column elementor-element elementor-element-6a5b6d50" data-id="6a5b6d50" data-element_type="column">
			<div class="elementor-widget-wrap elementor-element-populated">
						<div class="elementor-element elementor-element-1ab1a69d elementor-widget elementor-widget-heading" data-id="1ab1a69d" data-element_type="widget" data-widget_type="heading.default">
				<div class="elementor-widget-container">
			<h2 class="elementor-heading-title elementor-size-default">Présentation des cancers des voies aéro-digestives supérieures</h2>		</div>
				</div>
					</div>
		</div>
					</div>
		</section>
				<section class="elementor-section elementor-top-section elementor-element elementor-element-2b56a478 elementor-section-boxed elementor-section-height-default elementor-section-height-default" data-id="2b56a478" data-element_type="section">
						<div class="elementor-container elementor-column-gap-default">
					<div class="elementor-column elementor-col-100 elementor-top-column elementor-element elementor-element-2a73e70c" data-id="2a73e70c" data-element_type="column">
			<div class="elementor-widget-wrap elementor-element-populated">
						<div class="elementor-element elementor-element-68706a02 elementor-widget elementor-widget-text-editor" data-id="68706a02" data-element_type="widget" data-widget_type="text-editor.default">
				<div class="elementor-widget-container">
							<p>Les cancers des voies aéro-digestives supérieurs (VADS) concernent les tumeurs malignes de la cavité buccale, du pharynx, du larynx, des fosses nasales, des glandes salivaires et du cou. Plus de 15 000 nouveaux cas de cancer des VADS sont diagnostiqués chaque année en France.</p><p>Au CHU de Tours, entre 350 et 450 patients sont pris en charge chaque année pour le traitement de ces pathologies. Les facteurs de risque principaux sont la consommation d&#8217;alcool et de tabac ainsi que l&#8217;infection par le papilloma virus qui est un facteur de risque émergeant depuis une quinzaine d&#8217;années.</p><p>Les équipes impliquées dans la prise en charge de ces cancers des VADS sont :</p><ul><li>le service d&#8217;O.R.L. du CHU Bretonneau,</li><li>le service de chirurgie maxillo-faciale du C.H.U. Trousseau,</li><li>le service de radiothérapie et de chimiothérapie du C.H.U. Bretonneau.</li></ul><p>Nous disposons de moyens techniques à visée diagnostique et thérapeutique innovants et nous sommes à la pointe dans la prise en charge de cette pathologie sur le plan national. En effet sur le plan chirurgical nous avons été les premiers à réaliser des chirurgies d&#8217;exérèse de tumeur pharyngée à l&#8217;aide du robot chirurgical et ce depuis 2008 (cf photo). Plus de 150 patients ont pu être traités par cette technique en 8 ans. Le taux de trachéotomie a été diminué de 80% grâce à cette technique et la durée moyenne hospitalisation a été réduite d&#8217;1 semaine. La reconstruction après chirurgie est très importante et elle est réalisée grâce à l&#8217;utilisation de lambeaux libres en collaboration avec le service de chirurgie maxillo-faciale. Ces lambeaux sont prélevés à distance du cou, au niveau du thorax, du bras ou de la jambe. Ils apportent ainsi du tissus sains (peau, muscle, os) pour reconstruire la région ou il y avait la tumeur cancéreuse et permettre une bonne cicatrisation et un meilleur résultat esthétique et fonctionnel.</p><p>Le service de radiothérapie dispose de moyens de traitements comme le cyberknife ou la tomothérapie qui permettent d’avoir une grande précision sur les zones à traiter en limitant ainsi le plus possible l’irradiation des tissus sains. L’utilisation de nouvelles chimiothérapies et plus récemment d&#8217;immunothérapies ont permis de mieux prendre en charge les patients notamment dans le cadre de  protocole de préservation laryngée qui ont diminué le nombre de patients larungectomisés.</p><p>La rééducation de la voix est de la déglutition après chirurgie et/ou radiothérapie d&#8217;un cancer des VADS est  réalisée grâce à la présence des orthophonistes. La prise en charge psychologique est aussi possible afin d&#8217;assurer un soutien optimal des patients pendant et après le traitement de leur cancer des VADS.</p>						</div>
				</div>
					</div>
		</div>
					</div>
		</section>
				<section class="elementor-section elementor-top-section elementor-element elementor-element-5202cdbd elementor-section-boxed elementor-section-height-default elementor-section-height-default" data-id="5202cdbd" data-element_type="section">
						<div class="elementor-container elementor-column-gap-default">
					<div class="elementor-column elementor-col-100 elementor-top-column elementor-element elementor-element-73c96869" data-id="73c96869" data-element_type="column">
			<div class="elementor-widget-wrap elementor-element-populated">
						<div class="elementor-element elementor-element-50377336 elementor-widget elementor-widget-image" data-id="50377336" data-element_type="widget" data-widget_type="image.default">
				<div class="elementor-widget-container">
										<figure class="wp-caption">
										<img decoding="async" width="169" height="107" src="https://www.chu-tours.fr/cancerologie/wp-content/uploads/sites/4/2020/10/img-chirurgie-cancer-orl.jpg" class="attachment-medium size-medium wp-image-159" alt="" />											<figcaption class="widget-image-caption wp-caption-text">Chirurgie transorale à l’aide du robot chirurgical.<br />Les bras du robot et la caméra, guidés par le chirurgien,  sont placés dans la gorge du patient  pour opérer un cancer du pharynx et du larynx en évitant une grande cicatrice</figcaption>
										</figure>
							</div>
				</div>
					</div>
		</div>
					</div>
		</section>
				</div>

<p>Home Présentation des cancers des voies aéro-digestives supérieures Les cancers des voies aéro-digestives supérieurs (VADS) concernent les tumeurs malignes de la cavité buccale, du pharynx, du larynx, des fosses nasales, des glandes salivaires et du cou. Plus de 15 000 nouveaux cas de cancer des VADS sont diagnostiqués chaque année en France. Au CHU de [&hellip;]</p>

CHRU de Tours. Présentation des cancers ORL.

Les cancers des voies aéro-digestives supérieurs (VADS) concernent les tumeurs malignes de la cavité buccale, du pharynx, du larynx, des fosses nasales, des glandes salivaires et du cou.
